66.249.71.136 - - [08/Nov/2023:22:17:16 +0700] "GET / HTTP/1.1" 302 217 "-" "Mozilla/5.0 (Linux; Android 6.0.1; Nexus 5X Build/MMB29P) AppleWebKit/537.36 (KHTML, like Gecko) Chrome/119.0.6045.105 Mobile Safari/537.36 (compatible; Googlebot/2.1; +http://www.google.com/bot.html)"
66.249.71.137 - - [08/Nov/2023:22:17:24 +0700] "GET / HTTP/1.1" 302 217 "-" "Mozilla/5.0 (Linux; Android 6.0.1; Nexus 5X Build/MMB29P) AppleWebKit/537.36 (KHTML, like Gecko) Chrome/99.0.4844.84 Mobile Safari/537.36 (compatible; Googlebot/2.1; +http://www.google.com/bot.html)"
168.138.41.19 - - [08/Nov/2023:22:44:27 +0700] "GET / HTTP/1.1" 302 217 "-" "Mozilla/5.0 (Macintosh; U; Intel Mac OS X 10_6_8; en-us) AppleWebKit/534.50 (KHTML, like Gecko) Version/5.1 Safari/534.50"
116.102.36.131 - - [08/Nov/2023:23:08:51 +0700] "GET / HTTP/1.1" 302 217 "https://www.google.com/" "Mozilla/5.0 (iPhone; CPU iPhone OS 17_1 like Mac OS X) AppleWebKit/605.1.15 (KHTML, like Gecko) CriOS/119.0.6045.109 Mobile/15E148 Safari/604.1"
66.249.71.136 - - [09/Nov/2023:00:35:31 +0700] "GET / HTTP/1.1" 302 217 "-" "Mozilla/5.0 (compatible; Googlebot/2.1; +http://www.google.com/bot.html)"
66.249.71.136 - - [09/Nov/2023:00:40:54 +0700] "GET / HTTP/1.1" 302 217 "-" "Mozilla/5.0 (compatible; Googlebot/2.1; +http://www.google.com/bot.html)"
66.249.66.196 - - [09/Nov/2023:01:40:31 +0700] "GET / HTTP/1.1" 302 217 "-" "Mozilla/5.0 (compatible; Googlebot/2.1; +http://www.google.com/bot.html)"
66.249.66.194 - - [09/Nov/2023:02:40:02 +0700] "GET / HTTP/1.1" 302 217 "-" "Mozilla/5.0 (compatible; Googlebot/2.1; +http://www.google.com/bot.html)"
66.249.66.196 - - [09/Nov/2023:03:38:53 +0700] "GET /robots.txt HTTP/1.1" 302 227 "-" "Mozilla/5.0 (compatible; Googlebot/2.1; +http://www.google.com/bot.html)"
66.249.66.195 - - [09/Nov/2023:03:38:53 +0700] "GET / HTTP/1.1" 302 217 "-" "Mozilla/5.0 (compatible; Googlebot/2.1; +http://www.google.com/bot.html)"
66.249.66.194 - - [09/Nov/2023:04:37:19 +0700] "GET / HTTP/1.1" 302 217 "-" "Mozilla/5.0 (compatible; Googlebot/2.1; +http://www.google.com/bot.html)"
66.249.71.136 - - [09/Nov/2023:05:35:37 +0700] "GET / HTTP/1.1" 302 217 "-" "Mozilla/5.0 (compatible; Googlebot/2.1; +http://www.google.com/bot.html)"
66.249.66.195 - - [09/Nov/2023:06:33:48 +0700] "GET / HTTP/1.1" 302 217 "-" "Mozilla/5.0 (compatible; Googlebot/2.1; +http://www.google.com/bot.html)"
66.249.71.136 - - [09/Nov/2023:07:33:41 +0700] "GET / HTTP/1.1" 302 217 "-" "Mozilla/5.0 (compatible; Googlebot/2.1; +http://www.google.com/bot.html)"
66.249.71.136 - - [09/Nov/2023:08:32:07 +0700] "GET / HTTP/1.1" 302 217 "-" "Mozilla/5.0 (compatible; Googlebot/2.1; +http://www.google.com/bot.html)"
10.9.90.109 - - [09/Nov/2023:09:28:44 +0700] "GET / HTTP/1.1" 302 217 "https://www.google.com/" "Mozilla/5.0 (Macintosh; Intel Mac OS X 10_15_7) AppleWebKit/605.1.15 (KHTML, like Gecko) Version/17.1 Safari/605.1.15"
66.249.66.194 - - [09/Nov/2023:09:30:18 +0700] "GET / HTTP/1.1" 302 217 "-" "Mozilla/5.0 (compatible; Googlebot/2.1; +http://www.google.com/bot.html)"
66.249.71.136 - - [09/Nov/2023:10:28:38 +0700] "GET / HTTP/1.1" 302 217 "-" "Mozilla/5.0 (compatible; Googlebot/2.1; +http://www.google.com/bot.html)"
66.249.71.137 - - [09/Nov/2023:11:05:32 +0700] "GET / HTTP/1.1" 302 217 "-" "Mozilla/5.0 (Linux; Android 6.0.1; Nexus 5X Build/MMB29P) AppleWebKit/537.36 (KHTML, like Gecko) Chrome/119.0.6045.105 Mobile Safari/537.36 (compatible; Googlebot/2.1; +http://www.google.com/bot.html)"
66.249.66.196 - - [09/Nov/2023:11:26:50 +0700] "GET / HTTP/1.1" 302 217 "-" "Mozilla/5.0 (compatible; Googlebot/2.1; +http://www.google.com/bot.html)"
103.131.71.65 - - [09/Nov/2023:11:28:20 +0700] "GET /robots.txt HTTP/1.1" 302 227 "-" "Mozilla/5.0 (compatible; coccocbot-web/1.0; +http://help.coccoc.com/searchengine)"
103.131.71.156 - - [09/Nov/2023:11:28:24 +0700] "GET / HTTP/1.1" 302 217 "-" "Mozilla/5.0 (compatible; coccocbot-web/1.0; +http://help.coccoc.com/searchengine)"
66.249.66.194 - - [09/Nov/2023:12:25:05 +0700] "GET / HTTP/1.1" 302 217 "-" "Mozilla/5.0 (compatible; Googlebot/2.1; +http://www.google.com/bot.html)"
103.131.71.211 - - [09/Nov/2023:13:07:41 +0700] "GET /robots.txt HTTP/1.1" 302 227 "-" "Mozilla/5.0 (compatible; coccocbot-image/1.0; +http://help.coccoc.com/searchengine)"
103.131.71.198 - - [09/Nov/2023:13:07:43 +0700] "GET /favicon.ico HTTP/1.1" 302 228 "-" "Mozilla/5.0 (compatible; coccocbot-image/1.0; +http://help.coccoc.com/searchengine)"
66.249.71.137 - - [09/Nov/2023:13:23:58 +0700] "GET / HTTP/1.1" 302 217 "-" "Mozilla/5.0 (compatible; Googlebot/2.1; +http://www.google.com/bot.html)"
66.249.66.194 - - [09/Nov/2023:14:22:10 +0700] "GET / HTTP/1.1" 302 217 "-" "Mozilla/5.0 (compatible; Googlebot/2.1; +http://www.google.com/bot.html)"
66.249.66.195 - - [09/Nov/2023:14:26:42 +0700] "GET /ads.txt HTTP/1.1" 302 224 "-" "Mozilla/5.0 (compatible; Googlebot/2.1; +http://www.google.com/bot.html)"
66.249.66.194 - - [09/Nov/2023:15:20:49 +0700] "GET / HTTP/1.1" 302 217 "-" "Mozilla/5.0 (compatible; Googlebot/2.1; +http://www.google.com/bot.html)"
66.249.71.137 - - [09/Nov/2023:16:19:49 +0700] "GET /robots.txt HTTP/1.1" 302 227 "-" "Mozilla/5.0 (compatible; Googlebot/2.1; +http://www.google.com/bot.html)"
66.249.71.137 - - [09/Nov/2023:16:19:49 +0700] "GET / HTTP/1.1" 302 217 "-" "Mozilla/5.0 (compatible; Googlebot/2.1; +http://www.google.com/bot.html)"
66.249.66.195 - - [09/Nov/2023:17:18:04 +0700] "GET / HTTP/1.1" 302 217 "-" "Mozilla/5.0 (compatible; Googlebot/2.1; +http://www.google.com/bot.html)"
66.249.71.138 - - [09/Nov/2023:18:16:18 +0700] "GET / HTTP/1.1" 302 217 "-" "Mozilla/5.0 (compatible; Googlebot/2.1; +http://www.google.com/bot.html)"
66.249.71.138 - - [09/Nov/2023:19:14:33 +0700] "GET / HTTP/1.1" 302 217 "-" "Mozilla/5.0 (compatible; Googlebot/2.1; +http://www.google.com/bot.html)"
66.249.71.137 - - [09/Nov/2023:20:12:46 +0700] "GET / HTTP/1.1" 302 217 "-" "Mozilla/5.0 (compatible; Googlebot/2.1; +http://www.google.com/bot.html)"
66.249.66.137 - - [09/Nov/2023:21:12:13 +0700] "GET / HTTP/1.1" 302 217 "-" "Mozilla/5.0 (compatible; Googlebot/2.1; +http://www.google.com/bot.html)"
66.249.66.138 - - [09/Nov/2023:22:10:25 +0700] "GET / HTTP/1.1" 302 217 "-" "Mozilla/5.0 (compatible; Googlebot/2.1; +http://www.google.com/bot.html)"
66.249.66.138 - - [09/Nov/2023:23:08:41 +0700] "GET / HTTP/1.1" 302 217 "-" "Mozilla/5.0 (compatible; Googlebot/2.1; +http://www.google.com/bot.html)"
66.249.66.138 - - [10/Nov/2023:00:06:56 +0700] "GET / HTTP/1.1" 302 217 "-" "Mozilla/5.0 (compatible; Googlebot/2.1; +http://www.google.com/bot.html)"
66.249.71.138 - - [10/Nov/2023:01:05:26 +0700] "GET / HTTP/1.1" 302 217 "-" "Mozilla/5.0 (compatible; Googlebot/2.1; +http://www.google.com/bot.html)"
103.131.71.47 - - [10/Nov/2023:06:37:40 +0700] "GET /robots.txt HTTP/1.1" 302 227 "-" "Mozilla/5.0 (compatible; coccocbot-image/1.0; +http://help.coccoc.com/searchengine)"
91.242.195.162 - - [10/Nov/2023:08:31:03 +0700] "GET /robots.txt HTTP/1.1" 302 227 "-" "Mozilla/5.0 (compatible; NetpeakCheckerBot/3.7; +https://netpeaksoftware.com/checker)"
91.242.195.162 - - [10/Nov/2023:08:31:04 +0700] "GET /administrator/index.php:nguyenngoclinh:Utmapbean@1806201722 HTTP/1.1" 302 276 "-" "Mozilla/5.0 (compatible; NetpeakCheckerBot/3.7; +https://netpeaksoftware.com/checker)"
91.242.195.162 - - [10/Nov/2023:08:31:58 +0700] "GET /administrator/index.php:quantri:vanlang45 HTTP/1.1" 302 258 "-" "Mozilla/5.0 (compatible; NetpeakCheckerBot/3.7; +https://netpeaksoftware.com/checker)"
66.249.66.137 - - [10/Nov/2023:08:54:11 +0700] "GET /robots.txt HTTP/1.1" 302 227 "-" "Mozilla/5.0 (compatible; Googlebot/2.1; +http://www.google.com/bot.html)"
66.249.66.136 - - [10/Nov/2023:08:54:11 +0700] "GET / HTTP/1.1" 302 217 "-" "Mozilla/5.0 (compatible; Googlebot/2.1; +http://www.google.com/bot.html)"
103.131.71.182 - - [10/Nov/2023:09:30:38 +0700] "GET /robots.txt HTTP/1.1" 302 227 "-" "Mozilla/5.0 (compatible; coccocbot-web/1.0; +http://help.coccoc.com/searchengine)"
66.249.71.138 - - [10/Nov/2023:09:52:17 +0700] "GET / HTTP/1.1" 302 217 "-" "Mozilla/5.0 (compatible; Googlebot/2.1; +http://www.google.com/bot.html)"
66.249.66.136 - - [10/Nov/2023:13:57:14 +0700] "GET /ads.txt HTTP/1.1" 302 224 "-" "Mozilla/5.0 (compatible; Googlebot/2.1; +http://www.google.com/bot.html)"
66.249.71.136 - - [10/Nov/2023:14:49:20 +0700] "GET / HTTP/1.1" 302 217 "-" "Mozilla/5.0 (compatible; Googlebot/2.1; +http://www.google.com/bot.html)"
107.150.34.146 - - [10/Nov/2023:15:28:45 +0700] "GET / HTTP/1.1" 302 217 "http://xaydung.vanlanguni.edu.vn" "Mozilla/5.0 (Windows NT 10.0; Win64; x64) AppleWebKit/537.36 (KHTML, like Gecko) Chrome/115.0.0.0 Safari/537.36"
66.249.66.138 - - [10/Nov/2023:15:47:44 +0700] "GET / HTTP/1.1" 302 217 "-" "Mozilla/5.0 (compatible; Googlebot/2.1; +http://www.google.com/bot.html)"
66.249.66.137 - - [10/Nov/2023:16:47:26 +0700] "GET / HTTP/1.1" 302 217 "-" "Mozilla/5.0 (compatible; Googlebot/2.1; +http://www.google.com/bot.html)"
66.249.75.201 - - [10/Nov/2023:17:45:43 +0700] "GET / HTTP/1.1" 302 217 "-" "Mozilla/5.0 (compatible; Googlebot/2.1; +http://www.google.com/bot.html)"
66.249.71.138 - - [10/Nov/2023:18:44:24 +0700] "GET / HTTP/1.1" 302 217 "-" "Mozilla/5.0 (compatible; Googlebot/2.1; +http://www.google.com/bot.html)"
216.244.66.201 - - [10/Nov/2023:18:44:50 +0700] "GET /robots.txt HTTP/1.1" 302 227 "-" "Mozilla/5.0 (compatible; DotBot/1.2; +https://opensiteexplorer.org/dotbot; help@moz.com)"
66.249.72.6 - - [10/Nov/2023:19:42:35 +0700] "GET / HTTP/1.1" 302 217 "-" "Mozilla/5.0 (compatible; Googlebot/2.1; +http://www.google.com/bot.html)"
66.249.71.169 - - [10/Nov/2023:20:40:19 +0700] "GET / HTTP/1.1" 302 217 "-" "Mozilla/5.0 (Linux; Android 6.0.1; Nexus 5X Build/MMB29P) AppleWebKit/537.36 (KHTML, like Gecko) Chrome/119.0.6045.123 Mobile Safari/537.36 (compatible; Googlebot/2.1; +http://www.google.com/bot.html)"
66.249.71.136 - - [10/Nov/2023:20:40:48 +0700] "GET / HTTP/1.1" 302 217 "-" "Mozilla/5.0 (compatible; Googlebot/2.1; +http://www.google.com/bot.html)"
66.249.72.6 - - [10/Nov/2023:21:32:15 +0700] "GET /robots.txt HTTP/1.1" 302 227 "-" "Mozilla/5.0 (compatible; Googlebot/2.1; +http://www.google.com/bot.html)"
66.249.71.136 - - [10/Nov/2023:21:32:15 +0700] "GET / HTTP/1.1" 302 217 "-" "Mozilla/5.0 (Linux; Android 6.0.1; Nexus 5X Build/MMB29P) AppleWebKit/537.36 (KHTML, like Gecko) Chrome/119.0.6045.123 Mobile Safari/537.36 (compatible; Googlebot/2.1; +http://www.google.com/bot.html)"
66.249.72.7 - - [10/Nov/2023:21:32:16 +0700] "GET / HTTP/1.1" 302 217 "-" "Mozilla/5.0 (Linux; Android 6.0.1; Nexus 5X Build/MMB29P) AppleWebKit/537.36 (KHTML, like Gecko) Chrome/119.0.6045.123 Mobile Safari/537.36 (compatible; Googlebot/2.1; +http://www.google.com/bot.html)"
66.249.72.5 - - [10/Nov/2023:21:41:32 +0700] "GET / HTTP/1.1" 302 217 "-" "Mozilla/5.0 (compatible; Googlebot/2.1; +http://www.google.com/bot.html)"
66.249.71.136 - - [10/Nov/2023:22:39:52 +0700] "GET / HTTP/1.1" 302 217 "-" "Mozilla/5.0 (compatible; Googlebot/2.1; +http://www.google.com/bot.html)"
216.244.66.201 - - [10/Nov/2023:23:34:24 +0700] "GET /robots.txt HTTP/1.1" 302 227 "-" "Mozilla/5.0 (compatible; DotBot/1.2; +https://opensiteexplorer.org/dotbot; help@moz.com)"
66.249.72.5 - - [10/Nov/2023:23:39:01 +0700] "GET / HTTP/1.1" 302 217 "-" "Mozilla/5.0 (compatible; Googlebot/2.1; +http://www.google.com/bot.html)"
66.249.72.7 - - [11/Nov/2023:00:37:33 +0700] "GET / HTTP/1.1" 302 217 "-" "Mozilla/5.0 (compatible; Googlebot/2.1; +http://www.google.com/bot.html)"
66.249.72.7 - - [11/Nov/2023:01:35:44 +0700] "GET / HTTP/1.1" 302 217 "-" "Mozilla/5.0 (compatible; Googlebot/2.1; +http://www.google.com/bot.html)"
66.249.71.138 - - [11/Nov/2023:02:34:00 +0700] "GET / HTTP/1.1" 302 217 "-" "Mozilla/5.0 (compatible; Googlebot/2.1; +http://www.google.com/bot.html)"
66.249.72.5 - - [11/Nov/2023:03:32:10 +0700] "GET / HTTP/1.1" 302 217 "-" "Mozilla/5.0 (compatible; Googlebot/2.1; +http://www.google.com/bot.html)"
66.249.71.138 - - [11/Nov/2023:04:30:19 +0700] "GET / HTTP/1.1" 302 217 "-" "Mozilla/5.0 (compatible; Googlebot/2.1; +http://www.google.com/bot.html)"
66.249.72.5 - - [11/Nov/2023:05:30:22 +0700] "GET / HTTP/1.1" 302 217 "-" "Mozilla/5.0 (compatible; Googlebot/2.1; +http://www.google.com/bot.html)"
66.249.72.5 - - [11/Nov/2023:06:28:24 +0700] "GET / HTTP/1.1" 302 217 "-" "Mozilla/5.0 (compatible; Googlebot/2.1; +http://www.google.com/bot.html)"
66.249.71.138 - - [11/Nov/2023:07:27:49 +0700] "GET / HTTP/1.1" 302 217 "-" "Mozilla/5.0 (compatible; Googlebot/2.1; +http://www.google.com/bot.html)"
146.70.211.33 - - [11/Nov/2023:07:52:08 +0700] "GET / HTTP/1.1" 302 217 "-" "Mozilla/5.0 (iPhone; CPU iPhone OS 7_0_6 like Mac OS X) AppleWebKit/537.51.1 (KHTML, like Gecko) Version/7.0 Mobile/11B651 Safari/9537.53"
66.249.71.137 - - [11/Nov/2023:08:27:20 +0700] "GET / HTTP/1.1" 302 217 "-" "Mozilla/5.0 (compatible; Googlebot/2.1; +http://www.google.com/bot.html)"
66.249.75.202 - - [11/Nov/2023:09:26:06 +0700] "GET / HTTP/1.1" 302 217 "-" "Mozilla/5.0 (compatible; Googlebot/2.1; +http://www.google.com/bot.html)"
66.249.75.202 - - [11/Nov/2023:10:24:18 +0700] "GET /robots.txt HTTP/1.1" 302 227 "-" "Mozilla/5.0 (compatible; Googlebot/2.1; +http://www.google.com/bot.html)"
66.249.75.202 - - [11/Nov/2023:10:24:18 +0700] "GET / HTTP/1.1" 302 217 "-" "Mozilla/5.0 (compatible; Googlebot/2.1; +http://www.google.com/bot.html)"
66.249.71.138 - - [11/Nov/2023:11:22:28 +0700] "GET / HTTP/1.1" 302 217 "-" "Mozilla/5.0 (compatible; Googlebot/2.1; +http://www.google.com/bot.html)"
66.249.69.40 - - [11/Nov/2023:12:20:39 +0700] "GET / HTTP/1.1" 302 217 "-" "Mozilla/5.0 (compatible; Googlebot/2.1; +http://www.google.com/bot.html)"
66.102.8.106 - - [11/Nov/2023:12:53:26 +0700] "GET / HTTP/1.1" 302 217 "-" "Mozilla/5.0 (X11; Linux x86_64) AppleWebKit/537.36 (KHTML, like Gecko) Chrome/81.0.4044.92 Safari/537.36"
66.249.77.135 - - [11/Nov/2023:13:19:38 +0700] "GET / HTTP/1.1" 302 217 "-" "Mozilla/5.0 (compatible; Googlebot/2.1; +http://www.google.com/bot.html)"
66.249.71.138 - - [11/Nov/2023:13:22:45 +0700] "GET / HTTP/1.1" 302 217 "-" "Mozilla/5.0 (Linux; Android 6.0.1; Nexus 5X Build/MMB29P) AppleWebKit/537.36 (KHTML, like Gecko) Chrome/119.0.6045.123 Mobile Safari/537.36 (compatible; Googlebot/2.1; +http://www.google.com/bot.html)"
66.249.71.137 - - [11/Nov/2023:13:45:10 +0700] "GET / HTTP/1.1" 302 217 "-" "Mozilla/5.0 (Linux; Android 6.0.1; Nexus 5X Build/MMB29P) AppleWebKit/537.36 (KHTML, like Gecko) Chrome/119.0.6045.123 Mobile Safari/537.36 (compatible; Googlebot/2.1; +http://www.google.com/bot.html)"
66.249.77.137 - - [11/Nov/2023:13:45:13 +0700] "GET / HTTP/1.1" 302 217 "-" "Mozilla/5.0 (Linux; Android 6.0.1; Nexus 5X Build/MMB29P) AppleWebKit/537.36 (KHTML, like Gecko) Chrome/119.0.6045.123 Mobile Safari/537.36 (compatible; Googlebot/2.1; +http://www.google.com/bot.html)"
66.249.71.136 - - [11/Nov/2023:13:57:15 +0700] "GET /ads.txt HTTP/1.1" 302 224 "-" "Mozilla/5.0 (compatible; Googlebot/2.1; +http://www.google.com/bot.html)"
66.249.71.138 - - [11/Nov/2023:14:18:56 +0700] "GET / HTTP/1.1" 302 217 "-" "Mozilla/5.0 (compatible; Googlebot/2.1; +http://www.google.com/bot.html)"
66.249.71.136 - - [11/Nov/2023:15:17:03 +0700] "GET / HTTP/1.1" 302 217 "-" "Mozilla/5.0 (compatible; Googlebot/2.1; +http://www.google.com/bot.html)"
66.249.75.202 - - [11/Nov/2023:16:15:14 +0700] "GET / HTTP/1.1" 302 217 "-" "Mozilla/5.0 (compatible; Googlebot/2.1; +http://www.google.com/bot.html)"
36.99.136.137 - - [11/Nov/2023:16:24:14 +0700] "GET / HTTP/1.1" 302 217 "-" "Mozilla/5.0 (Macintosh; Intel Mac OS X 10_15_7) AppleWebKit/537.36 (KHTML, like Gecko) Chrome/96.0.4664.110 Safari/537.36"
103.131.71.28 - - [11/Nov/2023:17:40:13 +0700] "GET /robots.txt HTTP/1.1" 302 227 "-" "Mozilla/5.0 (compatible; coccocbot-image/1.0; +http://help.coccoc.com/searchengine)"
104.250.238.173 - - [11/Nov/2023:21:02:22 +0700] "GET / HTTP/1.1" 302 217 "-" "Go-http-client/1.1"
104.250.238.173 - - [11/Nov/2023:21:02:24 +0700] "GET //wp-content/plugins/classic-editor/wp-login.php HTTP/1.1" 302 263 "-" "Go-http-client/1.1"
66.249.65.9 - - [11/Nov/2023:22:13:10 +0700] "GET / HTTP/1.1" 302 217 "-" "Mozilla/5.0 (compatible; Googlebot/2.1; +http://www.google.com/bot.html)"
66.249.65.9 - - [11/Nov/2023:23:11:25 +0700] "GET /robots.txt HTTP/1.1" 302 227 "-" "Mozilla/5.0 (compatible; Googlebot/2.1; +http://www.google.com/bot.html)"
66.249.65.9 - - [11/Nov/2023:23:11:25 +0700] "GET / HTTP/1.1" 302 217 "-" "Mozilla/5.0 (compatible; Googlebot/2.1; +http://www.google.com/bot.html)"
46.30.241.42 - - [11/Nov/2023:23:57:04 +0700] "GET //wp-admin/admin-ajax.php?action=add_custom_font HTTP/1.1" 302 263 "-" "Mozilla/5.0 (Windows; U; Windows NT 5.1; en-US; rv:1.8b4) Gecko/20050908 Firefox/1.4"
46.30.241.42 - - [11/Nov/2023:23:57:08 +0700] "GET /vi/component/content/article/2-pages//wp-admin/admin-ajax.php?action=add_custom_font HTTP/1.1" 302 300 "-" "Mozilla/4.0 (compatible; MSIE 7.0b; Win32)"
103.131.71.63 - - [12/Nov/2023:03:11:30 +0700] "GET /robots.txt HTTP/1.1" 302 227 "-" "Mozilla/5.0 (compatible; coccocbot-web/1.0; +http://help.coccoc.com/searchengine)"
66.249.65.9 - - [12/Nov/2023:04:27:25 +0700] "GET / HTTP/1.1" 302 217 "-" "Mozilla/5.0 (compatible; Googlebot/2.1; +http://www.google.com/bot.html)"
66.249.65.9 - - [12/Nov/2023:05:26:41 +0700] "GET / HTTP/1.1" 302 217 "-" "Mozilla/5.0 (compatible; Googlebot/2.1; +http://www.google.com/bot.html)"
103.131.71.18 - - [12/Nov/2023:06:32:21 +0700] "GET /robots.txt HTTP/1.1" 302 227 "-" "Mozilla/5.0 (compatible; coccocbot-image/1.0; +http://help.coccoc.com/searchengine)"
66.249.65.10 - - [12/Nov/2023:11:10:04 +0700] "GET / HTTP/1.1" 302 217 "-" "Mozilla/5.0 (compatible; Googlebot/2.1; +http://www.google.com/bot.html)"
66.249.65.9 - - [12/Nov/2023:12:09:00 +0700] "GET /robots.txt HTTP/1.1" 302 227 "-" "Mozilla/5.0 (compatible; Googlebot/2.1; +http://www.google.com/bot.html)"
66.249.65.10 - - [12/Nov/2023:12:09:01 +0700] "GET / HTTP/1.1" 302 217 "-" "Mozilla/5.0 (compatible; Googlebot/2.1; +http://www.google.com/bot.html)"
66.249.71.137 - - [12/Nov/2023:13:27:30 +0700] "GET /ads.txt HTTP/1.1" 302 224 "-" "Mozilla/5.0 (compatible; Googlebot/2.1; +http://www.google.com/bot.html)"
122.199.30.3 - - [12/Nov/2023:14:53:59 +0700] "GET / HTTP/1.1" 302 217 "https://www.google.com.au/" "Mozilla/5.0 (iPhone; CPU iPhone OS 16_6_1 like Mac OS X) AppleWebKit/605.1.15 (KHTML, like Gecko) Version/16.6 Mobile/15E148 Safari/604.1"
66.249.65.11 - - [12/Nov/2023:17:09:38 +0700] "GET / HTTP/1.1" 302 217 "-" "Mozilla/5.0 (compatible; Googlebot/2.1; +http://www.google.com/bot.html)"
66.249.71.138 - - [12/Nov/2023:18:07:58 +0700] "GET / HTTP/1.1" 302 217 "-" "Mozilla/5.0 (compatible; Googlebot/2.1; +http://www.google.com/bot.html)"
66.249.66.138 - - [12/Nov/2023:19:06:10 +0700] "GET / HTTP/1.1" 302 217 "-" "Mozilla/5.0 (compatible; Googlebot/2.1; +http://www.google.com/bot.html)"
66.249.71.138 - - [12/Nov/2023:20:04:21 +0700] "GET / HTTP/1.1" 302 217 "-" "Mozilla/5.0 (compatible; Googlebot/2.1; +http://www.google.com/bot.html)"
66.249.66.138 - - [13/Nov/2023:01:51:05 +0700] "GET /robots.txt HTTP/1.1" 302 227 "-" "Mozilla/5.0 (compatible; Googlebot/2.1; +http://www.google.com/bot.html)"
66.249.66.138 - - [13/Nov/2023:01:51:06 +0700] "GET / HTTP/1.1" 302 217 "-" "Mozilla/5.0 (compatible; Googlebot/2.1; +http://www.google.com/bot.html)"
66.249.71.136 - - [13/Nov/2023:02:50:22 +0700] "GET / HTTP/1.1" 302 217 "-" "Mozilla/5.0 (compatible; Googlebot/2.1; +http://www.google.com/bot.html)"
103.131.71.182 - - [13/Nov/2023:03:26:22 +0700] "GET /robots.txt HTTP/1.1" 302 227 "-" "Mozilla/5.0 (compatible; coccocbot-web/1.0; +http://help.coccoc.com/searchengine)"
103.131.71.83 - - [13/Nov/2023:03:26:24 +0700] "GET / HTTP/1.1" 302 217 "-" "Mozilla/5.0 (compatible; coccocbot-web/1.0; +http://help.coccoc.com/searchengine)"
66.249.66.136 - - [13/Nov/2023:08:14:18 +0700] "GET / HTTP/1.1" 302 217 "-" "Mozilla/5.0 (compatible; Googlebot/2.1; +http://www.google.com/bot.html)"
66.249.66.138 - - [13/Nov/2023:09:13:17 +0700] "GET / HTTP/1.1" 302 217 "-" "Mozilla/5.0 (compatible; Googlebot/2.1; +http://www.google.com/bot.html)"
103.131.71.238 - - [13/Nov/2023:10:43:46 +0700] "GET /robots.txt HTTP/1.1" 302 227 "-" "Mozilla/5.0 (compatible; coccocbot-web/1.0; +http://help.coccoc.com/searchengine)"
66.249.71.137 - - [13/Nov/2023:12:57:59 +0700] "GET /ads.txt HTTP/1.1" 302 224 "-" "Mozilla/5.0 (compatible; Googlebot/2.1; +http://www.google.com/bot.html)"
66.249.66.137 - - [13/Nov/2023:13:38:35 +0700] "GET / HTTP/1.1" 302 217 "-" "Mozilla/5.0 (Linux; Android 6.0.1; Nexus 5X Build/MMB29P) AppleWebKit/537.36 (KHTML, like Gecko) Chrome/119.0.6045.123 Mobile Safari/537.36 (compatible; Googlebot/2.1; +http://www.google.com/bot.html)"
66.249.71.136 - - [13/Nov/2023:13:38:50 +0700] "GET / HTTP/1.1" 302 217 "-" "Mozilla/5.0 (compatible; Googlebot/2.1; +http://www.google.com/bot.html)"
66.249.66.138 - - [13/Nov/2023:14:25:48 +0700] "GET /robots.txt HTTP/1.1" 302 227 "-" "Mozilla/5.0 (compatible; Googlebot/2.1; +http://www.google.com/bot.html)"
66.249.66.136 - - [13/Nov/2023:14:25:49 +0700] "GET / HTTP/1.1" 302 217 "-" "Mozilla/5.0 (compatible; Googlebot/2.1; +http://www.google.com/bot.html)"
66.249.66.138 - - [13/Nov/2023:15:24:50 +0700] "GET / HTTP/1.1" 302 217 "-" "Mozilla/5.0 (compatible; Googlebot/2.1; +http://www.google.com/bot.html)"
103.131.71.51 - - [13/Nov/2023:15:30:44 +0700] "GET /robots.txt HTTP/1.1" 302 227 "-" "Mozilla/5.0 (compatible; coccocbot-image/1.0; +http://help.coccoc.com/searchengine)"
66.249.71.137 - - [13/Nov/2023:20:58:06 +0700] "GET / HTTP/1.1" 302 217 "-" "Mozilla/5.0 (compatible; Googlebot/2.1; +http://www.google.com/bot.html)"
66.249.66.136 - - [13/Nov/2023:21:30:33 +0700] "GET / HTTP/1.1" 302 217 "-" "Mozilla/5.0 (Linux; Android 6.0.1; Nexus 5X Build/MMB29P) AppleWebKit/537.36 (KHTML, like Gecko) Chrome/119.0.6045.123 Mobile Safari/537.36 (compatible; Googlebot/2.1; +http://www.google.com/bot.html)"
66.249.71.136 - - [13/Nov/2023:21:53:03 +0700] "GET / HTTP/1.1" 302 217 "-" "Mozilla/5.0 (Linux; Android 6.0.1; Nexus 5X Build/MMB29P) AppleWebKit/537.36 (KHTML, like Gecko) Chrome/119.0.6045.123 Mobile Safari/537.36 (compatible; Googlebot/2.1; +http://www.google.com/bot.html)"
66.249.66.137 - - [13/Nov/2023:21:53:04 +0700] "GET / HTTP/1.1" 302 217 "-" "Mozilla/5.0 (Linux; Android 6.0.1; Nexus 5X Build/MMB29P) AppleWebKit/537.36 (KHTML, like Gecko) Chrome/119.0.6045.123 Mobile Safari/537.36 (compatible; Googlebot/2.1; +http://www.google.com/bot.html)"
66.249.66.137 - - [13/Nov/2023:21:58:16 +0700] "GET / HTTP/1.1" 302 217 "-" "Mozilla/5.0 (compatible; Googlebot/2.1; +http://www.google.com/bot.html)"
66.249.66.138 - - [14/Nov/2023:03:37:34 +0700] "GET /robots.txt HTTP/1.1" 302 227 "-" "Mozilla/5.0 (compatible; Googlebot/2.1; +http://www.google.com/bot.html)"
66.249.66.138 - - [14/Nov/2023:03:37:34 +0700] "GET / HTTP/1.1" 302 217 "-" "Mozilla/5.0 (compatible; Googlebot/2.1; +http://www.google.com/bot.html)"
66.249.71.138 - - [14/Nov/2023:03:50:32 +0700] "GET / HTTP/1.1" 302 217 "-" "Mozilla/5.0 (compatible; Googlebot/2.1; +http://www.google.com/bot.html)"
66.249.66.137 - - [14/Nov/2023:04:49:59 +0700] "GET / HTTP/1.1" 302 217 "-" "Mozilla/5.0 (compatible; Googlebot/2.1; +http://www.google.com/bot.html)"
66.249.71.136 - - [14/Nov/2023:05:48:36 +0700] "GET / HTTP/1.1" 302 217 "-" "Mozilla/5.0 (compatible; Googlebot/2.1; +http://www.google.com/bot.html)"
14.240.73.53 - - [14/Nov/2023:05:54:55 +0700] "GET / HTTP/1.1" 302 217 "https://www.google.com.vn/" "Mozilla/5.0 (iPhone; CPU iPhone OS 14_2 like Mac OS X) AppleWebKit/605.1.15 (KHTML, like Gecko) Version/14.0.1 Mobile/15E148 Safari/604.1"
103.131.71.57 - - [14/Nov/2023:06:26:45 +0700] "GET /robots.txt HTTP/1.1" 302 227 "-" "Mozilla/5.0 (compatible; coccocbot-web/1.0; +http://help.coccoc.com/searchengine)"
103.131.71.160 - - [14/Nov/2023:06:26:47 +0700] "GET / HTTP/1.1" 302 217 "-" "Mozilla/5.0 (compatible; coccocbot-web/1.0; +http://help.coccoc.com/searchengine)"
66.249.66.138 - - [14/Nov/2023:11:03:11 +0700] "GET / HTTP/1.1" 302 217 "-" "Mozilla/5.0 (compatible; Googlebot/2.1; +http://www.google.com/bot.html)"
66.249.66.138 - - [14/Nov/2023:12:02:26 +0700] "GET / HTTP/1.1" 302 217 "-" "Mozilla/5.0 (compatible; Googlebot/2.1; +http://www.google.com/bot.html)"
66.249.66.138 - - [14/Nov/2023:12:28:15 +0700] "GET /ads.txt HTTP/1.1" 302 224 "-" "Mozilla/5.0 (compatible; Googlebot/2.1; +http://www.google.com/bot.html)"
66.249.71.137 - - [14/Nov/2023:16:36:58 +0700] "GET /robots.txt HTTP/1.1" 302 227 "-" "Mozilla/5.0 (compatible; Googlebot/2.1; +http://www.google.com/bot.html)"
66.249.66.137 - - [14/Nov/2023:16:36:58 +0700] "GET / HTTP/1.1" 302 217 "-" "Mozilla/5.0 (compatible; Googlebot/2.1; +http://www.google.com/bot.html)"
66.249.71.137 - - [14/Nov/2023:17:36:18 +0700] "GET / HTTP/1.1" 302 217 "-" "Mozilla/5.0 (compatible; Googlebot/2.1; +http://www.google.com/bot.html)"
66.249.65.10 - - [14/Nov/2023:18:36:26 +0700] "GET / HTTP/1.1" 302 217 "-" "Mozilla/5.0 (compatible; Googlebot/2.1; +http://www.google.com/bot.html)"
66.249.65.10 - - [14/Nov/2023:19:35:16 +0700] "GET / HTTP/1.1" 302 217 "-" "Mozilla/5.0 (compatible; Googlebot/2.1; +http://www.google.com/bot.html)"
66.249.71.138 - - [14/Nov/2023:20:33:27 +0700] "GET / HTTP/1.1" 302 217 "-" "Mozilla/5.0 (compatible; Googlebot/2.1; +http://www.google.com/bot.html)"
103.131.71.25 - - [15/Nov/2023:00:04:00 +0700] "GET /robots.txt HTTP/1.1" 302 227 "-" "Mozilla/5.0 (compatible; coccocbot-image/1.0; +http://help.coccoc.com/searchengine)"
66.249.71.136 - - [15/Nov/2023:00:55:17 +0700] "GET / HTTP/1.1" 302 217 "-" "Mozilla/5.0 (compatible; Googlebot/2.1; +http://www.google.com/bot.html)"
66.249.71.137 - - [15/Nov/2023:01:54:57 +0700] "GET / HTTP/1.1" 302 217 "-" "Mozilla/5.0 (compatible; Googlebot/2.1; +http://www.google.com/bot.html)"
66.249.71.136 - - [15/Nov/2023:06:51:57 +0700] "GET /robots.txt HTTP/1.1" 302 227 "-" "Mozilla/5.0 (compatible; Googlebot/2.1; +http://www.google.com/bot.html)"
66.249.65.9 - - [15/Nov/2023:06:51:58 +0700] "GET / HTTP/1.1" 302 217 "-" "Mozilla/5.0 (compatible; Googlebot/2.1; +http://www.google.com/bot.html)"
66.249.65.10 - - [15/Nov/2023:07:51:16 +0700] "GET / HTTP/1.1" 302 217 "-" "Mozilla/5.0 (compatible; Googlebot/2.1; +http://www.google.com/bot.html)"
66.249.65.10 - - [15/Nov/2023:08:49:29 +0700] "GET / HTTP/1.1" 302 217 "-" "Mozilla/5.0 (compatible; Googlebot/2.1; +http://www.google.com/bot.html)"
40.122.104.212 - - [15/Nov/2023:09:49:34 +0700] "GET /robots.txt HTTP/1.1" 302 227 "-" "Mozilla/5.0 (Windows NT 10.0; Win64; x64) AppleWebKit/537.36 (KHTML, like Gecko) Chrome/90.0.4430.24 Safari/537.36"
103.131.71.39 - - [15/Nov/2023:10:07:46 +0700] "GET /robots.txt HTTP/1.1" 302 227 "-" "Mozilla/5.0 (compatible; coccocbot-image/1.0; +http://help.coccoc.com/searchengine)"
42.115.115.141 - - [15/Nov/2023:10:25:10 +0700] "GET / HTTP/1.1" 302 217 "https://www.google.com/url?q=http://xaydung.vanlanguni.edu.vn/&sa=U&sqi=2&ved=2ahUKEwjssdW_j8WCAxVTiVYBHdwhCyUQFnoECBAQAQ&usg=AOvVaw1KOUIcmpoS7JP01bsPLQUI" "Mozilla/5.0 (iPhone; CPU iPhone OS 16_6 like Mac OS X) AppleWebKit/605.1.15 (KHTML, like Gecko) GSA/233.0.478398274 Mobile/15E148 Safari/604.1"
66.249.65.9 - - [15/Nov/2023:11:59:23 +0700] "GET /ads.txt HTTP/1.1" 302 224 "-" "Mozilla/5.0 (compatible; Googlebot/2.1; +http://www.google.com/bot.html)"
42.115.115.141 - - [15/Nov/2023:12:28:38 +0700] "GET / HTTP/1.1" 302 217 "https://www.google.com/url?q=http://xaydung.vanlanguni.edu.vn/&sa=U&sqi=2&ved=2ahUKEwi1yYeNq8WCAxX7h1YBHbqMBf0QFnoECA8QAQ&usg=AOvVaw0jMHzYi3_-Ka64eOaX-nN7" "Mozilla/5.0 (iPhone; CPU iPhone OS 16_6 like Mac OS X) AppleWebKit/605.1.15 (KHTML, like Gecko) GSA/233.0.478398274 Mobile/15E148 Safari/604.1"
140.83.61.51 - - [15/Nov/2023:13:57:02 +0700] "GET /wp-content/uploads/ HTTP/1.1" 302 236 "www.google.com" "Mozlila/5.0 (Linux; Android 7.0; SM-G892A Bulid/NRD90M; wv) AppleWebKit/537.36 (KHTML, like Gecko) Version/4.0 Chrome/60.0.3112.107 Moblie Safari/537.36"
140.83.61.51 - - [15/Nov/2023:13:57:03 +0700] "GET /wp-includes/ HTTP/1.1" 302 229 "www.google.com" "Mozlila/5.0 (Linux; Android 7.0; SM-G892A Bulid/NRD90M; wv) AppleWebKit/537.36 (KHTML, like Gecko) Version/4.0 Chrome/60.0.3112.107 Moblie Safari/537.36"
140.83.61.51 - - [15/Nov/2023:13:57:04 +0700] "GET /wp-includes/css/ HTTP/1.1" 302 233 "www.google.com" "Mozlila/5.0 (Linux; Android 7.0; SM-G892A Bulid/NRD90M; wv) AppleWebKit/537.36 (KHTML, like Gecko) Version/4.0 Chrome/60.0.3112.107 Moblie Safari/537.36"
140.83.61.51 - - [15/Nov/2023:13:57:05 +0700] "GET /wp-includes/ID3/ HTTP/1.1" 302 233 "www.google.com" "Mozlila/5.0 (Linux; Android 7.0; SM-G892A Bulid/NRD90M; wv) AppleWebKit/537.36 (KHTML, like Gecko) Version/4.0 Chrome/60.0.3112.107 Moblie Safari/537.36"
66.249.65.9 - - [15/Nov/2023:13:57:06 +0700] "GET / HTTP/1.1" 302 217 "-" "Mozilla/5.0 (compatible; Googlebot/2.1; +http://www.google.com/bot.html)"
140.83.61.51 - - [15/Nov/2023:13:57:06 +0700] "GET /wp-includes/IXR/ HTTP/1.1" 302 233 "www.google.com" "Mozlila/5.0 (Linux; Android 7.0; SM-G892A Bulid/NRD90M; wv) AppleWebKit/537.36 (KHTML, like Gecko) Version/4.0 Chrome/60.0.3112.107 Moblie Safari/537.36"
140.83.61.51 - - [15/Nov/2023:13:57:08 +0700] "GET /wp-includes/Requests/ HTTP/1.1" 302 238 "www.google.com" "Mozlila/5.0 (Linux; Android 7.0; SM-G892A Bulid/NRD90M; wv) AppleWebKit/537.36 (KHTML, like Gecko) Version/4.0 Chrome/60.0.3112.107 Moblie Safari/537.36"
140.83.61.51 - - [15/Nov/2023:13:57:11 +0700] "GET /wp-includes/SimplePie/ HTTP/1.1" 302 239 "www.google.com" "Mozlila/5.0 (Linux; Android 7.0; SM-G892A Bulid/NRD90M; wv) AppleWebKit/537.36 (KHTML, like Gecko) Version/4.0 Chrome/60.0.3112.107 Moblie Safari/537.36"
140.83.61.51 - - [15/Nov/2023:13:57:12 +0700] "GET /wp-includes/Text/ HTTP/1.1" 302 234 "www.google.com" "Mozlila/5.0 (Linux; Android 7.0; SM-G892A Bulid/NRD90M; wv) AppleWebKit/537.36 (KHTML, like Gecko) Version/4.0 Chrome/60.0.3112.107 Moblie Safari/537.36"
140.83.61.51 - - [15/Nov/2023:13:57:14 +0700] "GET /wp-content/mu-plugins-old/ HTTP/1.1" 302 243 "www.google.com" "Mozlila/5.0 (Linux; Android 7.0; SM-G892A Bulid/NRD90M; wv) AppleWebKit/537.36 (KHTML, like Gecko) Version/4.0 Chrome/60.0.3112.107 Moblie Safari/537.36"
140.83.61.51 - - [15/Nov/2023:13:57:15 +0700] "GET /wp-content/themes/classic/inc/ HTTP/1.1" 302 247 "www.google.com" "Mozlila/5.0 (Linux; Android 7.0; SM-G892A Bulid/NRD90M; wv) AppleWebKit/537.36 (KHTML, like Gecko) Version/4.0 Chrome/60.0.3112.107 Moblie Safari/537.36"
140.83.61.51 - - [15/Nov/2023:13:57:17 +0700] "GET /wp-content/plugins/ninja-forms/ HTTP/1.1" 302 248 "www.google.com" "Mozlila/5.0 (Linux; Android 7.0; SM-G892A Bulid/NRD90M; wv) AppleWebKit/537.36 (KHTML, like Gecko) Version/4.0 Chrome/60.0.3112.107 Moblie Safari/537.36"
140.83.61.51 - - [15/Nov/2023:13:57:18 +0700] "GET /wp-content/mu-plugins/ HTTP/1.1" 302 239 "www.google.com" "Mozlila/5.0 (Linux; Android 7.0; SM-G892A Bulid/NRD90M; wv) AppleWebKit/537.36 (KHTML, like Gecko) Version/4.0 Chrome/60.0.3112.107 Moblie Safari/537.36"
140.83.61.51 - - [15/Nov/2023:13:57:19 +0700] "GET /wp-includes/Text/Diff/Renderer/ HTTP/1.1" 302 248 "www.google.com" "Mozlila/5.0 (Linux; Android 7.0; SM-G892A Bulid/NRD90M; wv) AppleWebKit/537.36 (KHTML, like Gecko) Version/4.0 Chrome/60.0.3112.107 Moblie Safari/537.36"
140.83.61.51 - - [15/Nov/2023:13:57:21 +0700] "GET /wp-includes/blocks/ HTTP/1.1" 302 236 "www.google.com" "Mozlila/5.0 (Linux; Android 7.0; SM-G892A Bulid/NRD90M; wv) AppleWebKit/537.36 (KHTML, like Gecko) Version/4.0 Chrome/60.0.3112.107 Moblie Safari/537.36"
140.83.61.51 - - [15/Nov/2023:13:57:22 +0700] "GET /wp-includes/certificates/ HTTP/1.1" 302 242 "www.google.com" "Mozlila/5.0 (Linux; Android 7.0; SM-G892A Bulid/NRD90M; wv) AppleWebKit/537.36 (KHTML, like Gecko) Version/4.0 Chrome/60.0.3112.107 Moblie Safari/537.36"
140.83.61.51 - - [15/Nov/2023:13:57:24 +0700] "GET /wp-includes/customize/ HTTP/1.1" 302 239 "www.google.com" "Mozlila/5.0 (Linux; Android 7.0; SM-G892A Bulid/NRD90M; wv) AppleWebKit/537.36 (KHTML, like Gecko) Version/4.0 Chrome/60.0.3112.107 Moblie Safari/537.36"
140.83.61.51 - - [15/Nov/2023:13:57:25 +0700] "GET /wp-includes/fonts/ HTTP/1.1" 302 235 "www.google.com" "Mozlila/5.0 (Linux; Android 7.0; SM-G892A Bulid/NRD90M; wv) AppleWebKit/537.36 (KHTML, like Gecko) Version/4.0 Chrome/60.0.3112.107 Moblie Safari/537.36"
140.83.61.51 - - [15/Nov/2023:13:57:26 +0700] "GET /wp-includes/images/ HTTP/1.1" 302 236 "www.google.com" "Mozlila/5.0 (Linux; Android 7.0; SM-G892A Bulid/NRD90M; wv) AppleWebKit/537.36 (KHTML, like Gecko) Version/4.0 Chrome/60.0.3112.107 Moblie Safari/537.36"
140.83.61.51 - - [15/Nov/2023:13:57:27 +0700] "GET /.well-known/ HTTP/1.1" 302 229 "www.google.com" "Mozlila/5.0 (Linux; Android 7.0; SM-G892A Bulid/NRD90M; wv) AppleWebKit/537.36 (KHTML, like Gecko) Version/4.0 Chrome/60.0.3112.107 Moblie Safari/537.36"
140.83.61.51 - - [15/Nov/2023:13:57:28 +0700] "GET /ALFA_DATA/ HTTP/1.1" 302 227 "www.google.com" "Mozlila/5.0 (Linux; Android 7.0; SM-G892A Bulid/NRD90M; wv) AppleWebKit/537.36 (KHTML, like Gecko) Version/4.0 Chrome/60.0.3112.107 Moblie Safari/537.36"
140.83.61.51 - - [15/Nov/2023:13:57:29 +0700] "GET /.well-knownold/ HTTP/1.1" 302 232 "www.google.com" "Mozlila/5.0 (Linux; Android 7.0; SM-G892A Bulid/NRD90M; wv) AppleWebKit/537.36 (KHTML, like Gecko) Version/4.0 Chrome/60.0.3112.107 Moblie Safari/537.36"
140.83.61.51 - - [15/Nov/2023:13:57:30 +0700] "GET /.well-known/acme-challenge/ HTTP/1.1" 302 244 "www.google.com" "Mozlila/5.0 (Linux; Android 7.0; SM-G892A Bulid/NRD90M; wv) AppleWebKit/537.36 (KHTML, like Gecko) Version/4.0 Chrome/60.0.3112.107 Moblie Safari/537.36"
140.83.61.51 - - [15/Nov/2023:13:57:31 +0700] "GET /.well-known/ HTTP/1.1" 302 229 "www.google.com" "Mozlila/5.0 (Linux; Android 7.0; SM-G892A Bulid/NRD90M; wv) AppleWebKit/537.36 (KHTML, like Gecko) Version/4.0 Chrome/60.0.3112.107 Moblie Safari/537.36"
140.83.61.51 - - [15/Nov/2023:13:57:32 +0700] "GET /cgi-bin/ HTTP/1.1" 302 225 "www.google.com" "Mozlila/5.0 (Linux; Android 7.0; SM-G892A Bulid/NRD90M; wv) AppleWebKit/537.36 (KHTML, like Gecko) Version/4.0 Chrome/60.0.3112.107 Moblie Safari/537.36"
140.83.61.51 - - [15/Nov/2023:13:57:33 +0700] "GET /ALFA_DATA/ HTTP/1.1" 302 227 "www.google.com" "Mozlila/5.0 (Linux; Android 7.0; SM-G892A Bulid/NRD90M; wv) AppleWebKit/537.36 (KHTML, like Gecko) Version/4.0 Chrome/60.0.3112.107 Moblie Safari/537.36"
140.83.61.51 - - [15/Nov/2023:13:57:35 +0700] "GET /.well-knownold/ HTTP/1.1" 302 232 "www.google.com" "Mozlila/5.0 (Linux; Android 7.0; SM-G892A Bulid/NRD90M; wv) AppleWebKit/537.36 (KHTML, like Gecko) Version/4.0 Chrome/60.0.3112.107 Moblie Safari/537.36"
140.83.61.51 - - [15/Nov/2023:13:57:36 +0700] "GET /.well-known/acme-challenge/ HTTP/1.1" 302 244 "www.google.com" "Mozlila/5.0 (Linux; Android 7.0; SM-G892A Bulid/NRD90M; wv) AppleWebKit/537.36 (KHTML, like Gecko) Version/4.0 Chrome/60.0.3112.107 Moblie Safari/537.36"
140.83.61.51 - - [15/Nov/2023:13:57:37 +0700] "GET /.well-known/ HTTP/1.1" 302 229 "www.google.com" "Mozlila/5.0 (Linux; Android 7.0; SM-G892A Bulid/NRD90M; wv) AppleWebKit/537.36 (KHTML, like Gecko) Version/4.0 Chrome/60.0.3112.107 Moblie Safari/537.36"
140.83.61.51 - - [15/Nov/2023:13:57:38 +0700] "GET /uploads/ HTTP/1.1" 302 225 "www.google.com" "Mozlila/5.0 (Linux; Android 7.0; SM-G892A Bulid/NRD90M; wv) AppleWebKit/537.36 (KHTML, like Gecko) Version/4.0 Chrome/60.0.3112.107 Moblie Safari/537.36"
140.83.61.51 - - [15/Nov/2023:13:57:39 +0700] "GET /upload/ HTTP/1.1" 302 224 "www.google.com" "Mozlila/5.0 (Linux; Android 7.0; SM-G892A Bulid/NRD90M; wv) AppleWebKit/537.36 (KHTML, like Gecko) Version/4.0 Chrome/60.0.3112.107 Moblie Safari/537.36"
140.83.61.51 - - [15/Nov/2023:13:57:40 +0700] "GET /admin/uploads/ HTTP/1.1" 302 231 "www.google.com" "Mozlila/5.0 (Linux; Android 7.0; SM-G892A Bulid/NRD90M; wv) AppleWebKit/537.36 (KHTML, like Gecko) Version/4.0 Chrome/60.0.3112.107 Moblie Safari/537.36"
140.83.61.51 - - [15/Nov/2023:13:57:41 +0700] "GET /Admin/uploads/ HTTP/1.1" 302 231 "www.google.com" "Mozlila/5.0 (Linux; Android 7.0; SM-G892A Bulid/NRD90M; wv) AppleWebKit/537.36 (KHTML, like Gecko) Version/4.0 Chrome/60.0.3112.107 Moblie Safari/537.36"
140.83.61.51 - - [15/Nov/2023:13:57:42 +0700] "GET /admin/ HTTP/1.1" 302 223 "www.google.com" "Mozlila/5.0 (Linux; Android 7.0; SM-G892A Bulid/NRD90M; wv) AppleWebKit/537.36 (KHTML, like Gecko) Version/4.0 Chrome/60.0.3112.107 Moblie Safari/537.36"
140.83.61.51 - - [15/Nov/2023:13:57:43 +0700] "GET /images/ HTTP/1.1" 302 224 "www.google.com" "Mozlila/5.0 (Linux; Android 7.0; SM-G892A Bulid/NRD90M; wv) AppleWebKit/537.36 (KHTML, like Gecko) Version/4.0 Chrome/60.0.3112.107 Moblie Safari/537.36"
140.83.61.51 - - [15/Nov/2023:13:57:45 +0700] "GET /assets/ HTTP/1.1" 302 224 "www.google.com" "Mozlila/5.0 (Linux; Android 7.0; SM-G892A Bulid/NRD90M; wv) AppleWebKit/537.36 (KHTML, like Gecko) Version/4.0 Chrome/60.0.3112.107 Moblie Safari/537.36"
140.83.61.51 - - [15/Nov/2023:13:57:46 +0700] "GET /vendor/phpunit/phpunit/src/Util/PHP/ HTTP/1.1" 302 253 "www.google.com" "Mozlila/5.0 (Linux; Android 7.0; SM-G892A Bulid/NRD90M; wv) AppleWebKit/537.36 (KHTML, like Gecko) Version/4.0 Chrome/60.0.3112.107 Moblie Safari/537.36"
140.83.61.51 - - [15/Nov/2023:13:57:48 +0700] "GET /upload/image/ HTTP/1.1" 302 230 "www.google.com" "Mozlila/5.0 (Linux; Android 7.0; SM-G892A Bulid/NRD90M; wv) AppleWebKit/537.36 (KHTML, like Gecko) Version/4.0 Chrome/60.0.3112.107 Moblie Safari/537.36"
140.83.61.51 - - [15/Nov/2023:13:57:49 +0700] "GET /assets/images/ HTTP/1.1" 302 231 "www.google.com" "Mozlila/5.0 (Linux; Android 7.0; SM-G892A Bulid/NRD90M; wv) AppleWebKit/537.36 (KHTML, like Gecko) Version/4.0 Chrome/60.0.3112.107 Moblie Safari/537.36"
140.83.61.51 - - [15/Nov/2023:13:57:50 +0700] "GET /Public/ HTTP/1.1" 302 224 "www.google.com" "Mozlila/5.0 (Linux; Android 7.0; SM-G892A Bulid/NRD90M; wv) AppleWebKit/537.36 (KHTML, like Gecko) Version/4.0 Chrome/60.0.3112.107 Moblie Safari/537.36"
140.83.61.51 - - [15/Nov/2023:13:57:52 +0700] "GET /vendor/ HTTP/1.1" 302 224 "www.google.com" "Mozlila/5.0 (Linux; Android 7.0; SM-G892A Bulid/NRD90M; wv) AppleWebKit/537.36 (KHTML, like Gecko) Version/4.0 Chrome/60.0.3112.107 Moblie Safari/537.36"
140.83.61.51 - - [15/Nov/2023:13:57:53 +0700] "GET /local/ HTTP/1.1" 302 223 "www.google.com" "Mozlila/5.0 (Linux; Android 7.0; SM-G892A Bulid/NRD90M; wv) AppleWebKit/537.36 (KHTML, like Gecko) Version/4.0 Chrome/60.0.3112.107 Moblie Safari/537.36"
140.83.61.51 - - [15/Nov/2023:13:57:54 +0700] "GET /modules/ HTTP/1.1" 302 225 "www.google.com" "Mozlila/5.0 (Linux; Android 7.0; SM-G892A Bulid/NRD90M; wv) AppleWebKit/537.36 (KHTML, like Gecko) Version/4.0 Chrome/60.0.3112.107 Moblie Safari/537.36"
140.83.61.51 - - [15/Nov/2023:13:57:56 +0700] "GET /Site/ HTTP/1.1" 302 222 "www.google.com" "Mozlila/5.0 (Linux; Android 7.0; SM-G892A Bulid/NRD90M; wv) AppleWebKit/537.36 (KHTML, like Gecko) Version/4.0 Chrome/60.0.3112.107 Moblie Safari/537.36"
140.83.61.51 - - [15/Nov/2023:13:57:57 +0700] "GET /system/ HTTP/1.1" 302 224 "www.google.com" "Mozlila/5.0 (Linux; Android 7.0; SM-G892A Bulid/NRD90M; wv) AppleWebKit/537.36 (KHTML, like Gecko) Version/4.0 Chrome/60.0.3112.107 Moblie Safari/537.36"
140.83.61.51 - - [15/Nov/2023:13:57:58 +0700] "GET /template/ HTTP/1.1" 302 226 "www.google.com" "Mozlila/5.0 (Linux; Android 7.0; SM-G892A Bulid/NRD90M; wv) AppleWebKit/537.36 (KHTML, like Gecko) Version/4.0 Chrome/60.0.3112.107 Moblie Safari/537.36"
140.83.61.51 - - [15/Nov/2023:13:58:00 +0700] "GET /shop/ HTTP/1.1" 302 222 "www.google.com" "Mozlila/5.0 (Linux; Android 7.0; SM-G892A Bulid/NRD90M; wv) AppleWebKit/537.36 (KHTML, like Gecko) Version/4.0 Chrome/60.0.3112.107 Moblie Safari/537.36"
140.83.61.51 - - [15/Nov/2023:13:58:01 +0700] "GET /files/ HTTP/1.1" 302 223 "www.google.com" "Mozlila/5.0 (Linux; Android 7.0; SM-G892A Bulid/NRD90M; wv) AppleWebKit/537.36 (KHTML, like Gecko) Version/4.0 Chrome/60.0.3112.107 Moblie Safari/537.36"
140.83.61.51 - - [15/Nov/2023:13:58:02 +0700] "GET /admin/editor/ HTTP/1.1" 302 230 "www.google.com" "Mozlila/5.0 (Linux; Android 7.0; SM-G892A Bulid/NRD90M; wv) AppleWebKit/537.36 (KHTML, like Gecko) Version/4.0 Chrome/60.0.3112.107 Moblie Safari/537.36"
140.83.61.51 - - [15/Nov/2023:13:58:03 +0700] "GET /include/ HTTP/1.1" 302 225 "www.google.com" "Mozlila/5.0 (Linux; Android 7.0; SM-G892A Bulid/NRD90M; wv) AppleWebKit/537.36 (KHTML, like Gecko) Version/4.0 Chrome/60.0.3112.107 Moblie Safari/537.36"
140.83.61.51 - - [15/Nov/2023:13:58:04 +0700] "GET /Assets/ HTTP/1.1" 302 224 "www.google.com" "Mozlila/5.0 (Linux; Android 7.0; SM-G892A Bulid/NRD90M; wv) AppleWebKit/537.36 (KHTML, like Gecko) Version/4.0 Chrome/60.0.3112.107 Moblie Safari/537.36"
140.83.61.51 - - [15/Nov/2023:13:58:05 +0700] "GET /images/stories/ HTTP/1.1" 302 232 "www.google.com" "Mozlila/5.0 (Linux; Android 7.0; SM-G892A Bulid/NRD90M; wv) AppleWebKit/537.36 (KHTML, like Gecko) Version/4.0 Chrome/60.0.3112.107 Moblie Safari/537.36"
140.83.61.51 - - [15/Nov/2023:13:58:06 +0700] "GET /plugins/ HTTP/1.1" 302 225 "www.google.com" "Mozlila/5.0 (Linux; Android 7.0; SM-G892A Bulid/NRD90M; wv) AppleWebKit/537.36 (KHTML, like Gecko) Version/4.0 Chrome/60.0.3112.107 Moblie Safari/537.36"
140.83.61.51 - - [15/Nov/2023:13:58:08 +0700] "GET /php/ HTTP/1.1" 302 221 "www.google.com" "Mozlila/5.0 (Linux; Android 7.0; SM-G892A Bulid/NRD90M; wv) AppleWebKit/537.36 (KHTML, like Gecko) Version/4.0 Chrome/60.0.3112.107 Moblie Safari/537.36"
140.83.61.51 - - [15/Nov/2023:13:58:09 +0700] "GET /wp-includes/assets/ HTTP/1.1" 302 236 "www.google.com" "Mozlila/5.0 (Linux; Android 7.0; SM-G892A Bulid/NRD90M; wv) AppleWebKit/537.36 (KHTML, like Gecko) Version/4.0 Chrome/60.0.3112.107 Moblie Safari/537.36"
140.83.61.51 - - [15/Nov/2023:13:58:10 +0700] "GET /wp-includes/Text/Diff/Engine/ HTTP/1.1" 302 246 "www.google.com" "Mozlila/5.0 (Linux; Android 7.0; SM-G892A Bulid/NRD90M; wv) AppleWebKit/537.36 (KHTML, like Gecko) Version/4.0 Chrome/60.0.3112.107 Moblie Safari/537.36"
140.83.61.51 - - [15/Nov/2023:13:58:12 +0700] "GET /wp-includes/block-patterns/ HTTP/1.1" 302 244 "www.google.com" "Mozlila/5.0 (Linux; Android 7.0; SM-G892A Bulid/NRD90M; wv) AppleWebKit/537.36 (KHTML, like Gecko) Version/4.0 Chrome/60.0.3112.107 Moblie Safari/537.36"
140.83.61.51 - - [15/Nov/2023:13:58:13 +0700] "GET /wp-includes/Text/Diff/ HTTP/1.1" 302 239 "www.google.com" "Mozlila/5.0 (Linux; Android 7.0; SM-G892A Bulid/NRD90M; wv) AppleWebKit/537.36 (KHTML, like Gecko) Version/4.0 Chrome/60.0.3112.107 Moblie Safari/537.36"
140.83.61.51 - - [15/Nov/2023:13:58:14 +0700] "GET /wp-includes/block-supports/ HTTP/1.1" 302 244 "www.google.com" "Mozlila/5.0 (Linux; Android 7.0; SM-G892A Bulid/NRD90M; wv) AppleWebKit/537.36 (KHTML, like Gecko) Version/4.0 Chrome/60.0.3112.107 Moblie Safari/537.36"
140.83.61.51 - - [15/Nov/2023:13:58:16 +0700] "GET /wp-includes/blocks/ HTTP/1.1" 302 236 "www.google.com" "Mozlila/5.0 (Linux; Android 7.0; SM-G892A Bulid/NRD90M; wv) AppleWebKit/537.36 (KHTML, like Gecko) Version/4.0 Chrome/60.0.3112.107 Moblie Safari/537.36"
140.83.61.51 - - [15/Nov/2023:13:58:17 +0700] "GET /wp-includes/certificates/ HTTP/1.1" 302 242 "www.google.com" "Mozlila/5.0 (Linux; Android 7.0; SM-G892A Bulid/NRD90M; wv) AppleWebKit/537.36 (KHTML, like Gecko) Version/4.0 Chrome/60.0.3112.107 Moblie Safari/537.36"
140.83.61.51 - - [15/Nov/2023:13:58:18 +0700] "GET /wp-includes/SimplePie/Cache/ HTTP/1.1" 302 245 "www.google.com" "Mozlila/5.0 (Linux; Android 7.0; SM-G892A Bulid/NRD90M; wv) AppleWebKit/537.36 (KHTML, like Gecko) Version/4.0 Chrome/60.0.3112.107 Moblie Safari/537.36"
140.83.61.51 - - [15/Nov/2023:13:58:19 +0700] "GET /wp-includes/SimplePie/Content/Type/ HTTP/1.1" 302 252 "www.google.com" "Mozlila/5.0 (Linux; Android 7.0; SM-G892A Bulid/NRD90M; wv) AppleWebKit/537.36 (KHTML, like Gecko) Version/4.0 Chrome/60.0.3112.107 Moblie Safari/537.36"
140.83.61.51 - - [15/Nov/2023:13:58:20 +0700] "GET /wp-includes/css/ HTTP/1.1" 302 233 "www.google.com" "Mozlila/5.0 (Linux; Android 7.0; SM-G892A Bulid/NRD90M; wv) AppleWebKit/537.36 (KHTML, like Gecko) Version/4.0 Chrome/60.0.3112.107 Moblie Safari/537.36"
140.83.61.51 - - [15/Nov/2023:13:58:22 +0700] "GET /wp-includes/SimplePie/Content/ HTTP/1.1" 302 247 "www.google.com" "Mozlila/5.0 (Linux; Android 7.0; SM-G892A Bulid/NRD90M; wv) AppleWebKit/537.36 (KHTML, like Gecko) Version/4.0 Chrome/60.0.3112.107 Moblie Safari/537.36"
140.83.61.51 - - [15/Nov/2023:13:58:23 +0700] "GET /wp-includes/rest-api/endpoints/ HTTP/1.1" 302 248 "www.google.com" "Mozlila/5.0 (Linux; Android 7.0; SM-G892A Bulid/NRD90M; wv) AppleWebKit/537.36 (KHTML, like Gecko) Version/4.0 Chrome/60.0.3112.107 Moblie Safari/537.36"
140.83.61.51 - - [15/Nov/2023:13:58:24 +0700] "GET /wp-includes/rest-api/fields/ HTTP/1.1" 302 245 "www.google.com" "Mozlila/5.0 (Linux; Android 7.0; SM-G892A Bulid/NRD90M; wv) AppleWebKit/537.36 (KHTML, like Gecko) Version/4.0 Chrome/60.0.3112.107 Moblie Safari/537.36"
140.83.61.51 - - [15/Nov/2023:13:58:25 +0700] "GET /wp-includes/Requests/Cookie/ HTTP/1.1" 302 245 "www.google.com" "Mozlila/5.0 (Linux; Android 7.0; SM-G892A Bulid/NRD90M; wv) AppleWebKit/537.36 (KHTML, like Gecko) Version/4.0 Chrome/60.0.3112.107 Moblie Safari/537.36"
140.83.61.51 - - [15/Nov/2023:13:58:26 +0700] "GET /wp-includes/Requests/Proxy/ HTTP/1.1" 302 244 "www.google.com" "Mozlila/5.0 (Linux; Android 7.0; SM-G892A Bulid/NRD90M; wv) AppleWebKit/537.36 (KHTML, like Gecko) Version/4.0 Chrome/60.0.3112.107 Moblie Safari/537.36"
140.83.61.51 - - [15/Nov/2023:13:58:27 +0700] "GET /wp-includes/Requests/Response/ HTTP/1.1" 302 247 "www.google.com" "Mozlila/5.0 (Linux; Android 7.0; SM-G892A Bulid/NRD90M; wv) AppleWebKit/537.36 (KHTML, like Gecko) Version/4.0 Chrome/60.0.3112.107 Moblie Safari/537.36"
140.83.61.51 - - [15/Nov/2023:13:58:29 +0700] "GET /wp-includes/Requests/Transport/ HTTP/1.1" 302 248 "www.google.com" "Mozlila/5.0 (Linux; Android 7.0; SM-G892A Bulid/NRD90M; wv) AppleWebKit/537.36 (KHTML, like Gecko) Version/4.0 Chrome/60.0.3112.107 Moblie Safari/537.36"
140.83.61.51 - - [15/Nov/2023:13:58:30 +0700] "GET /wp-includes/Requests/Utility/ HTTP/1.1" 302 246 "www.google.com" "Mozlila/5.0 (Linux; Android 7.0; SM-G892A Bulid/NRD90M; wv) AppleWebKit/537.36 (KHTML, like Gecko) Version/4.0 Chrome/60.0.3112.107 Moblie Safari/537.36"
140.83.61.51 - - [15/Nov/2023:13:58:31 +0700] "GET /wp-includes/js/codemirror/ HTTP/1.1" 302 243 "www.google.com" "Mozlila/5.0 (Linux; Android 7.0; SM-G892A Bulid/NRD90M; wv) AppleWebKit/537.36 (KHTML, like Gecko) Version/4.0 Chrome/60.0.3112.107 Moblie Safari/537.36"
140.83.61.51 - - [15/Nov/2023:13:58:32 +0700] "GET /wp-includes/Requests/Exception/HTTP/ HTTP/1.1" 302 253 "www.google.com" "Mozlila/5.0 (Linux; Android 7.0; SM-G892A Bulid/NRD90M; wv) AppleWebKit/537.36 (KHTML, like Gecko) Version/4.0 Chrome/60.0.3112.107 Moblie Safari/537.36"
140.83.61.51 - - [15/Nov/2023:13:58:34 +0700] "GET /wp-includes/js/crop/ HTTP/1.1" 302 237 "www.google.com" "Mozlila/5.0 (Linux; Android 7.0; SM-G892A Bulid/NRD90M; wv) AppleWebKit/537.36 (KHTML, like Gecko) Version/4.0 Chrome/60.0.3112.107 Moblie Safari/537.36"
140.83.61.51 - - [15/Nov/2023:13:58:35 +0700] "GET /wp-includes/images/crystal/ HTTP/1.1" 302 244 "www.google.com" "Mozlila/5.0 (Linux; Android 7.0; SM-G892A Bulid/NRD90M; wv) AppleWebKit/537.36 (KHTML, like Gecko) Version/4.0 Chrome/60.0.3112.107 Moblie Safari/537.36"
140.83.61.51 - - [15/Nov/2023:13:58:36 +0700] "GET /wp-includes/images/media/ HTTP/1.1" 302 242 "www.google.com" "Mozlila/5.0 (Linux; Android 7.0; SM-G892A Bulid/NRD90M; wv) AppleWebKit/537.36 (KHTML, like Gecko) Version/4.0 Chrome/60.0.3112.107 Moblie Safari/537.36"
140.83.61.51 - - [15/Nov/2023:13:58:37 +0700] "GET /wp-includes/images/smilies/ HTTP/1.1" 302 244 "www.google.com" "Mozlila/5.0 (Linux; Android 7.0; SM-G892A Bulid/NRD90M; wv) AppleWebKit/537.36 (KHTML, like Gecko) Version/4.0 Chrome/60.0.3112.107 Moblie Safari/537.36"
140.83.61.51 - - [15/Nov/2023:13:58:38 +0700] "GET /wp-includes/images/wlw/ HTTP/1.1" 302 240 "www.google.com" "Mozlila/5.0 (Linux; Android 7.0; SM-G892A Bulid/NRD90M; wv) AppleWebKit/537.36 (KHTML, like Gecko) Version/4.0 Chrome/60.0.3112.107 Moblie Safari/537.36"
140.83.61.51 - - [15/Nov/2023:13:58:39 +0700] "GET /wp-includes/rest-api/search/ HTTP/1.1" 302 245 "www.google.com" "Mozlila/5.0 (Linux; Android 7.0; SM-G892A Bulid/NRD90M; wv) AppleWebKit/537.36 (KHTML, like Gecko) Version/4.0 Chrome/60.0.3112.107 Moblie Safari/537.36"
140.83.61.51 - - [15/Nov/2023:13:58:41 +0700] "GET /wp-includes/Requests/Exception/ HTTP/1.1" 302 248 "www.google.com" "Mozlila/5.0 (Linux; Android 7.0; SM-G892A Bulid/NRD90M; wv) AppleWebKit/537.36 (KHTML, like Gecko) Version/4.0 Chrome/60.0.3112.107 Moblie Safari/537.36"
140.83.61.51 - - [15/Nov/2023:13:58:42 +0700] "GET /wp-includes/Requests/Auth/ HTTP/1.1" 302 243 "www.google.com" "Mozlila/5.0 (Linux; Android 7.0; SM-G892A Bulid/NRD90M; wv) AppleWebKit/537.36 (KHTML, like Gecko) Version/4.0 Chrome/60.0.3112.107 Moblie Safari/537.36"
140.83.61.51 - - [15/Nov/2023:13:58:43 +0700] "GET /wp-includes/sodium_compat/src/ HTTP/1.1" 302 247 "www.google.com" "Mozlila/5.0 (Linux; Android 7.0; SM-G892A Bulid/NRD90M; wv) AppleWebKit/537.36 (KHTML, like Gecko) Version/4.0 Chrome/60.0.3112.107 Moblie Safari/537.36"
140.83.61.51 - - [15/Nov/2023:13:58:45 +0700] "GET /wp-includes/sitemaps/providers/ HTTP/1.1" 302 248 "www.google.com" "Mozlila/5.0 (Linux; Android 7.0; SM-G892A Bulid/NRD90M; wv) AppleWebKit/537.36 (KHTML, like Gecko) Version/4.0 Chrome/60.0.3112.107 Moblie Safari/537.36"
140.83.61.51 - - [15/Nov/2023:13:58:46 +0700] "GET /wp-includes/Text/Diff/Engine/Engine/ HTTP/1.1" 302 253 "www.google.com" "Mozlila/5.0 (Linux; Android 7.0; SM-G892A Bulid/NRD90M; wv) AppleWebKit/537.36 (KHTML, like Gecko) Version/4.0 Chrome/60.0.3112.107 Moblie Safari/537.36"
