103.231.254.34 - - [07/Jan/2024:15:25:51 +0700] "GET /asas.js HTTP/1.1" 302 224 "-" "Mozilla/5.0 (Macintosh; Intel Mac OS X 10_12_3) AppleWebKit/537.36 (KHTML, like Gecko) Chrome/56.0.2924.87 Safari/537.36"
66.249.74.74 - - [07/Jan/2024:16:59:50 +0700] "GET /ads.txt HTTP/1.1" 302 224 "-" "Mozilla/5.0 (compatible; Googlebot/2.1; +http://www.google.com/bot.html)"
103.231.254.34 - - [07/Jan/2024:17:35:17 +0700] "GET /asas.js HTTP/1.1" 302 224 "-" "Mozilla/5.0 (Macintosh; Intel Mac OS X 10_12_3) AppleWebKit/537.36 (KHTML, like Gecko) Chrome/56.0.2924.87 Safari/537.36"
66.249.68.5 - - [07/Jan/2024:20:21:19 +0700] "GET /robots.txt HTTP/1.1" 302 227 "-" "Mozilla/5.0 (compatible; Googlebot/2.1; +http://www.google.com/bot.html)"
66.249.71.138 - - [07/Jan/2024:20:21:19 +0700] "GET / HTTP/1.1" 302 217 "-" "Mozilla/5.0 (compatible; Googlebot/2.1; +http://www.google.com/bot.html)"
66.249.71.136 - - [07/Jan/2024:21:19:54 +0700] "GET / HTTP/1.1" 302 217 "-" "Mozilla/5.0 (compatible; Googlebot/2.1; +http://www.google.com/bot.html)"
103.131.71.157 - - [07/Jan/2024:22:12:43 +0700] "GET /robots.txt HTTP/1.1" 302 227 "-" "Mozilla/5.0 (compatible; coccocbot-web/1.0; +http://help.coccoc.com/searchengine)"
66.249.68.6 - - [08/Jan/2024:02:53:59 +0700] "GET / HTTP/1.1" 302 217 "-" "Mozilla/5.0 (compatible; Googlebot/2.1; +http://www.google.com/bot.html)"
66.249.71.138 - - [08/Jan/2024:03:03:36 +0700] "GET / HTTP/1.1" 302 217 "-" "Mozilla/5.0 (compatible; Googlebot/2.1; +http://www.google.com/bot.html)"
66.249.71.138 - - [08/Jan/2024:04:03:26 +0700] "GET / HTTP/1.1" 302 217 "-" "Mozilla/5.0 (compatible; Googlebot/2.1; +http://www.google.com/bot.html)"
66.249.68.5 - - [08/Jan/2024:05:02:45 +0700] "GET / HTTP/1.1" 302 217 "-" "Mozilla/5.0 (compatible; Googlebot/2.1; +http://www.google.com/bot.html)"
66.249.68.7 - - [08/Jan/2024:10:19:31 +0700] "GET /robots.txt HTTP/1.1" 302 227 "-" "Mozilla/5.0 (compatible; Googlebot/2.1; +http://www.google.com/bot.html)"
66.249.71.137 - - [08/Jan/2024:10:19:31 +0700] "GET / HTTP/1.1" 302 217 "-" "Mozilla/5.0 (compatible; Googlebot/2.1; +http://www.google.com/bot.html)"
66.249.71.136 - - [08/Jan/2024:11:17:56 +0700] "GET / HTTP/1.1" 302 217 "-" "Mozilla/5.0 (compatible; Googlebot/2.1; +http://www.google.com/bot.html)"
66.249.68.5 - - [08/Jan/2024:16:29:56 +0700] "GET /ads.txt HTTP/1.1" 302 224 "-" "Mozilla/5.0 (compatible; Googlebot/2.1; +http://www.google.com/bot.html)"
66.249.68.7 - - [08/Jan/2024:16:42:51 +0700] "GET / HTTP/1.1" 302 217 "-" "Mozilla/5.0 (compatible; Googlebot/2.1; +http://www.google.com/bot.html)"
66.249.68.7 - - [08/Jan/2024:16:50:53 +0700] "GET / HTTP/1.1" 302 217 "-" "Mozilla/5.0 (compatible; Googlebot/2.1; +http://www.google.com/bot.html)"
66.249.68.7 - - [08/Jan/2024:17:49:41 +0700] "GET / HTTP/1.1" 302 217 "-" "Mozilla/5.0 (compatible; Googlebot/2.1; +http://www.google.com/bot.html)"
103.131.71.23 - - [08/Jan/2024:17:58:12 +0700] "GET /robots.txt HTTP/1.1" 302 227 "-" "Mozilla/5.0 (compatible; coccocbot-image/1.0; +http://help.coccoc.com/searchengine)"
103.131.71.169 - - [08/Jan/2024:18:23:29 +0700] "GET /robots.txt HTTP/1.1" 302 227 "-" "Mozilla/5.0 (compatible; coccocbot-web/1.0; +http://help.coccoc.com/searchengine)"
103.131.71.67 - - [08/Jan/2024:18:23:31 +0700] "GET / HTTP/1.1" 302 217 "-" "Mozilla/5.0 (compatible; coccocbot-web/1.0; +http://help.coccoc.com/searchengine)"
66.249.71.138 - - [08/Jan/2024:18:47:48 +0700] "GET / HTTP/1.1" 302 217 "-" "Mozilla/5.0 (compatible; Googlebot/2.1; +http://www.google.com/bot.html)"
66.249.77.224 - - [09/Jan/2024:00:19:59 +0700] "GET /robots.txt HTTP/1.1" 302 227 "-" "Mozilla/5.0 (compatible; Googlebot/2.1; +http://www.google.com/bot.html)"
66.249.77.224 - - [09/Jan/2024:00:19:59 +0700] "GET / HTTP/1.1" 302 217 "-" "Mozilla/5.0 (compatible; Googlebot/2.1; +http://www.google.com/bot.html)"
66.249.71.136 - - [09/Jan/2024:00:50:28 +0700] "GET / HTTP/1.1" 302 217 "-" "Mozilla/5.0 (compatible; Googlebot/2.1; +http://www.google.com/bot.html)"
66.249.71.136 - - [09/Jan/2024:01:50:17 +0700] "GET / HTTP/1.1" 302 217 "-" "Mozilla/5.0 (compatible; Googlebot/2.1; +http://www.google.com/bot.html)"
66.249.77.232 - - [09/Jan/2024:03:31:04 +0700] "GET / HTTP/1.1" 302 217 "-" "Mozilla/5.0 (Linux; Android 6.0.1; Nexus 5X Build/MMB29P) AppleWebKit/537.36 (KHTML, like Gecko) Chrome/120.0.6099.129 Mobile Safari/537.36 (compatible; Googlebot/2.1; +http://www.google.com/bot.html)"
66.249.77.232 - - [09/Jan/2024:04:09:52 +0700] "GET / HTTP/1.1" 302 217 "-" "Mozilla/5.0 (compatible; Googlebot/2.1; +http://www.google.com/bot.html)"
103.131.71.21 - - [09/Jan/2024:08:28:11 +0700] "GET /robots.txt HTTP/1.1" 302 227 "-" "Mozilla/5.0 (compatible; coccocbot-image/1.0; +http://help.coccoc.com/searchengine)"
66.249.71.137 - - [09/Jan/2024:09:58:04 +0700] "GET / HTTP/1.1" 302 217 "-" "Mozilla/5.0 (compatible; Googlebot/2.1; +http://www.google.com/bot.html)"
66.249.77.233 - - [09/Jan/2024:10:57:22 +0700] "GET / HTTP/1.1" 302 217 "-" "Mozilla/5.0 (compatible; Googlebot/2.1; +http://www.google.com/bot.html)"
66.249.77.233 - - [09/Jan/2024:11:04:55 +0700] "GET / HTTP/1.1" 302 217 "-" "Mozilla/5.0 (compatible; Googlebot/2.1; +http://www.google.com/bot.html)"
66.249.77.232 - - [09/Jan/2024:11:12:35 +0700] "GET / HTTP/1.1" 302 217 "-" "Mozilla/5.0 (compatible; Googlebot/2.1; +http://www.google.com/bot.html)"
66.249.71.138 - - [09/Jan/2024:11:20:22 +0700] "GET / HTTP/1.1" 302 217 "-" "Mozilla/5.0 (compatible; Googlebot/2.1; +http://www.google.com/bot.html)"
66.249.71.138 - - [09/Jan/2024:16:00:15 +0700] "GET /robots.txt HTTP/1.1" 302 227 "-" "Mozilla/5.0 (compatible; Googlebot/2.1; +http://www.google.com/bot.html)"
66.249.71.138 - - [09/Jan/2024:16:00:15 +0700] "GET /ads.txt HTTP/1.1" 302 224 "-" "Mozilla/5.0 (compatible; Googlebot/2.1; +http://www.google.com/bot.html)"
66.249.77.233 - - [09/Jan/2024:17:10:03 +0700] "GET / HTTP/1.1" 302 217 "-" "Mozilla/5.0 (compatible; Googlebot/2.1; +http://www.google.com/bot.html)"
139.5.108.76 - - [09/Jan/2024:17:46:16 +0700] "GET /administrator/index.php/wp-login.php HTTP/1.1" 302 253 "-" "Mozilla/5.0 (Windows NT 10.0; Win64; x64) AppleWebKit/537.36 (KHTML, like Gecko) Chrome/108.0.0.0 Safari/537.36"
66.249.77.232 - - [09/Jan/2024:18:10:05 +0700] "GET / HTTP/1.1" 302 217 "-" "Mozilla/5.0 (compatible; Googlebot/2.1; +http://www.google.com/bot.html)"
141.98.7.189 - - [09/Jan/2024:19:37:51 +0700] "GET /.env HTTP/1.1" 302 221 "-" "python-requests/2.27.1"
141.98.7.189 - - [09/Jan/2024:19:37:51 +0700] "GET /vendor/phpunit/phpunit/src/Util/PHP/eval-stdin.php HTTP/1.1" 302 267 "-" "python-requests/2.27.1"
66.249.77.96 - - [09/Jan/2024:23:48:50 +0700] "GET / HTTP/1.1" 302 217 "-" "Mozilla/5.0 (compatible; Googlebot/2.1; +http://www.google.com/bot.html)"
103.131.71.148 - - [10/Jan/2024:00:04:06 +0700] "GET /robots.txt HTTP/1.1" 302 227 "-" "Mozilla/5.0 (compatible; coccocbot-web/1.0; +http://help.coccoc.com/searchengine)"
66.249.71.136 - - [10/Jan/2024:00:52:22 +0700] "GET / HTTP/1.1" 302 217 "-" "Mozilla/5.0 (compatible; Googlebot/2.1; +http://www.google.com/bot.html)"
66.249.71.136 - - [10/Jan/2024:01:00:57 +0700] "GET / HTTP/1.1" 302 217 "-" "Mozilla/5.0 (compatible; Googlebot/2.1; +http://www.google.com/bot.html)"
66.249.77.96 - - [10/Jan/2024:06:19:20 +0700] "GET /robots.txt HTTP/1.1" 302 227 "-" "Mozilla/5.0 (compatible; Googlebot/2.1; +http://www.google.com/bot.html)"
66.249.77.98 - - [10/Jan/2024:06:19:20 +0700] "GET / HTTP/1.1" 302 217 "-" "Mozilla/5.0 (compatible; Googlebot/2.1; +http://www.google.com/bot.html)"
66.249.71.137 - - [10/Jan/2024:07:18:44 +0700] "GET / HTTP/1.1" 302 217 "-" "Mozilla/5.0 (compatible; Googlebot/2.1; +http://www.google.com/bot.html)"
66.249.77.96 - - [10/Jan/2024:08:16:56 +0700] "GET / HTTP/1.1" 302 217 "-" "Mozilla/5.0 (compatible; Googlebot/2.1; +http://www.google.com/bot.html)"
46.51.150.169 - - [10/Jan/2024:08:57:04 +0700] "GET /robots.txt HTTP/1.1" 302 227 "-" "Mozilla/5.0 (compatible; wpbot/1.0; +https://forms.gle/ajBaxygz9jSR8p8G9)"
46.51.150.169 - - [10/Jan/2024:08:57:05 +0700] "GET / HTTP/1.1" 302 217 "-" "Mozilla/5.0 (compatible; wpbot/1.0; +https://forms.gle/ajBaxygz9jSR8p8G9)"
66.249.77.96 - - [10/Jan/2024:09:17:01 +0700] "GET / HTTP/1.1" 302 217 "-" "Mozilla/5.0 (compatible; Googlebot/2.1; +http://www.google.com/bot.html)"
149.18.28.152 - - [10/Jan/2024:09:26:13 +0700] "GET /wp-login.php HTTP/1.1" 302 229 "-" "Mozilla/5.0 (Windows NT 10.0; Win64; x64) AppleWebKit/537.36 (KHTML, like Gecko) Chrome/108.0.0.0 Safari/537.36"
149.18.28.152 - - [10/Jan/2024:09:26:14 +0700] "GET /wp-login.php HTTP/1.1" 302 229 "-" "Mozilla/5.0 (Windows NT 10.0; Win64; x64) AppleWebKit/537.36 (KHTML, like Gecko) Chrome/108.0.0.0 Safari/537.36"
138.2.61.135 - - [10/Jan/2024:09:27:25 +0700] "GET /wp-content/plugins/core/include.php HTTP/1.1" 302 252 "-" "Mozlila/5.0 (Linux; Android 7.0; SM-G892A Bulid/NRD90M; wv) AppleWebKit/537.36 (KHTML, like Gecko) Version/4.0 Chrome/60.0.3112.107 Moblie Safari/537.36"
66.249.71.136 - - [10/Jan/2024:09:36:47 +0700] "GET / HTTP/1.1" 302 217 "-" "Mozilla/5.0 (compatible; Googlebot/2.1; +http://www.google.com/bot.html)"
66.249.71.136 - - [10/Jan/2024:09:36:50 +0700] "GET / HTTP/1.1" 302 217 "-" "Mozilla/5.0 (Linux; Android 6.0.1; Nexus 5X Build/MMB29P) AppleWebKit/537.36 (KHTML, like Gecko) Chrome/99.0.4844.84 Mobile Safari/537.36 (compatible; Googlebot/2.1; +http://www.google.com/bot.html)"
103.131.71.47 - - [10/Jan/2024:09:46:46 +0700] "GET /robots.txt HTTP/1.1" 302 227 "-" "Mozilla/5.0 (compatible; coccocbot-image/1.0; +http://help.coccoc.com/searchengine)"
66.249.77.97 - - [10/Jan/2024:10:16:27 +0700] "GET / HTTP/1.1" 302 217 "-" "Mozilla/5.0 (compatible; Googlebot/2.1; +http://www.google.com/bot.html)"
103.131.71.102 - - [10/Jan/2024:13:00:17 +0700] "GET /robots.txt HTTP/1.1" 302 227 "-" "Mozilla/5.0 (compatible; coccocbot-web/1.0; +http://help.coccoc.com/searchengine)"
103.131.71.86 - - [10/Jan/2024:13:00:19 +0700] "GET / HTTP/1.1" 302 217 "-" "Mozilla/5.0 (compatible; coccocbot-web/1.0; +http://help.coccoc.com/searchengine)"
66.249.71.136 - - [10/Jan/2024:15:05:06 +0700] "GET / HTTP/1.1" 302 217 "-" "Mozilla/5.0 (compatible; Googlebot/2.1; +http://www.google.com/bot.html)"
66.249.71.136 - - [10/Jan/2024:15:25:33 +0700] "GET / HTTP/1.1" 302 217 "-" "Mozilla/5.0 (compatible; Googlebot/2.1; +http://www.google.com/bot.html)"
103.131.71.36 - - [10/Jan/2024:15:54:08 +0700] "GET /robots.txt HTTP/1.1" 302 227 "-" "Mozilla/5.0 (compatible; coccocbot-image/1.0; +http://help.coccoc.com/searchengine)"
66.249.77.96 - - [10/Jan/2024:16:00:23 +0700] "GET /ads.txt HTTP/1.1" 302 224 "-" "Mozilla/5.0 (compatible; Googlebot/2.1; +http://www.google.com/bot.html)"
66.249.71.136 - - [10/Jan/2024:16:25:18 +0700] "GET / HTTP/1.1" 302 217 "-" "Mozilla/5.0 (compatible; Googlebot/2.1; +http://www.google.com/bot.html)"
66.249.77.98 - - [10/Jan/2024:17:11:06 +0700] "GET / HTTP/1.1" 302 217 "-" "Mozilla/5.0 (Linux; Android 6.0.1; Nexus 5X Build/MMB29P) AppleWebKit/537.36 (KHTML, like Gecko) Chrome/120.0.6099.199 Mobile Safari/537.36 (compatible; Googlebot/2.1; +http://www.google.com/bot.html)"
66.249.71.138 - - [10/Jan/2024:17:23:24 +0700] "GET / HTTP/1.1" 302 217 "-" "Mozilla/5.0 (compatible; Googlebot/2.1; +http://www.google.com/bot.html)"
66.249.71.136 - - [10/Jan/2024:18:22:02 +0700] "GET /robots.txt HTTP/1.1" 302 227 "-" "Mozilla/5.0 (compatible; Googlebot/2.1; +http://www.google.com/bot.html)"
66.249.71.138 - - [10/Jan/2024:18:22:02 +0700] "GET / HTTP/1.1" 302 217 "-" "Mozilla/5.0 (compatible; Googlebot/2.1; +http://www.google.com/bot.html)"
66.249.71.138 - - [10/Jan/2024:23:55:30 +0700] "GET / HTTP/1.1" 302 217 "-" "Mozilla/5.0 (compatible; Googlebot/2.1; +http://www.google.com/bot.html)"
66.249.71.138 - - [11/Jan/2024:00:54:13 +0700] "GET / HTTP/1.1" 302 217 "-" "Mozilla/5.0 (compatible; Googlebot/2.1; +http://www.google.com/bot.html)"
66.249.71.138 - - [11/Jan/2024:02:29:19 +0700] "GET / HTTP/1.1" 302 217 "-" "Mozilla/5.0 (compatible; Googlebot/2.1; +http://www.google.com/bot.html)"
103.131.71.47 - - [11/Jan/2024:04:18:42 +0700] "GET /robots.txt HTTP/1.1" 302 227 "-" "Mozilla/5.0 (compatible; coccocbot-image/1.0; +http://help.coccoc.com/searchengine)"
66.249.77.98 - - [11/Jan/2024:07:53:46 +0700] "GET /robots.txt HTTP/1.1" 302 227 "-" "Mozilla/5.0 (compatible; Googlebot/2.1; +http://www.google.com/bot.html)"
66.249.71.138 - - [11/Jan/2024:07:53:46 +0700] "GET / HTTP/1.1" 302 217 "-" "Mozilla/5.0 (compatible; Googlebot/2.1; +http://www.google.com/bot.html)"
66.249.77.97 - - [11/Jan/2024:08:53:51 +0700] "GET / HTTP/1.1" 302 217 "-" "Mozilla/5.0 (Linux; Android 6.0.1; Nexus 5X Build/MMB29P) AppleWebKit/537.36 (KHTML, like Gecko) Chrome/120.0.6099.199 Mobile Safari/537.36 (compatible; Googlebot/2.1; +http://www.google.com/bot.html)"
66.249.77.97 - - [11/Jan/2024:08:53:57 +0700] "GET / HTTP/1.1" 302 217 "-" "Mozilla/5.0 (compatible; Googlebot/2.1; +http://www.google.com/bot.html)"
66.249.77.97 - - [11/Jan/2024:09:03:50 +0700] "GET / HTTP/1.1" 302 217 "-" "Mozilla/5.0 (compatible; Googlebot/2.1; +http://www.google.com/bot.html)"
66.249.77.97 - - [11/Jan/2024:09:11:22 +0700] "GET / HTTP/1.1" 302 217 "-" "Mozilla/5.0 (compatible; Googlebot/2.1; +http://www.google.com/bot.html)"
66.249.71.136 - - [11/Jan/2024:09:18:58 +0700] "GET / HTTP/1.1" 302 217 "-" "Mozilla/5.0 (compatible; Googlebot/2.1; +http://www.google.com/bot.html)"
103.131.71.233 - - [11/Jan/2024:11:19:37 +0700] "GET /robots.txt HTTP/1.1" 302 227 "-" "Mozilla/5.0 (compatible; coccocbot-web/1.0; +http://help.coccoc.com/searchengine)"
66.249.71.136 - - [11/Jan/2024:13:26:12 +0700] "GET / HTTP/1.1" 302 217 "-" "Mozilla/5.0 (compatible; Googlebot/2.1; +http://www.google.com/bot.html)"
66.249.77.97 - - [11/Jan/2024:14:24:23 +0700] "GET / HTTP/1.1" 302 217 "-" "Mozilla/5.0 (compatible; Googlebot/2.1; +http://www.google.com/bot.html)"
103.131.71.217 - - [11/Jan/2024:14:33:56 +0700] "GET /robots.txt HTTP/1.1" 302 227 "-" "Mozilla/5.0 (compatible; coccocbot-image/1.0; +http://help.coccoc.com/searchengine)"
103.131.71.203 - - [11/Jan/2024:14:34:41 +0700] "GET /favicon.ico HTTP/1.1" 302 228 "-" "Mozilla/5.0 (compatible; coccocbot-image/1.0; +http://help.coccoc.com/searchengine)"
193.233.229.81 - - [11/Jan/2024:14:37:50 +0700] "GET /administrator/ HTTP/1.1" 302 231 "-" "Mozilla/5.0 (X11; Ubuntu; Linux x86_64; rv:107.0) Gecko/20100101 Firefox/107.0"
66.249.71.138 - - [11/Jan/2024:15:22:57 +0700] "GET / HTTP/1.1" 302 217 "-" "Mozilla/5.0 (compatible; Googlebot/2.1; +http://www.google.com/bot.html)"
66.249.71.136 - - [11/Jan/2024:16:00:27 +0700] "GET /ads.txt HTTP/1.1" 302 224 "-" "Mozilla/5.0 (compatible; Googlebot/2.1; +http://www.google.com/bot.html)"
66.249.77.98 - - [11/Jan/2024:16:21:31 +0700] "GET / HTTP/1.1" 302 217 "-" "Mozilla/5.0 (compatible; Googlebot/2.1; +http://www.google.com/bot.html)"
66.249.77.98 - - [11/Jan/2024:17:23:56 +0700] "GET / HTTP/1.1" 302 217 "-" "Mozilla/5.0 (compatible; Googlebot/2.1; +http://www.google.com/bot.html)"
91.242.228.252 - - [11/Jan/2024:17:32:59 +0700] "GET /administrator/ HTTP/1.1" 302 231 "-" "Mozilla/5.0 (Windows NT 10.0; Win64; x64; rv:107.0) Gecko/20100101 Firefox/107.0"
91.242.228.252 - - [11/Jan/2024:17:33:00 +0700] "GET /administrator/ HTTP/1.1" 302 231 "-" "Mozilla/5.0 (Windows NT 10.0; Win64; x64; rv:107.0) Gecko/20100101 Firefox/107.0"
66.249.71.136 - - [11/Jan/2024:18:24:04 +0700] "GET / HTTP/1.1" 302 217 "-" "Mozilla/5.0 (compatible; Googlebot/2.1; +http://www.google.com/bot.html)"
66.249.79.35 - - [11/Jan/2024:19:23:30 +0700] "GET / HTTP/1.1" 302 217 "-" "Mozilla/5.0 (compatible; Googlebot/2.1; +http://www.google.com/bot.html)"
66.249.71.136 - - [11/Jan/2024:20:21:49 +0700] "GET /robots.txt HTTP/1.1" 302 227 "-" "Mozilla/5.0 (compatible; Googlebot/2.1; +http://www.google.com/bot.html)"
66.249.71.138 - - [11/Jan/2024:20:21:50 +0700] "GET / HTTP/1.1" 302 217 "-" "Mozilla/5.0 (compatible; Googlebot/2.1; +http://www.google.com/bot.html)"
103.131.71.29 - - [11/Jan/2024:20:45:48 +0700] "GET /robots.txt HTTP/1.1" 302 227 "-" "Mozilla/5.0 (compatible; coccocbot-image/1.0; +http://help.coccoc.com/searchengine)"
66.249.79.35 - - [11/Jan/2024:20:51:35 +0700] "GET / HTTP/1.1" 302 217 "-" "Mozilla/5.0 (Linux; Android 6.0.1; Nexus 5X Build/MMB29P) AppleWebKit/537.36 (KHTML, like Gecko) Chrome/120.0.6099.199 Mobile Safari/537.36 (compatible; Googlebot/2.1; +http://www.google.com/bot.html)"
66.249.79.36 - - [11/Jan/2024:21:20:46 +0700] "GET / HTTP/1.1" 302 217 "-" "Mozilla/5.0 (compatible; Googlebot/2.1; +http://www.google.com/bot.html)"
123.6.49.18 - - [11/Jan/2024:22:09:25 +0700] "GET / HTTP/1.1" 302 217 "-" "Mozilla/5.0 (Linux; Android 8.0; Pixel 2 Build/OPD3.170816.012) AppleWebKit/537.36 (KHTML, like Gecko) Chrome/87.0.4280.88 Mobile Safari/537.36"
123.6.49.18 - - [11/Jan/2024:22:09:25 +0700] "GET / HTTP/1.1" 302 217 "http://baidu.com/" "Mozilla/5.0 (Linux; Android 8.0; Pixel 2 Build/OPD3.170816.012) AppleWebKit/537.36 (KHTML, like Gecko) Chrome/87.0.4280.88 Mobile Safari/537.36"
66.249.71.137 - - [11/Jan/2024:22:19:02 +0700] "GET / HTTP/1.1" 302 217 "-" "Mozilla/5.0 (compatible; Googlebot/2.1; +http://www.google.com/bot.html)"
66.249.79.34 - - [11/Jan/2024:23:17:15 +0700] "GET / HTTP/1.1" 302 217 "-" "Mozilla/5.0 (compatible; Googlebot/2.1; +http://www.google.com/bot.html)"
45.159.23.109 - - [11/Jan/2024:23:26:24 +0700] "GET /administrator/ HTTP/1.1" 302 231 "-" "Mozilla/5.0 (X11; Ubuntu; Linux i686; rv:107.0) Gecko/20100101 Firefox/107.0"
45.159.23.109 - - [11/Jan/2024:23:26:25 +0700] "GET /administrator/ HTTP/1.1" 302 231 "-" "Mozilla/5.0 (X11; Ubuntu; Linux i686; rv:107.0) Gecko/20100101 Firefox/107.0"
193.233.231.248 - - [12/Jan/2024:00:48:50 +0700] "GET /administrator/ HTTP/1.1" 302 231 "-" "Mozilla/5.0 (Macintosh; Intel Mac OS X 13.0; rv:107.0) Gecko/20100101 Firefox/107.0"
193.233.231.248 - - [12/Jan/2024:00:48:51 +0700] "GET /administrator/ HTTP/1.1" 302 231 "-" "Mozilla/5.0 (Macintosh; Intel Mac OS X 13.0; rv:107.0) Gecko/20100101 Firefox/107.0"
66.249.71.138 - - [12/Jan/2024:01:42:46 +0700] "GET / HTTP/1.1" 302 217 "-" "Mozilla/5.0 (compatible; Googlebot/2.1; +http://www.google.com/bot.html)"
130.61.217.137 - - [12/Jan/2024:06:35:05 +0700] "GET / HTTP/1.1" 302 217 "-" "BaiduSpider"
130.61.217.137 - - [12/Jan/2024:06:35:05 +0700] "GET https://xaydung.vanlanguni.edu.vn HTTP/1.1" 302 217 "-" "BaiduSpider"
103.131.71.86 - - [12/Jan/2024:06:39:16 +0700] "GET /robots.txt HTTP/1.1" 302 227 "-" "Mozilla/5.0 (compatible; coccocbot-web/1.0; +http://help.coccoc.com/searchengine)"
103.131.71.195 - - [12/Jan/2024:06:39:18 +0700] "GET / HTTP/1.1" 302 217 "-" "Mozilla/5.0 (compatible; coccocbot-web/1.0; +http://help.coccoc.com/searchengine)"
66.249.79.35 - - [12/Jan/2024:06:57:56 +0700] "GET / HTTP/1.1" 302 217 "-" "Mozilla/5.0 (compatible; Googlebot/2.1; +http://www.google.com/bot.html)"
66.249.79.36 - - [12/Jan/2024:07:06:32 +0700] "GET / HTTP/1.1" 302 217 "-" "Mozilla/5.0 (compatible; Googlebot/2.1; +http://www.google.com/bot.html)"
66.249.71.136 - - [12/Jan/2024:08:05:48 +0700] "GET / HTTP/1.1" 302 217 "-" "Mozilla/5.0 (compatible; Googlebot/2.1; +http://www.google.com/bot.html)"
103.131.71.24 - - [12/Jan/2024:09:16:35 +0700] "GET /robots.txt HTTP/1.1" 302 227 "-" "Mozilla/5.0 (compatible; coccocbot-image/1.0; +http://help.coccoc.com/searchengine)"
167.172.152.255 - - [12/Jan/2024:10:17:21 +0700] "GET / HTTP/1.1" 302 217 "-" "Mozilla/5.0 (X11; Linux x86_64) AppleWebKit/537.36 (KHTML, like Gecko) Chrome/108.0.0.0 Safari/537.36"
42.117.58.180 - - [12/Jan/2024:11:31:28 +0700] "GET / HTTP/1.1" 302 217 "https://www.google.com/" "Mozilla/5.0 (iPhone; CPU iPhone OS 17_1_2 like Mac OS X) AppleWebKit/605.1.15 (KHTML, like Gecko) Version/17.1.2 Mobile/15E148 Safari/604.1"
66.249.79.36 - - [12/Jan/2024:12:58:50 +0700] "GET /robots.txt HTTP/1.1" 302 227 "-" "Mozilla/5.0 (compatible; Googlebot/2.1; +http://www.google.com/bot.html)"
66.249.79.36 - - [12/Jan/2024:12:58:50 +0700] "GET / HTTP/1.1" 302 217 "-" "Mozilla/5.0 (compatible; Googlebot/2.1; +http://www.google.com/bot.html)"
66.249.71.138 - - [12/Jan/2024:13:58:51 +0700] "GET / HTTP/1.1" 302 217 "-" "Mozilla/5.0 (compatible; Googlebot/2.1; +http://www.google.com/bot.html)"
66.249.71.138 - - [12/Jan/2024:14:06:27 +0700] "GET / HTTP/1.1" 302 217 "-" "Mozilla/5.0 (compatible; Googlebot/2.1; +http://www.google.com/bot.html)"
66.249.71.136 - - [12/Jan/2024:14:11:48 +0700] "GET / HTTP/1.1" 302 217 "-" "Mozilla/5.0 (Linux; Android 6.0.1; Nexus 5X Build/MMB29P) AppleWebKit/537.36 (KHTML, like Gecko) Chrome/120.0.6099.216 Mobile Safari/537.36 (compatible; Googlebot/2.1; +http://www.google.com/bot.html)"
66.249.79.34 - - [12/Jan/2024:14:13:58 +0700] "GET / HTTP/1.1" 302 217 "-" "Mozilla/5.0 (compatible; Googlebot/2.1; +http://www.google.com/bot.html)"
66.249.79.34 - - [12/Jan/2024:15:30:41 +0700] "GET /ads.txt HTTP/1.1" 302 224 "-" "Mozilla/5.0 (compatible; Googlebot/2.1; +http://www.google.com/bot.html)"
103.131.71.21 - - [12/Jan/2024:16:45:37 +0700] "GET /robots.txt HTTP/1.1" 302 227 "-" "Mozilla/5.0 (compatible; coccocbot-image/1.0; +http://help.coccoc.com/searchengine)"
66.249.77.97 - - [12/Jan/2024:17:49:15 +0700] "GET / HTTP/1.1" 302 217 "-" "Mozilla/5.0 (compatible; Googlebot/2.1; +http://www.google.com/bot.html)"
66.249.77.97 - - [12/Jan/2024:18:47:35 +0700] "GET / HTTP/1.1" 302 217 "-" "Mozilla/5.0 (compatible; Googlebot/2.1; +http://www.google.com/bot.html)"
66.249.77.97 - - [12/Jan/2024:22:28:50 +0700] "GET / HTTP/1.1" 302 217 "-" "Mozilla/5.0 (Linux; Android 6.0.1; Nexus 5X Build/MMB29P) AppleWebKit/537.36 (KHTML, like Gecko) Chrome/120.0.6099.216 Mobile Safari/537.36 (compatible; Googlebot/2.1; +http://www.google.com/bot.html)"
20.191.45.212 - - [12/Jan/2024:23:14:55 +0700] "GET / HTTP/1.1" 302 217 "http://xaydung.vanlanguni.edu.vn/" "Mozilla/5.0 (compatible; DuckDuckGo-Favicons-Bot/1.0; +http://duckduckgo.com)"
66.249.77.97 - - [12/Jan/2024:23:57:57 +0700] "GET / HTTP/1.1" 302 217 "-" "Mozilla/5.0 (compatible; Googlebot/2.1; +http://www.google.com/bot.html)"
66.249.71.137 - - [13/Jan/2024:00:58:31 +0700] "GET / HTTP/1.1" 302 217 "-" "Mozilla/5.0 (compatible; Googlebot/2.1; +http://www.google.com/bot.html)"
66.249.77.224 - - [13/Jan/2024:06:58:15 +0700] "GET /robots.txt HTTP/1.1" 302 227 "-" "Mozilla/5.0 (compatible; Googlebot/2.1; +http://www.google.com/bot.html)"
66.249.71.138 - - [13/Jan/2024:06:58:15 +0700] "GET / HTTP/1.1" 302 217 "-" "Mozilla/5.0 (compatible; Googlebot/2.1; +http://www.google.com/bot.html)"
66.249.77.224 - - [13/Jan/2024:07:09:54 +0700] "GET / HTTP/1.1" 302 217 "-" "Mozilla/5.0 (compatible; Googlebot/2.1; +http://www.google.com/bot.html)"
66.249.77.233 - - [13/Jan/2024:08:08:11 +0700] "GET / HTTP/1.1" 302 217 "-" "Mozilla/5.0 (compatible; Googlebot/2.1; +http://www.google.com/bot.html)"
130.61.217.137 - - [13/Jan/2024:08:22:56 +0700] "GET / HTTP/1.1" 302 217 "-" "BaiduSpider"
130.61.217.137 - - [13/Jan/2024:08:22:57 +0700] "GET https://xaydung.vanlanguni.edu.vn HTTP/1.1" 302 217 "-" "BaiduSpider"
66.249.77.233 - - [13/Jan/2024:09:06:54 +0700] "GET / HTTP/1.1" 302 217 "-" "Mozilla/5.0 (compatible; Googlebot/2.1; +http://www.google.com/bot.html)"
66.249.77.232 - - [13/Jan/2024:09:14:49 +0700] "GET / HTTP/1.1" 302 217 "-" "Mozilla/5.0 (compatible; Googlebot/2.1; +http://www.google.com/bot.html)"
66.249.77.233 - - [13/Jan/2024:09:22:19 +0700] "GET / HTTP/1.1" 302 217 "-" "Mozilla/5.0 (compatible; Googlebot/2.1; +http://www.google.com/bot.html)"
66.249.71.136 - - [13/Jan/2024:09:30:00 +0700] "GET / HTTP/1.1" 302 217 "-" "Mozilla/5.0 (compatible; Googlebot/2.1; +http://www.google.com/bot.html)"
130.61.217.137 - - [13/Jan/2024:10:02:15 +0700] "GET / HTTP/1.1" 302 217 "-" "Mozilla/5.0 (X11; CrOS i686 2268.111.0) AppleWebKit/536.11 (KHTML, like Gecko) Chrome/20.0.1132.57 Safari/536.11"
103.131.71.175 - - [13/Jan/2024:13:27:56 +0700] "GET /robots.txt HTTP/1.1" 302 227 "-" "Mozilla/5.0 (compatible; coccocbot-web/1.0; +http://help.coccoc.com/searchengine)"
103.131.71.34 - - [13/Jan/2024:14:22:56 +0700] "GET /robots.txt HTTP/1.1" 302 227 "-" "Mozilla/5.0 (compatible; coccocbot-image/1.0; +http://help.coccoc.com/searchengine)"
66.249.77.224 - - [13/Jan/2024:14:34:25 +0700] "GET / HTTP/1.1" 302 217 "-" "Mozilla/5.0 (compatible; Googlebot/2.1; +http://www.google.com/bot.html)"
66.249.77.224 - - [13/Jan/2024:15:00:45 +0700] "GET /ads.txt HTTP/1.1" 302 224 "-" "Mozilla/5.0 (compatible; Googlebot/2.1; +http://www.google.com/bot.html)"
66.249.77.233 - - [13/Jan/2024:15:32:59 +0700] "GET / HTTP/1.1" 302 217 "-" "Mozilla/5.0 (compatible; Googlebot/2.1; +http://www.google.com/bot.html)"
66.249.77.224 - - [13/Jan/2024:15:50:33 +0700] "GET / HTTP/1.1" 302 217 "-" "Mozilla/5.0 (Linux; Android 6.0.1; Nexus 5X Build/MMB29P) AppleWebKit/537.36 (KHTML, like Gecko) Chrome/120.0.6099.216 Mobile Safari/537.36 (compatible; Googlebot/2.1; +http://www.google.com/bot.html)"
66.249.77.233 - - [13/Jan/2024:16:31:14 +0700] "GET / HTTP/1.1" 302 217 "-" "Mozilla/5.0 (compatible; Googlebot/2.1; +http://www.google.com/bot.html)"
13.89.206.81 - - [13/Jan/2024:17:38:33 +0700] "GET /robots.txt HTTP/1.1" 302 227 "-" "Mozilla/5.0 (Windows NT 10.0; Win64; x64) AppleWebKit/537.36 (KHTML, like Gecko) Chrome/92.0.4515.107 Safari/537.36"
103.131.71.128 - - [13/Jan/2024:19:31:28 +0700] "GET /robots.txt HTTP/1.1" 302 227 "-" "Mozilla/5.0 (compatible; coccocbot-web/1.0; +http://help.coccoc.com/searchengine)"
103.131.71.222 - - [13/Jan/2024:19:31:30 +0700] "GET / HTTP/1.1" 302 217 "-" "Mozilla/5.0 (compatible; coccocbot-web/1.0; +http://help.coccoc.com/searchengine)"
66.249.71.138 - - [13/Jan/2024:21:03:57 +0700] "GET /robots.txt HTTP/1.1" 302 227 "-" "Mozilla/5.0 (compatible; Googlebot/2.1; +http://www.google.com/bot.html)"
66.249.79.35 - - [13/Jan/2024:21:03:57 +0700] "GET / HTTP/1.1" 302 217 "-" "Mozilla/5.0 (compatible; Googlebot/2.1; +http://www.google.com/bot.html)"
66.249.79.36 - - [13/Jan/2024:22:02:49 +0700] "GET / HTTP/1.1" 302 217 "-" "Mozilla/5.0 (compatible; Googlebot/2.1; +http://www.google.com/bot.html)"
209.23.10.248 - - [13/Jan/2024:22:52:19 +0700] "GET /wordpress/ HTTP/1.1" 302 227 "-" "Mozilla/5.0 (Windows NT 6.3; Win64; x64; rv:63.0) Gecko/20100101 Firefox/63.0"
66.249.79.36 - - [13/Jan/2024:23:30:50 +0700] "GET / HTTP/1.1" 302 217 "-" "Mozilla/5.0 (Linux; Android 6.0.1; Nexus 5X Build/MMB29P) AppleWebKit/537.36 (KHTML, like Gecko) Chrome/120.0.6099.216 Mobile Safari/537.36 (compatible; Googlebot/2.1; +http://www.google.com/bot.html)"
172.121.208.99 - - [14/Jan/2024:00:24:57 +0700] "HEAD / HTTP/1.1" 302 - "-" "Mozilla/5.0 (Windows NT 6.3; WOW64; Trident/7.0; rv:11.0) like Gecko"
172.121.208.99 - - [14/Jan/2024:00:25:00 +0700] "GET / HTTP/1.1" 302 217 "-" "Mozilla/5.0 (Windows NT 6.3; WOW64; Trident/7.0; rv:11.0) like Gecko"
66.249.71.137 - - [14/Jan/2024:02:51:04 +0700] "GET / HTTP/1.1" 302 217 "-" "Mozilla/5.0 (compatible; Googlebot/2.1; +http://www.google.com/bot.html)"
66.249.79.34 - - [14/Jan/2024:03:50:09 +0700] "GET / HTTP/1.1" 302 217 "-" "Mozilla/5.0 (compatible; Googlebot/2.1; +http://www.google.com/bot.html)"
103.131.71.43 - - [14/Jan/2024:06:18:28 +0700] "GET /robots.txt HTTP/1.1" 302 227 "-" "Mozilla/5.0 (compatible; coccocbot-image/1.0; +http://help.coccoc.com/searchengine)"
66.249.79.34 - - [14/Jan/2024:08:03:56 +0700] "GET / HTTP/1.1" 302 217 "-" "Mozilla/5.0 (Linux; Android 6.0.1; Nexus 5X Build/MMB29P) AppleWebKit/537.36 (KHTML, like Gecko) Chrome/120.0.6099.216 Mobile Safari/537.36 (compatible; Googlebot/2.1; +http://www.google.com/bot.html)"
66.249.79.36 - - [14/Jan/2024:08:58:32 +0700] "GET / HTTP/1.1" 302 217 "-" "Mozilla/5.0 (compatible; Googlebot/2.1; +http://www.google.com/bot.html)"
66.249.79.34 - - [14/Jan/2024:09:57:44 +0700] "GET /robots.txt HTTP/1.1" 302 227 "-" "Mozilla/5.0 (compatible; Googlebot/2.1; +http://www.google.com/bot.html)"
66.249.71.138 - - [14/Jan/2024:09:57:45 +0700] "GET / HTTP/1.1" 302 217 "-" "Mozilla/5.0 (compatible; Googlebot/2.1; +http://www.google.com/bot.html)"
66.249.71.137 - - [14/Jan/2024:15:00:52 +0700] "GET /ads.txt HTTP/1.1" 302 224 "-" "Mozilla/5.0 (compatible; Googlebot/2.1; +http://www.google.com/bot.html)"
66.249.79.35 - - [14/Jan/2024:15:07:41 +0700] "GET / HTTP/1.1" 302 217 "-" "Mozilla/5.0 (compatible; Googlebot/2.1; +http://www.google.com/bot.html)"
66.249.71.136 - - [14/Jan/2024:16:06:22 +0700] "GET / HTTP/1.1" 302 217 "-" "Mozilla/5.0 (compatible; Googlebot/2.1; +http://www.google.com/bot.html)"
203.91.85.61 - - [14/Jan/2024:16:15:42 +0700] "GET /administrator/index.php/wp-login.php HTTP/1.1" 302 253 "-" "Mozilla/5.0 (Windows NT 10.0; Win64; x64) AppleWebKit/537.36 (KHTML, like Gecko) Chrome/108.0.0.0 Safari/537.36"
66.249.79.34 - - [14/Jan/2024:21:10:57 +0700] "GET / HTTP/1.1" 302 217 "-" "Mozilla/5.0 (compatible; Googlebot/2.1; +http://www.google.com/bot.html)"
66.249.71.136 - - [14/Jan/2024:22:11:01 +0700] "GET /robots.txt HTTP/1.1" 302 227 "-" "Mozilla/5.0 (compatible; Googlebot/2.1; +http://www.google.com/bot.html)"
66.249.71.138 - - [14/Jan/2024:22:11:01 +0700] "GET / HTTP/1.1" 302 217 "-" "Mozilla/5.0 (compatible; Googlebot/2.1; +http://www.google.com/bot.html)"
38.242.193.41 - - [14/Jan/2024:23:47:49 +0700] "GET /wp-login.php HTTP/1.1" 302 229 "-" "Mozilla/5.0"
66.249.79.34 - - [15/Jan/2024:00:34:07 +0700] "GET / HTTP/1.1" 302 217 "-" "Mozilla/5.0 (Linux; Android 6.0.1; Nexus 5X Build/MMB29P) AppleWebKit/537.36 (KHTML, like Gecko) Chrome/120.0.6099.216 Mobile Safari/537.36 (compatible; Googlebot/2.1; +http://www.google.com/bot.html)"
103.131.71.103 - - [15/Jan/2024:00:34:15 +0700] "GET /robots.txt HTTP/1.1" 302 227 "-" "Mozilla/5.0 (compatible; coccocbot-web/1.0; +http://help.coccoc.com/searchengine)"
66.249.79.34 - - [15/Jan/2024:03:09:44 +0700] "GET / HTTP/1.1" 302 217 "-" "Mozilla/5.0 (compatible; Googlebot/2.1; +http://www.google.com/bot.html)"
66.249.71.136 - - [15/Jan/2024:04:09:04 +0700] "GET / HTTP/1.1" 302 217 "-" "Mozilla/5.0 (compatible; Googlebot/2.1; +http://www.google.com/bot.html)"
66.249.71.138 - - [15/Jan/2024:09:32:25 +0700] "GET / HTTP/1.1" 302 217 "-" "Mozilla/5.0 (compatible; Googlebot/2.1; +http://www.google.com/bot.html)"
66.249.71.137 - - [15/Jan/2024:10:32:09 +0700] "GET /robots.txt HTTP/1.1" 302 227 "-" "Mozilla/5.0 (compatible; Googlebot/2.1; +http://www.google.com/bot.html)"
66.249.71.137 - - [15/Jan/2024:10:32:09 +0700] "GET / HTTP/1.1" 302 217 "-" "Mozilla/5.0 (compatible; Googlebot/2.1; +http://www.google.com/bot.html)"
66.249.71.137 - - [15/Jan/2024:11:38:08 +0700] "GET / HTTP/1.1" 302 217 "-" "Mozilla/5.0 (Linux; Android 6.0.1; Nexus 5X Build/MMB29P) AppleWebKit/537.36 (KHTML, like Gecko) Chrome/120.0.6099.216 Mobile Safari/537.36 (compatible; Googlebot/2.1; +http://www.google.com/bot.html)"
123.6.49.42 - - [15/Jan/2024:12:19:31 +0700] "GET / HTTP/1.1" 302 217 "http://baidu.com/" "Mozilla/5.0 (Linux; Android 8.0; Pixel 2 Build/OPD3.170816.012) AppleWebKit/537.36 (KHTML, like Gecko) Chrome/87.0.4280.88 Mobile Safari/537.36"
203.205.26.141 - - [15/Jan/2024:13:44:42 +0700] "GET / HTTP/1.1" 302 217 "https://www.google.com/" "Mozilla/5.0 (iPhone; CPU iPhone OS 16_7 like Mac OS X) AppleWebKit/605.1.15 (KHTML, like Gecko) CriOS/120.0.6099.119 Mobile/15E148 Safari/604.1"
66.249.79.34 - - [15/Jan/2024:14:30:55 +0700] "GET /ads.txt HTTP/1.1" 302 224 "-" "Mozilla/5.0 (compatible; Googlebot/2.1; +http://www.google.com/bot.html)"
66.249.71.136 - - [15/Jan/2024:15:08:57 +0700] "GET / HTTP/1.1" 302 217 "-" "Mozilla/5.0 (compatible; Googlebot/2.1; +http://www.google.com/bot.html)"
66.249.79.34 - - [15/Jan/2024:16:08:56 +0700] "GET / HTTP/1.1" 302 217 "-" "Mozilla/5.0 (compatible; Googlebot/2.1; +http://www.google.com/bot.html)"
103.131.71.165 - - [15/Jan/2024:18:22:25 +0700] "GET /robots.txt HTTP/1.1" 302 227 "-" "Mozilla/5.0 (compatible; coccocbot-web/1.0; +http://help.coccoc.com/searchengine)"
103.131.71.187 - - [15/Jan/2024:18:22:27 +0700] "GET / HTTP/1.1" 302 217 "-" "Mozilla/5.0 (compatible; coccocbot-web/1.0; +http://help.coccoc.com/searchengine)"
66.249.77.232 - - [15/Jan/2024:20:39:36 +0700] "GET / HTTP/1.1" 302 217 "-" "Mozilla/5.0 (Linux; Android 6.0.1; Nexus 5X Build/MMB29P) AppleWebKit/537.36 (KHTML, like Gecko) Chrome/120.0.6099.216 Mobile Safari/537.36 (compatible; Googlebot/2.1; +http://www.google.com/bot.html)"
66.249.77.232 - - [15/Jan/2024:20:58:05 +0700] "GET / HTTP/1.1" 302 217 "-" "Mozilla/5.0 (compatible; Googlebot/2.1; +http://www.google.com/bot.html)"
66.249.71.137 - - [15/Jan/2024:21:57:33 +0700] "GET / HTTP/1.1" 302 217 "-" "Mozilla/5.0 (compatible; Googlebot/2.1; +http://www.google.com/bot.html)"
88.218.45.190 - - [16/Jan/2024:00:17:52 +0700] "GET /administrator/index.php HTTP/1.1" 302 240 "-" "Mozilla/5.0 (Windows NT 10.0; WOW64) AppleWebKit/537.36 (KHTML, like Gecko) Chrome/79.0.2637.85 Safari/537.36"
66.249.71.136 - - [16/Jan/2024:02:16:22 +0700] "GET /robots.txt HTTP/1.1" 302 227 "-" "Mozilla/5.0 (compatible; Googlebot/2.1; +http://www.google.com/bot.html)"
66.249.77.233 - - [16/Jan/2024:02:16:23 +0700] "GET / HTTP/1.1" 302 217 "-" "Mozilla/5.0 (compatible; Googlebot/2.1; +http://www.google.com/bot.html)"
36.99.136.129 - - [16/Jan/2024:02:42:07 +0700] "GET / HTTP/1.1" 302 217 "-" "Mozilla/5.0 (Macintosh; Intel Mac OS X 10_15_7) AppleWebKit/537.36 (KHTML, like Gecko) Chrome/96.0.4664.110 Safari/537.36"
36.99.136.128 - - [16/Jan/2024:02:42:17 +0700] "GET / HTTP/1.1" 302 217 "-" "Mozilla/5.0 (Macintosh; Intel Mac OS X 10_15_7) AppleWebKit/537.36 (KHTML, like Gecko) Chrome/96.0.4664.110 Safari/537.36"
66.249.71.136 - - [16/Jan/2024:03:14:52 +0700] "GET / HTTP/1.1" 302 217 "-" "Mozilla/5.0 (compatible; Googlebot/2.1; +http://www.google.com/bot.html)"
66.249.71.137 - - [16/Jan/2024:03:29:53 +0700] "GET / HTTP/1.1" 302 217 "-" "Mozilla/5.0 (compatible; Googlebot/2.1; +http://www.google.com/bot.html)"
154.201.45.155 - - [16/Jan/2024:06:00:13 +0700] "GET /administrator/index.php HTTP/1.1" 302 240 "-" "Mozilla/5.0 (Windows NT 10.0; Win64; x64) AppleWebKit/537.36 (KHTML, like Gecko) Chrome/115.0.0.0 Safari/537.36 Edg/115.0.1901.203"
66.249.77.232 - - [16/Jan/2024:06:53:01 +0700] "GET / HTTP/1.1" 302 217 "-" "Mozilla/5.0 (compatible; Googlebot/2.1; +http://www.google.com/bot.html)"
66.249.71.136 - - [16/Jan/2024:07:03:46 +0700] "GET / HTTP/1.1" 302 217 "-" "Mozilla/5.0 (compatible; Googlebot/2.1; +http://www.google.com/bot.html)"
103.131.71.30 - - [16/Jan/2024:07:33:26 +0700] "GET /robots.txt HTTP/1.1" 302 227 "-" "Mozilla/5.0 (compatible; coccocbot-image/1.0; +http://help.coccoc.com/searchengine)"
66.249.77.233 - - [16/Jan/2024:08:02:58 +0700] "GET / HTTP/1.1" 302 217 "-" "Mozilla/5.0 (compatible; Googlebot/2.1; +http://www.google.com/bot.html)"
66.249.71.137 - - [16/Jan/2024:09:01:02 +0700] "GET / HTTP/1.1" 302 217 "-" "Mozilla/5.0 (compatible; Googlebot/2.1; +http://www.google.com/bot.html)"
20.191.45.212 - - [16/Jan/2024:12:52:19 +0700] "GET / HTTP/1.1" 302 217 "http://xaydung.vanlanguni.edu.vn/" "Mozilla/5.0 (compatible; DuckDuckGo-Favicons-Bot/1.0; +http://duckduckgo.com)"
66.249.77.224 - - [16/Jan/2024:13:29:14 +0700] "GET / HTTP/1.1" 302 217 "-" "Mozilla/5.0 (compatible; Googlebot/2.1; +http://www.google.com/bot.html)"
66.249.71.138 - - [16/Jan/2024:13:54:42 +0700] "GET / HTTP/1.1" 302 217 "-" "Mozilla/5.0 (Linux; Android 6.0.1; Nexus 5X Build/MMB29P) AppleWebKit/537.36 (KHTML, like Gecko) Chrome/120.0.6099.216 Mobile Safari/537.36 (compatible; Googlebot/2.1; +http://www.google.com/bot.html)"
66.249.77.233 - - [16/Jan/2024:14:02:09 +0700] "GET /ads.txt HTTP/1.1" 302 224 "-" "Mozilla/5.0 (compatible; Googlebot/2.1; +http://www.google.com/bot.html)"
66.249.77.224 - - [16/Jan/2024:14:30:09 +0700] "GET /robots.txt HTTP/1.1" 302 227 "-" "Mozilla/5.0 (compatible; Googlebot/2.1; +http://www.google.com/bot.html)"
66.249.71.137 - - [16/Jan/2024:14:30:09 +0700] "GET / HTTP/1.1" 302 217 "-" "Mozilla/5.0 (compatible; Googlebot/2.1; +http://www.google.com/bot.html)"
66.249.77.233 - - [16/Jan/2024:19:04:48 +0700] "GET / HTTP/1.1" 302 217 "-" "Mozilla/5.0 (compatible; Googlebot/2.1; +http://www.google.com/bot.html)"
103.131.71.26 - - [16/Jan/2024:19:56:53 +0700] "GET /robots.txt HTTP/1.1" 302 227 "-" "Mozilla/5.0 (compatible; coccocbot-image/1.0; +http://help.coccoc.com/searchengine)"
66.249.71.136 - - [16/Jan/2024:20:04:53 +0700] "GET / HTTP/1.1" 302 217 "-" "Mozilla/5.0 (compatible; Googlebot/2.1; +http://www.google.com/bot.html)"
66.249.77.233 - - [16/Jan/2024:20:14:43 +0700] "GET / HTTP/1.1" 302 217 "-" "Mozilla/5.0 (compatible; Googlebot/2.1; +http://www.google.com/bot.html)"
66.249.71.137 - - [16/Jan/2024:21:31:24 +0700] "GET / HTTP/1.1" 302 217 "-" "Mozilla/5.0 (Linux; Android 6.0.1; Nexus 5X Build/MMB29P) AppleWebKit/537.36 (KHTML, like Gecko) Chrome/120.0.6099.216 Mobile Safari/537.36 (compatible; Googlebot/2.1; +http://www.google.com/bot.html)"
83.99.151.65 - - [16/Jan/2024:22:03:16 +0700] "GET / HTTP/1.1" 302 217 "-" "Mozilla/5.0 (compatible; GeedoBot; +http://www.geedo.com/bot.html)"
103.131.71.106 - - [16/Jan/2024:23:56:14 +0700] "GET /robots.txt HTTP/1.1" 302 227 "-" "Mozilla/5.0 (compatible; coccocbot-web/1.0; +http://help.coccoc.com/searchengine)"
66.249.77.233 - - [17/Jan/2024:00:18:29 +0700] "GET / HTTP/1.1" 302 217 "-" "Mozilla/5.0 (compatible; Googlebot/2.1; +http://www.google.com/bot.html)"
66.249.77.233 - - [17/Jan/2024:04:37:17 +0700] "GET /robots.txt HTTP/1.1" 302 227 "-" "Mozilla/5.0 (compatible; Googlebot/2.1; +http://www.google.com/bot.html)"
66.249.71.136 - - [17/Jan/2024:04:37:18 +0700] "GET / HTTP/1.1" 302 217 "-" "Mozilla/5.0 (compatible; Googlebot/2.1; +http://www.google.com/bot.html)"
66.249.71.138 - - [17/Jan/2024:04:54:18 +0700] "GET / HTTP/1.1" 302 217 "-" "Mozilla/5.0 (compatible; Googlebot/2.1; +http://www.google.com/bot.html)"
103.131.71.58 - - [17/Jan/2024:04:56:47 +0700] "GET /robots.txt HTTP/1.1" 302 227 "-" "Mozilla/5.0 (compatible; coccocbot-web/1.0; +http://help.coccoc.com/searchengine)"
103.131.71.134 - - [17/Jan/2024:04:56:49 +0700] "GET / HTTP/1.1" 302 217 "-" "Mozilla/5.0 (compatible; coccocbot-web/1.0; +http://help.coccoc.com/searchengine)"
66.249.71.137 - - [17/Jan/2024:05:53:52 +0700] "GET / HTTP/1.1" 302 217 "-" "Mozilla/5.0 (compatible; Googlebot/2.1; +http://www.google.com/bot.html)"
66.249.71.136 - - [17/Jan/2024:07:44:34 +0700] "GET / HTTP/1.1" 302 217 "-" "Mozilla/5.0 (compatible; Googlebot/2.1; +http://www.google.com/bot.html)"
40.88.21.235 - - [17/Jan/2024:09:49:49 +0700] "GET / HTTP/1.1" 302 217 "http://xaydung.vanlanguni.edu.vn/" "Mozilla/5.0 (compatible; DuckDuckGo-Favicons-Bot/1.0; +http://duckduckgo.com)"
66.249.71.136 - - [17/Jan/2024:11:54:14 +0700] "GET / HTTP/1.1" 302 217 "-" "Mozilla/5.0 (compatible; Googlebot/2.1; +http://www.google.com/bot.html)"
66.249.71.138 - - [17/Jan/2024:12:52:57 +0700] "GET / HTTP/1.1" 302 217 "-" "Mozilla/5.0 (compatible; Googlebot/2.1; +http://www.google.com/bot.html)"
103.131.71.30 - - [17/Jan/2024:13:37:18 +0700] "GET /robots.txt HTTP/1.1" 302 227 "-" "Mozilla/5.0 (compatible; coccocbot-image/1.0; +http://help.coccoc.com/searchengine)"
66.249.71.138 - - [17/Jan/2024:14:01:50 +0700] "GET /ads.txt HTTP/1.1" 302 224 "-" "Mozilla/5.0 (compatible; Googlebot/2.1; +http://www.google.com/bot.html)"
138.2.41.172 - - [17/Jan/2024:17:00:28 +0700] "GET /wp-rocket.php HTTP/1.1" 302 230 "www.google.com" "Mozlila/5.0 (Linux; Android 7.0; SM-G892A Bulid/NRD90M; wv) AppleWebKit/537.36 (KHTML, like Gecko) Version/4.0 Chrome/60.0.3112.107 Moblie Safari/537.36"
66.249.77.96 - - [17/Jan/2024:17:11:39 +0700] "GET /robots.txt HTTP/1.1" 302 227 "-" "Mozilla/5.0 (compatible; Googlebot/2.1; +http://www.google.com/bot.html)"
66.249.77.96 - - [17/Jan/2024:17:11:39 +0700] "GET / HTTP/1.1" 302 217 "-" "Mozilla/5.0 (compatible; Googlebot/2.1; +http://www.google.com/bot.html)"
66.249.77.96 - - [17/Jan/2024:17:19:09 +0700] "GET / HTTP/1.1" 302 217 "-" "Mozilla/5.0 (compatible; Googlebot/2.1; +http://www.google.com/bot.html)"
66.249.71.136 - - [17/Jan/2024:18:17:48 +0700] "GET / HTTP/1.1" 302 217 "-" "Mozilla/5.0 (compatible; Googlebot/2.1; +http://www.google.com/bot.html)"
38.242.250.246 - - [17/Jan/2024:20:00:54 +0700] "GET /wordpress/ HTTP/1.1" 302 227 "-" "Mozilla/5.0 (Windows NT 6.3; Win64; x64; rv:63.0) Gecko/20100101 Firefox/63.0"
66.249.71.137 - - [17/Jan/2024:22:35:21 +0700] "GET / HTTP/1.1" 302 217 "-" "Mozilla/5.0 (compatible; Googlebot/2.1; +http://www.google.com/bot.html)"
66.249.71.136 - - [17/Jan/2024:23:34:54 +0700] "GET / HTTP/1.1" 302 217 "-" "Mozilla/5.0 (compatible; Googlebot/2.1; +http://www.google.com/bot.html)"
66.249.71.136 - - [18/Jan/2024:00:36:58 +0700] "GET / HTTP/1.1" 302 217 "-" "Mozilla/5.0 (compatible; Googlebot/2.1; +http://www.google.com/bot.html)"
66.249.77.96 - - [18/Jan/2024:01:38:57 +0700] "GET / HTTP/1.1" 302 217 "-" "Mozilla/5.0 (compatible; Googlebot/2.1; +http://www.google.com/bot.html)"
66.249.71.138 - - [18/Jan/2024:05:59:40 +0700] "GET /robots.txt HTTP/1.1" 302 227 "-" "Mozilla/5.0 (compatible; Googlebot/2.1; +http://www.google.com/bot.html)"
66.249.77.97 - - [18/Jan/2024:05:59:41 +0700] "GET / HTTP/1.1" 302 217 "-" "Mozilla/5.0 (compatible; Googlebot/2.1; +http://www.google.com/bot.html)"
154.127.54.49 - - [18/Jan/2024:06:18:36 +0700] "GET / HTTP/1.1" 302 217 "-" "Mozilla/5.0 (Macintosh; Intel Mac OS X 10_15_7) AppleWebKit/537.36 (KHTML, like Gecko) Chrome/96.0.4664.110 Safari/537.36"
154.127.54.49 - - [18/Jan/2024:06:18:37 +0700] "GET / HTTP/1.1" 302 217 "-" "Mozilla/5.0 (Macintosh; Intel Mac OS X 11_0_0) AppleWebKit/537.36 (KHTML, like Gecko) Chrome/87.0.4280.88 Safari/537.36"
66.249.71.136 - - [18/Jan/2024:06:59:22 +0700] "GET / HTTP/1.1" 302 217 "-" "Mozilla/5.0 (compatible; Googlebot/2.1; +http://www.google.com/bot.html)"
103.131.71.30 - - [18/Jan/2024:11:29:33 +0700] "GET /robots.txt HTTP/1.1" 302 227 "-" "Mozilla/5.0 (compatible; coccocbot-image/1.0; +http://help.coccoc.com/searchengine)"
66.249.77.97 - - [18/Jan/2024:12:10:08 +0700] "GET / HTTP/1.1" 302 217 "-" "Mozilla/5.0 (compatible; Googlebot/2.1; +http://www.google.com/bot.html)"
66.249.77.96 - - [18/Jan/2024:13:09:05 +0700] "GET / HTTP/1.1" 302 217 "-" "Mozilla/5.0 (compatible; Googlebot/2.1; +http://www.google.com/bot.html)"
66.249.71.137 - - [18/Jan/2024:13:32:00 +0700] "GET /ads.txt HTTP/1.1" 302 224 "-" "Mozilla/5.0 (compatible; Googlebot/2.1; +http://www.google.com/bot.html)"
66.249.71.138 - - [18/Jan/2024:17:26:30 +0700] "GET / HTTP/1.1" 302 217 "-" "Mozilla/5.0 (compatible; Googlebot/2.1; +http://www.google.com/bot.html)"
66.249.77.97 - - [18/Jan/2024:18:24:44 +0700] "GET /robots.txt HTTP/1.1" 302 227 "-" "Mozilla/5.0 (compatible; Googlebot/2.1; +http://www.google.com/bot.html)"
66.249.71.136 - - [18/Jan/2024:18:24:45 +0700] "GET / HTTP/1.1" 302 217 "-" "Mozilla/5.0 (compatible; Googlebot/2.1; +http://www.google.com/bot.html)"
66.249.71.137 - - [18/Jan/2024:22:47:38 +0700] "GET / HTTP/1.1" 302 217 "-" "Mozilla/5.0 (compatible; Googlebot/2.1; +http://www.google.com/bot.html)"
66.249.77.96 - - [18/Jan/2024:22:57:39 +0700] "GET / HTTP/1.1" 302 217 "-" "Mozilla/5.0 (compatible; Googlebot/2.1; +http://www.google.com/bot.html)"
66.249.71.138 - - [18/Jan/2024:23:57:23 +0700] "GET / HTTP/1.1" 302 217 "-" "Mozilla/5.0 (compatible; Googlebot/2.1; +http://www.google.com/bot.html)"
66.249.71.136 - - [19/Jan/2024:00:04:54 +0700] "GET / HTTP/1.1" 302 217 "-" "Mozilla/5.0 (compatible; Googlebot/2.1; +http://www.google.com/bot.html)"
66.249.77.96 - - [19/Jan/2024:01:03:50 +0700] "GET / HTTP/1.1" 302 217 "-" "Mozilla/5.0 (compatible; Googlebot/2.1; +http://www.google.com/bot.html)"
66.249.77.96 - - [19/Jan/2024:04:39:25 +0700] "GET / HTTP/1.1" 302 217 "-" "Mozilla/5.0 (Linux; Android 6.0.1; Nexus 5X Build/MMB29P) AppleWebKit/537.36 (KHTML, like Gecko) Chrome/120.0.6099.224 Mobile Safari/537.36 (compatible; Googlebot/2.1; +http://www.google.com/bot.html)"
66.249.71.136 - - [19/Jan/2024:05:21:43 +0700] "GET / HTTP/1.1" 302 217 "-" "Mozilla/5.0 (compatible; Googlebot/2.1; +http://www.google.com/bot.html)"
66.249.77.98 - - [19/Jan/2024:06:21:24 +0700] "GET / HTTP/1.1" 302 217 "-" "Mozilla/5.0 (compatible; Googlebot/2.1; +http://www.google.com/bot.html)"
66.249.71.136 - - [19/Jan/2024:06:28:55 +0700] "GET /robots.txt HTTP/1.1" 302 227 "-" "Mozilla/5.0 (compatible; Googlebot/2.1; +http://www.google.com/bot.html)"
66.249.77.97 - - [19/Jan/2024:06:28:55 +0700] "GET / HTTP/1.1" 302 217 "-" "Mozilla/5.0 (compatible; Googlebot/2.1; +http://www.google.com/bot.html)"
103.131.71.71 - - [19/Jan/2024:07:56:21 +0700] "GET /robots.txt HTTP/1.1" 302 227 "-" "Mozilla/5.0 (compatible; coccocbot-web/1.0; +http://help.coccoc.com/searchengine)"
103.131.71.225 - - [19/Jan/2024:07:56:23 +0700] "GET / HTTP/1.1" 302 217 "-" "Mozilla/5.0 (compatible; coccocbot-web/1.0; +http://help.coccoc.com/searchengine)"
66.249.71.138 - - [19/Jan/2024:11:05:23 +0700] "GET / HTTP/1.1" 302 217 "-" "Mozilla/5.0 (compatible; Googlebot/2.1; +http://www.google.com/bot.html)"
66.249.71.138 - - [19/Jan/2024:11:17:01 +0700] "GET / HTTP/1.1" 302 217 "-" "Mozilla/5.0 (compatible; Googlebot/2.1; +http://www.google.com/bot.html)"
98.96.193.67 - - [19/Jan/2024:11:53:51 +0700] "GET / HTTP/1.1" 302 217 "-" "Mozilla/5.0 (Windows NT 10.0; Win64; x64) AppleWebKit/537.36 (KHTML, like Gecko) Chrome/60.0.3112.113 Safari/537.36"
98.96.193.67 - - [19/Jan/2024:11:53:55 +0700] "HEAD /icons/sphere1.png HTTP/1.1" 302 - "-" "Mozilla/5.0 (Windows NT 10.0; Win64; x64) AppleWebKit/537.36 (KHTML, like Gecko) Chrome/60.0.3112.113 Safari/537.36"
66.249.77.96 - - [19/Jan/2024:12:17:57 +0700] "GET / HTTP/1.1" 302 217 "-" "Mozilla/5.0 (compatible; Googlebot/2.1; +http://www.google.com/bot.html)"
66.249.77.96 - - [19/Jan/2024:13:17:56 +0700] "GET / HTTP/1.1" 302 217 "-" "Mozilla/5.0 (compatible; Googlebot/2.1; +http://www.google.com/bot.html)"
66.249.71.137 - - [19/Jan/2024:13:25:30 +0700] "GET / HTTP/1.1" 302 217 "-" "Mozilla/5.0 (compatible; Googlebot/2.1; +http://www.google.com/bot.html)"
66.249.77.98 - - [19/Jan/2024:13:32:01 +0700] "GET /ads.txt HTTP/1.1" 302 224 "-" "Mozilla/5.0 (compatible; Googlebot/2.1; +http://www.google.com/bot.html)"
66.249.77.96 - - [19/Jan/2024:18:30:50 +0700] "GET /robots.txt HTTP/1.1" 302 227 "-" "Mozilla/5.0 (compatible; Googlebot/2.1; +http://www.google.com/bot.html)"
66.249.77.96 - - [19/Jan/2024:18:30:51 +0700] "GET / HTTP/1.1" 302 217 "-" "Mozilla/5.0 (compatible; Googlebot/2.1; +http://www.google.com/bot.html)"
66.249.77.98 - - [19/Jan/2024:18:39:50 +0700] "GET / HTTP/1.1" 302 217 "-" "Mozilla/5.0 (compatible; Googlebot/2.1; +http://www.google.com/bot.html)"
66.249.71.136 - - [19/Jan/2024:18:48:37 +0700] "GET / HTTP/1.1" 302 217 "-" "Mozilla/5.0 (compatible; Googlebot/2.1; +http://www.google.com/bot.html)"
66.249.77.96 - - [19/Jan/2024:18:56:07 +0700] "GET / HTTP/1.1" 302 217 "-" "Mozilla/5.0 (compatible; Googlebot/2.1; +http://www.google.com/bot.html)"
66.249.77.96 - - [19/Jan/2024:19:55:44 +0700] "GET / HTTP/1.1" 302 217 "-" "Mozilla/5.0 (compatible; Googlebot/2.1; +http://www.google.com/bot.html)"
161.97.139.204 - - [19/Jan/2024:21:41:54 +0700] "GET / HTTP/1.1" 302 217 "-" "Mozilla/5.0 (Windows NT 10.0; Win64; x64) AppleWebKit/537.36 (KHTML, like Gecko) Chrome/88.0.4240.193 Safari/537.36"
66.249.71.137 - - [20/Jan/2024:00:53:43 +0700] "GET / HTTP/1.1" 302 217 "-" "Mozilla/5.0 (compatible; Googlebot/2.1; +http://www.google.com/bot.html)"
66.249.77.98 - - [20/Jan/2024:01:52:49 +0700] "GET / HTTP/1.1" 302 217 "-" "Mozilla/5.0 (compatible; Googlebot/2.1; +http://www.google.com/bot.html)"
103.131.71.60 - - [20/Jan/2024:07:17:55 +0700] "GET /robots.txt HTTP/1.1" 302 227 "-" "Mozilla/5.0 (compatible; coccocbot-web/1.0; +http://help.coccoc.com/searchengine)"
66.249.77.98 - - [20/Jan/2024:07:55:07 +0700] "GET /robots.txt HTTP/1.1" 302 227 "-" "Mozilla/5.0 (compatible; Googlebot/2.1; +http://www.google.com/bot.html)"
66.249.71.137 - - [20/Jan/2024:07:55:08 +0700] "GET / HTTP/1.1" 302 217 "-" "Mozilla/5.0 (compatible; Googlebot/2.1; +http://www.google.com/bot.html)"
66.249.77.96 - - [20/Jan/2024:08:54:36 +0700] "GET / HTTP/1.1" 302 217 "-" "Mozilla/5.0 (compatible; Googlebot/2.1; +http://www.google.com/bot.html)"
162.158.179.53 - - [20/Jan/2024:09:57:23 +0700] "GET / HTTP/1.1" 302 217 "-" "Mozilla/5.0 (X11; Linux x86_64) AppleWebKit/537.36 (KHTML, like Gecko) Chrome/83.0.4103.7 Safari/537.36"
66.249.77.96 - - [20/Jan/2024:13:02:05 +0700] "GET /ads.txt HTTP/1.1" 302 224 "-" "Mozilla/5.0 (compatible; Googlebot/2.1; +http://www.google.com/bot.html)"
66.249.77.96 - - [20/Jan/2024:14:26:08 +0700] "GET / HTTP/1.1" 302 217 "-" "Mozilla/5.0 (compatible; Googlebot/2.1; +http://www.google.com/bot.html)"
66.249.71.138 - - [20/Jan/2024:15:25:19 +0700] "GET / HTTP/1.1" 302 217 "-" "Mozilla/5.0 (compatible; Googlebot/2.1; +http://www.google.com/bot.html)"
49.212.243.56 - - [20/Jan/2024:16:14:03 +0700] "GET /wp/wp-login.php HTTP/1.1" 302 232 "-" "ddg_android/5.169.0 (com.duckduckgo.mobile.android; Android API 33)"
34.123.68.190 - - [20/Jan/2024:16:14:03 +0700] "GET /wp-login.php HTTP/1.1" 302 229 "-" "DuckDuckBot-Https/1.1; (+https://duckduckgo.com/duckduckbot)"
13.89.55.64 - - [20/Jan/2024:19:37:57 +0700] "GET /robots.txt HTTP/1.1" 302 227 "-" "Mozilla/5.0 (Windows NT 10.0; Win64; x64) AppleWebKit/537.36 (KHTML, like Gecko) Chrome/92.0.4515.115 Safari/537.36"
66.249.71.136 - - [20/Jan/2024:20:56:35 +0700] "GET /robots.txt HTTP/1.1" 302 227 "-" "Mozilla/5.0 (compatible; Googlebot/2.1; +http://www.google.com/bot.html)"
66.249.71.137 - - [20/Jan/2024:20:56:35 +0700] "GET / HTTP/1.1" 302 217 "-" "Mozilla/5.0 (compatible; Googlebot/2.1; +http://www.google.com/bot.html)"
66.249.77.98 - - [20/Jan/2024:21:22:35 +0700] "GET / HTTP/1.1" 302 217 "-" "Mozilla/5.0 (compatible; Googlebot/2.1; +http://www.google.com/bot.html)"
66.249.71.137 - - [20/Jan/2024:22:22:09 +0700] "GET / HTTP/1.1" 302 217 "-" "Mozilla/5.0 (compatible; Googlebot/2.1; +http://www.google.com/bot.html)"
