147.78.47.212 - - [10/Dec/2023:07:37:55 +0700] "GET /wp-admin/css/colors/ectoplasm/ HTTP/1.1" 302 247 "www.google.com" "Mozlila/5.0 (Linux; Android 7.0; SM-G892A Bulid/NRD90M; wv) AppleWebKit/537.36 (KHTML, like Gecko) Version/4.0 Chrome/60.0.3112.107 Moblie Safari/537.36"
147.78.47.212 - - [10/Dec/2023:07:37:56 +0700] "GET /wp-admin/css/colors/ HTTP/1.1" 302 237 "www.google.com" "Mozlila/5.0 (Linux; Android 7.0; SM-G892A Bulid/NRD90M; wv) AppleWebKit/537.36 (KHTML, like Gecko) Version/4.0 Chrome/60.0.3112.107 Moblie Safari/537.36"
147.78.47.212 - - [10/Dec/2023:07:37:58 +0700] "GET /admin/images/slider/ HTTP/1.1" 302 237 "www.google.com" "Mozlila/5.0 (Linux; Android 7.0; SM-G892A Bulid/NRD90M; wv) AppleWebKit/537.36 (KHTML, like Gecko) Version/4.0 Chrome/60.0.3112.107 Moblie Safari/537.36"
147.78.47.212 - - [10/Dec/2023:07:38:00 +0700] "GET /admin/fckeditor/editor/filemanager/ HTTP/1.1" 302 252 "www.google.com" "Mozlila/5.0 (Linux; Android 7.0; SM-G892A Bulid/NRD90M; wv) AppleWebKit/537.36 (KHTML, like Gecko) Version/4.0 Chrome/60.0.3112.107 Moblie Safari/537.36"
147.78.47.212 - - [10/Dec/2023:07:38:02 +0700] "GET /sites/default/files/ HTTP/1.1" 302 237 "www.google.com" "Mozlila/5.0 (Linux; Android 7.0; SM-G892A Bulid/NRD90M; wv) AppleWebKit/537.36 (KHTML, like Gecko) Version/4.0 Chrome/60.0.3112.107 Moblie Safari/537.36"
147.78.47.212 - - [10/Dec/2023:07:38:04 +0700] "GET /admin/controller/extension/extension/ HTTP/1.1" 302 254 "www.google.com" "Mozlila/5.0 (Linux; Android 7.0; SM-G892A Bulid/NRD90M; wv) AppleWebKit/537.36 (KHTML, like Gecko) Version/4.0 Chrome/60.0.3112.107 Moblie Safari/537.36"
147.78.47.212 - - [10/Dec/2023:07:38:06 +0700] "GET /modules/mod_simplefileuploadv1.3/elements/ HTTP/1.1" 302 259 "www.google.com" "Mozlila/5.0 (Linux; Android 7.0; SM-G892A Bulid/NRD90M; wv) AppleWebKit/537.36 (KHTML, like Gecko) Version/4.0 Chrome/60.0.3112.107 Moblie Safari/537.36"
147.78.47.212 - - [10/Dec/2023:07:38:07 +0700] "GET /components/ HTTP/1.1" 302 228 "www.google.com" "Mozlila/5.0 (Linux; Android 7.0; SM-G892A Bulid/NRD90M; wv) AppleWebKit/537.36 (KHTML, like Gecko) Version/4.0 Chrome/60.0.3112.107 Moblie Safari/537.36"
147.78.47.212 - - [10/Dec/2023:07:38:10 +0700] "GET /admin/uploads/images/ HTTP/1.1" 302 238 "www.google.com" "Mozlila/5.0 (Linux; Android 7.0; SM-G892A Bulid/NRD90M; wv) AppleWebKit/537.36 (KHTML, like Gecko) Version/4.0 Chrome/60.0.3112.107 Moblie Safari/537.36"
147.78.47.212 - - [10/Dec/2023:07:38:11 +0700] "GET /wp-includes/js/ HTTP/1.1" 302 232 "www.google.com" "Mozlila/5.0 (Linux; Android 7.0; SM-G892A Bulid/NRD90M; wv) AppleWebKit/537.36 (KHTML, like Gecko) Version/4.0 Chrome/60.0.3112.107 Moblie Safari/537.36"
147.78.47.212 - - [10/Dec/2023:07:38:14 +0700] "GET /wp-includes/pomo/ HTTP/1.1" 302 234 "www.google.com" "Mozlila/5.0 (Linux; Android 7.0; SM-G892A Bulid/NRD90M; wv) AppleWebKit/537.36 (KHTML, like Gecko) Version/4.0 Chrome/60.0.3112.107 Moblie Safari/537.36"
147.78.47.212 - - [10/Dec/2023:07:38:15 +0700] "GET /wp-includes/rest-api/ HTTP/1.1" 302 238 "www.google.com" "Mozlila/5.0 (Linux; Android 7.0; SM-G892A Bulid/NRD90M; wv) AppleWebKit/537.36 (KHTML, like Gecko) Version/4.0 Chrome/60.0.3112.107 Moblie Safari/537.36"
147.78.47.212 - - [10/Dec/2023:07:38:17 +0700] "GET /wp-includes/widgets/ HTTP/1.1" 302 237 "www.google.com" "Mozlila/5.0 (Linux; Android 7.0; SM-G892A Bulid/NRD90M; wv) AppleWebKit/537.36 (KHTML, like Gecko) Version/4.0 Chrome/60.0.3112.107 Moblie Safari/537.36"
147.78.47.212 - - [10/Dec/2023:07:38:19 +0700] "GET /wp-admin/css/ HTTP/1.1" 302 230 "www.google.com" "Mozlila/5.0 (Linux; Android 7.0; SM-G892A Bulid/NRD90M; wv) AppleWebKit/537.36 (KHTML, like Gecko) Version/4.0 Chrome/60.0.3112.107 Moblie Safari/537.36"
147.78.47.212 - - [10/Dec/2023:07:38:20 +0700] "GET /wp-admin/images/ HTTP/1.1" 302 233 "www.google.com" "Mozlila/5.0 (Linux; Android 7.0; SM-G892A Bulid/NRD90M; wv) AppleWebKit/537.36 (KHTML, like Gecko) Version/4.0 Chrome/60.0.3112.107 Moblie Safari/537.36"
147.78.47.212 - - [10/Dec/2023:07:38:22 +0700] "GET /wp-admin/maint/ HTTP/1.1" 302 232 "www.google.com" "Mozlila/5.0 (Linux; Android 7.0; SM-G892A Bulid/NRD90M; wv) AppleWebKit/537.36 (KHTML, like Gecko) Version/4.0 Chrome/60.0.3112.107 Moblie Safari/537.36"
147.78.47.212 - - [10/Dec/2023:07:38:24 +0700] "GET /wp-admin/meta/ HTTP/1.1" 302 231 "www.google.com" "Mozlila/5.0 (Linux; Android 7.0; SM-G892A Bulid/NRD90M; wv) AppleWebKit/537.36 (KHTML, like Gecko) Version/4.0 Chrome/60.0.3112.107 Moblie Safari/537.36"
147.78.47.212 - - [10/Dec/2023:07:38:26 +0700] "GET /wp-admin/network/ HTTP/1.1" 302 234 "www.google.com" "Mozlila/5.0 (Linux; Android 7.0; SM-G892A Bulid/NRD90M; wv) AppleWebKit/537.36 (KHTML, like Gecko) Version/4.0 Chrome/60.0.3112.107 Moblie Safari/537.36"
147.78.47.212 - - [10/Dec/2023:07:38:27 +0700] "GET /wp-admin/user/ HTTP/1.1" 302 231 "www.google.com" "Mozlila/5.0 (Linux; Android 7.0; SM-G892A Bulid/NRD90M; wv) AppleWebKit/537.36 (KHTML, like Gecko) Version/4.0 Chrome/60.0.3112.107 Moblie Safari/537.36"
147.78.47.212 - - [10/Dec/2023:07:38:29 +0700] "GET /wp-content/ HTTP/1.1" 302 228 "www.google.com" "Mozlila/5.0 (Linux; Android 7.0; SM-G892A Bulid/NRD90M; wv) AppleWebKit/537.36 (KHTML, like Gecko) Version/4.0 Chrome/60.0.3112.107 Moblie Safari/537.36"
147.78.47.212 - - [10/Dec/2023:07:38:31 +0700] "GET /wp-content/plugins/ HTTP/1.1" 302 236 "www.google.com" "Mozlila/5.0 (Linux; Android 7.0; SM-G892A Bulid/NRD90M; wv) AppleWebKit/537.36 (KHTML, like Gecko) Version/4.0 Chrome/60.0.3112.107 Moblie Safari/537.36"
147.78.47.212 - - [10/Dec/2023:07:38:33 +0700] "GET /wp-content/themes/ HTTP/1.1" 302 235 "www.google.com" "Mozlila/5.0 (Linux; Android 7.0; SM-G892A Bulid/NRD90M; wv) AppleWebKit/537.36 (KHTML, like Gecko) Version/4.0 Chrome/60.0.3112.107 Moblie Safari/537.36"
147.78.47.212 - - [10/Dec/2023:07:38:35 +0700] "GET /wp-admin/includes/ HTTP/1.1" 302 235 "www.google.com" "Mozlila/5.0 (Linux; Android 7.0; SM-G892A Bulid/NRD90M; wv) AppleWebKit/537.36 (KHTML, like Gecko) Version/4.0 Chrome/60.0.3112.107 Moblie Safari/537.36"
147.78.47.212 - - [10/Dec/2023:07:38:36 +0700] "GET /wp-admin/ HTTP/1.1" 302 226 "www.google.com" "Mozlila/5.0 (Linux; Android 7.0; SM-G892A Bulid/NRD90M; wv) AppleWebKit/537.36 (KHTML, like Gecko) Version/4.0 Chrome/60.0.3112.107 Moblie Safari/537.36"
147.78.47.212 - - [10/Dec/2023:07:38:38 +0700] "GET /wp-content/upgrade/ HTTP/1.1" 302 236 "www.google.com" "Mozlila/5.0 (Linux; Android 7.0; SM-G892A Bulid/NRD90M; wv) AppleWebKit/537.36 (KHTML, like Gecko) Version/4.0 Chrome/60.0.3112.107 Moblie Safari/537.36"
66.249.74.72 - - [10/Dec/2023:11:36:42 +0700] "GET / HTTP/1.1" 302 217 "-" "Mozilla/5.0 (compatible; Googlebot/2.1; +http://www.google.com/bot.html)"
66.249.74.73 - - [10/Dec/2023:12:34:50 +0700] "GET / HTTP/1.1" 302 217 "-" "Mozilla/5.0 (compatible; Googlebot/2.1; +http://www.google.com/bot.html)"
66.249.71.137 - - [10/Dec/2023:13:33:18 +0700] "GET / HTTP/1.1" 302 217 "-" "Mozilla/5.0 (compatible; Googlebot/2.1; +http://www.google.com/bot.html)"
103.131.71.191 - - [10/Dec/2023:14:15:15 +0700] "GET /robots.txt HTTP/1.1" 302 227 "-" "Mozilla/5.0 (compatible; coccocbot-web/1.0; +http://help.coccoc.com/searchengine)"
66.249.71.136 - - [10/Dec/2023:18:17:42 +0700] "GET /robots.txt HTTP/1.1" 302 227 "-" "Mozilla/5.0 (compatible; Googlebot/2.1; +http://www.google.com/bot.html)"
66.249.66.136 - - [10/Dec/2023:18:17:43 +0700] "GET / HTTP/1.1" 302 217 "-" "Mozilla/5.0 (compatible; Googlebot/2.1; +http://www.google.com/bot.html)"
66.249.66.136 - - [10/Dec/2023:18:29:22 +0700] "GET / HTTP/1.1" 302 217 "-" "Mozilla/5.0 (compatible; Googlebot/2.1; +http://www.google.com/bot.html)"
66.249.71.137 - - [10/Dec/2023:18:40:37 +0700] "GET / HTTP/1.1" 302 217 "-" "Mozilla/5.0 (compatible; Googlebot/2.1; +http://www.google.com/bot.html)"
66.249.71.137 - - [10/Dec/2023:19:38:49 +0700] "GET / HTTP/1.1" 302 217 "-" "Mozilla/5.0 (compatible; Googlebot/2.1; +http://www.google.com/bot.html)"
66.249.66.138 - - [11/Dec/2023:00:46:58 +0700] "GET / HTTP/1.1" 302 217 "-" "Mozilla/5.0 (compatible; Googlebot/2.1; +http://www.google.com/bot.html)"
66.249.71.137 - - [11/Dec/2023:00:59:59 +0700] "GET / HTTP/1.1" 302 217 "-" "Mozilla/5.0 (compatible; Googlebot/2.1; +http://www.google.com/bot.html)"
66.249.71.136 - - [11/Dec/2023:01:36:19 +0700] "GET /ads.txt HTTP/1.1" 302 224 "-" "Mozilla/5.0 (compatible; Googlebot/2.1; +http://www.google.com/bot.html)"
66.249.71.137 - - [11/Dec/2023:02:00:02 +0700] "GET / HTTP/1.1" 302 217 "-" "Mozilla/5.0 (compatible; Googlebot/2.1; +http://www.google.com/bot.html)"
66.249.71.137 - - [11/Dec/2023:02:07:32 +0700] "GET / HTTP/1.1" 302 217 "-" "Mozilla/5.0 (compatible; Googlebot/2.1; +http://www.google.com/bot.html)"
66.249.66.138 - - [11/Dec/2023:07:28:22 +0700] "GET /robots.txt HTTP/1.1" 302 227 "-" "Mozilla/5.0 (compatible; Googlebot/2.1; +http://www.google.com/bot.html)"
66.249.66.136 - - [11/Dec/2023:07:28:23 +0700] "GET / HTTP/1.1" 302 217 "-" "Mozilla/5.0 (compatible; Googlebot/2.1; +http://www.google.com/bot.html)"
66.249.66.137 - - [11/Dec/2023:07:52:03 +0700] "GET / HTTP/1.1" 302 217 "-" "Mozilla/5.0 (compatible; Googlebot/2.1; +http://www.google.com/bot.html)"
66.249.66.136 - - [11/Dec/2023:07:59:35 +0700] "GET / HTTP/1.1" 302 217 "-" "Mozilla/5.0 (compatible; Googlebot/2.1; +http://www.google.com/bot.html)"
103.131.71.200 - - [11/Dec/2023:08:15:27 +0700] "GET /robots.txt HTTP/1.1" 302 227 "-" "Mozilla/5.0 (compatible; coccocbot-image/1.0; +http://help.coccoc.com/searchengine)"
103.131.71.203 - - [11/Dec/2023:08:15:29 +0700] "GET /favicon.ico HTTP/1.1" 302 228 "-" "Mozilla/5.0 (compatible; coccocbot-image/1.0; +http://help.coccoc.com/searchengine)"
103.131.71.38 - - [11/Dec/2023:08:28:30 +0700] "GET /robots.txt HTTP/1.1" 302 227 "-" "Mozilla/5.0 (compatible; coccocbot-image/1.0; +http://help.coccoc.com/searchengine)"
66.249.71.138 - - [11/Dec/2023:08:58:22 +0700] "GET / HTTP/1.1" 302 217 "-" "Mozilla/5.0 (compatible; Googlebot/2.1; +http://www.google.com/bot.html)"
103.131.71.186 - - [11/Dec/2023:11:59:16 +0700] "GET /robots.txt HTTP/1.1" 302 227 "-" "Mozilla/5.0 (compatible; coccocbot-web/1.0; +http://help.coccoc.com/searchengine)"
103.131.71.153 - - [11/Dec/2023:11:59:18 +0700] "GET / HTTP/1.1" 302 217 "-" "Mozilla/5.0 (compatible; coccocbot-web/1.0; +http://help.coccoc.com/searchengine)"
66.249.71.137 - - [11/Dec/2023:14:07:10 +0700] "GET / HTTP/1.1" 302 217 "-" "Mozilla/5.0 (compatible; Googlebot/2.1; +http://www.google.com/bot.html)"
66.249.71.136 - - [11/Dec/2023:15:07:14 +0700] "GET / HTTP/1.1" 302 217 "-" "Mozilla/5.0 (compatible; Googlebot/2.1; +http://www.google.com/bot.html)"
52.230.152.4 - - [11/Dec/2023:17:15:56 +0700] "GET /robots.txt HTTP/1.1" 302 227 "-" "Mozilla/5.0 AppleWebKit/537.36 (KHTML, like Gecko; compatible; GPTBot/1.0; +https://openai.com/gptbot)"
66.249.68.5 - - [11/Dec/2023:19:59:48 +0700] "GET /robots.txt HTTP/1.1" 302 227 "-" "Mozilla/5.0 (compatible; Googlebot/2.1; +http://www.google.com/bot.html)"
66.249.68.5 - - [11/Dec/2023:19:59:48 +0700] "GET / HTTP/1.1" 302 217 "-" "Mozilla/5.0 (compatible; Googlebot/2.1; +http://www.google.com/bot.html)"
66.249.68.6 - - [11/Dec/2023:20:59:49 +0700] "GET / HTTP/1.1" 302 217 "-" "Mozilla/5.0 (compatible; Googlebot/2.1; +http://www.google.com/bot.html)"
103.131.71.156 - - [11/Dec/2023:23:23:06 +0700] "GET /robots.txt HTTP/1.1" 302 227 "-" "Mozilla/5.0 (compatible; coccocbot-web/1.0; +http://help.coccoc.com/searchengine)"
66.249.68.7 - - [11/Dec/2023:23:28:57 +0700] "GET / HTTP/1.1" 302 217 "-" "Mozilla/5.0 (compatible; Googlebot/2.1; +http://www.google.com/bot.html)"
66.249.68.7 - - [12/Dec/2023:01:07:36 +0700] "GET /ads.txt HTTP/1.1" 302 224 "-" "Mozilla/5.0 (compatible; Googlebot/2.1; +http://www.google.com/bot.html)"
40.122.191.177 - - [12/Dec/2023:03:00:36 +0700] "GET /robots.txt HTTP/1.1" 302 227 "-" "Mozilla/5.0 (Windows NT 10.0; Win64; x64) AppleWebKit/537.36 (KHTML, like Gecko) Chrome/95.0.4638.50 Safari/537.36"
66.249.71.136 - - [12/Dec/2023:03:41:21 +0700] "GET / HTTP/1.1" 302 217 "-" "Mozilla/5.0 (compatible; Googlebot/2.1; +http://www.google.com/bot.html)"
66.249.71.138 - - [12/Dec/2023:04:40:08 +0700] "GET / HTTP/1.1" 302 217 "-" "Mozilla/5.0 (compatible; Googlebot/2.1; +http://www.google.com/bot.html)"
66.249.71.136 - - [12/Dec/2023:12:01:24 +0700] "GET /robots.txt HTTP/1.1" 302 227 "-" "Mozilla/5.0 (compatible; Googlebot/2.1; +http://www.google.com/bot.html)"
66.249.71.137 - - [12/Dec/2023:12:01:25 +0700] "GET / HTTP/1.1" 302 217 "-" "Mozilla/5.0 (compatible; Googlebot/2.1; +http://www.google.com/bot.html)"
66.249.71.138 - - [12/Dec/2023:13:00:25 +0700] "GET / HTTP/1.1" 302 217 "-" "Mozilla/5.0 (compatible; Googlebot/2.1; +http://www.google.com/bot.html)"
66.249.66.138 - - [12/Dec/2023:17:47:00 +0700] "GET / HTTP/1.1" 302 217 "-" "Mozilla/5.0 (compatible; Googlebot/2.1; +http://www.google.com/bot.html)"
103.131.71.176 - - [12/Dec/2023:18:45:55 +0700] "GET /robots.txt HTTP/1.1" 302 227 "-" "Mozilla/5.0 (compatible; coccocbot-web/1.0; +http://help.coccoc.com/searchengine)"
103.131.71.172 - - [12/Dec/2023:18:46:13 +0700] "GET / HTTP/1.1" 302 217 "-" "Mozilla/5.0 (compatible; coccocbot-web/1.0; +http://help.coccoc.com/searchengine)"
66.249.66.138 - - [12/Dec/2023:18:48:11 +0700] "GET / HTTP/1.1" 302 217 "-" "Mozilla/5.0 (compatible; Googlebot/2.1; +http://www.google.com/bot.html)"
103.131.71.51 - - [12/Dec/2023:19:32:30 +0700] "GET /robots.txt HTTP/1.1" 302 227 "-" "Mozilla/5.0 (compatible; coccocbot-image/1.0; +http://help.coccoc.com/searchengine)"
52.230.152.78 - - [12/Dec/2023:21:19:27 +0700] "GET /robots.txt HTTP/1.1" 302 227 "-" "Mozilla/5.0 AppleWebKit/537.36 (KHTML, like Gecko; compatible; GPTBot/1.0; +https://openai.com/gptbot)"
66.249.66.137 - - [12/Dec/2023:23:11:44 +0700] "GET / HTTP/1.1" 302 217 "-" "Mozilla/5.0 (compatible; Googlebot/2.1; +http://www.google.com/bot.html)"
66.249.66.136 - - [12/Dec/2023:23:33:17 +0700] "GET / HTTP/1.1" 302 217 "-" "Mozilla/5.0 (compatible; Googlebot/2.1; +http://www.google.com/bot.html)"
66.249.71.137 - - [13/Dec/2023:00:31:28 +0700] "GET /robots.txt HTTP/1.1" 302 227 "-" "Mozilla/5.0 (compatible; Googlebot/2.1; +http://www.google.com/bot.html)"
66.249.66.138 - - [13/Dec/2023:00:31:29 +0700] "GET / HTTP/1.1" 302 217 "-" "Mozilla/5.0 (compatible; Googlebot/2.1; +http://www.google.com/bot.html)"
66.249.71.136 - - [13/Dec/2023:00:37:59 +0700] "GET /ads.txt HTTP/1.1" 302 224 "-" "Mozilla/5.0 (compatible; Googlebot/2.1; +http://www.google.com/bot.html)"
66.249.66.138 - - [13/Dec/2023:01:30:00 +0700] "GET / HTTP/1.1" 302 217 "-" "Mozilla/5.0 (compatible; Googlebot/2.1; +http://www.google.com/bot.html)"
66.249.66.137 - - [13/Dec/2023:01:45:02 +0700] "GET / HTTP/1.1" 302 217 "-" "Mozilla/5.0 (compatible; Googlebot/2.1; +http://www.google.com/bot.html)"
66.249.66.138 - - [13/Dec/2023:06:51:41 +0700] "GET / HTTP/1.1" 302 217 "-" "Mozilla/5.0 (compatible; Googlebot/2.1; +http://www.google.com/bot.html)"
66.249.66.138 - - [13/Dec/2023:07:28:31 +0700] "GET / HTTP/1.1" 302 217 "-" "Mozilla/5.0 (Linux; Android 6.0.1; Nexus 5X Build/MMB29P) AppleWebKit/537.36 (KHTML, like Gecko) Chrome/120.0.6099.71 Mobile Safari/537.36 (compatible; Googlebot/2.1; +http://www.google.com/bot.html)"
66.249.71.138 - - [13/Dec/2023:07:49:56 +0700] "GET / HTTP/1.1" 302 217 "-" "Mozilla/5.0 (compatible; Googlebot/2.1; +http://www.google.com/bot.html)"
66.249.71.136 - - [13/Dec/2023:08:48:19 +0700] "GET / HTTP/1.1" 302 217 "-" "Mozilla/5.0 (compatible; Googlebot/2.1; +http://www.google.com/bot.html)"
66.249.71.136 - - [13/Dec/2023:09:46:40 +0700] "GET / HTTP/1.1" 302 217 "-" "Mozilla/5.0 (compatible; Googlebot/2.1; +http://www.google.com/bot.html)"
103.131.71.70 - - [13/Dec/2023:11:04:46 +0700] "GET /robots.txt HTTP/1.1" 302 227 "-" "Mozilla/5.0 (compatible; coccocbot-web/1.0; +http://help.coccoc.com/searchengine)"
66.249.71.138 - - [13/Dec/2023:14:34:05 +0700] "GET /robots.txt HTTP/1.1" 302 227 "-" "Mozilla/5.0 (compatible; Googlebot/2.1; +http://www.google.com/bot.html)"
66.249.66.136 - - [13/Dec/2023:14:34:05 +0700] "GET / HTTP/1.1" 302 217 "-" "Mozilla/5.0 (compatible; Googlebot/2.1; +http://www.google.com/bot.html)"
66.249.71.138 - - [13/Dec/2023:15:34:05 +0700] "GET / HTTP/1.1" 302 217 "-" "Mozilla/5.0 (compatible; Googlebot/2.1; +http://www.google.com/bot.html)"
113.161.73.205 - - [13/Dec/2023:16:30:17 +0700] "GET / HTTP/1.1" 302 217 "https://www.google.com/" "Mozilla/5.0 (Windows NT 10.0; Win64; x64; rv:120.0) Gecko/20100101 Firefox/120.0"
66.249.66.137 - - [13/Dec/2023:16:32:13 +0700] "GET / HTTP/1.1" 302 217 "-" "Mozilla/5.0 (compatible; Googlebot/2.1; +http://www.google.com/bot.html)"
74.125.209.5 - - [13/Dec/2023:16:48:45 +0700] "GET / HTTP/1.1" 302 217 "-" "Mozilla/5.0 (X11; Linux x86_64) AppleWebKit/537.36 (KHTML, like Gecko) Chrome/81.0.4044.92 Safari/537.36"
94.156.71.167 - - [13/Dec/2023:20:14:07 +0700] "GET /alfa-rex.php7 HTTP/1.1" 302 230 "-" "Mozlila/5.0 (Linux; Android 7.0; SM-G892A Bulid/NRD90M; wv) AppleWebKit/537.36 (KHTML, like Gecko) Version/4.0 Chrome/60.0.3112.107 Moblie Safari/537.36"
66.249.74.74 - - [13/Dec/2023:21:32:07 +0700] "GET / HTTP/1.1" 302 217 "-" "Mozilla/5.0 (compatible; Googlebot/2.1; +http://www.google.com/bot.html)"
66.249.74.73 - - [13/Dec/2023:21:53:07 +0700] "GET / HTTP/1.1" 302 217 "-" "Mozilla/5.0 (compatible; Googlebot/2.1; +http://www.google.com/bot.html)"
66.249.74.73 - - [13/Dec/2023:22:01:16 +0700] "GET / HTTP/1.1" 302 217 "-" "Mozilla/5.0 (compatible; Googlebot/2.1; +http://www.google.com/bot.html)"
66.249.71.136 - - [13/Dec/2023:23:00:50 +0700] "GET / HTTP/1.1" 302 217 "-" "Mozilla/5.0 (compatible; Googlebot/2.1; +http://www.google.com/bot.html)"
66.249.74.73 - - [13/Dec/2023:23:59:14 +0700] "GET / HTTP/1.1" 302 217 "-" "Mozilla/5.0 (compatible; Googlebot/2.1; +http://www.google.com/bot.html)"
66.249.74.72 - - [14/Dec/2023:00:08:09 +0700] "GET /ads.txt HTTP/1.1" 302 224 "-" "Mozilla/5.0 (compatible; Googlebot/2.1; +http://www.google.com/bot.html)"
66.249.74.72 - - [14/Dec/2023:04:18:50 +0700] "GET /robots.txt HTTP/1.1" 302 227 "-" "Mozilla/5.0 (compatible; Googlebot/2.1; +http://www.google.com/bot.html)"
66.249.74.72 - - [14/Dec/2023:04:18:50 +0700] "GET / HTTP/1.1" 302 217 "-" "Mozilla/5.0 (compatible; Googlebot/2.1; +http://www.google.com/bot.html)"
66.249.74.73 - - [14/Dec/2023:04:33:38 +0700] "GET / HTTP/1.1" 302 217 "-" "Mozilla/5.0 (compatible; Googlebot/2.1; +http://www.google.com/bot.html)"
66.249.71.138 - - [14/Dec/2023:05:32:32 +0700] "GET / HTTP/1.1" 302 217 "-" "Mozilla/5.0 (compatible; Googlebot/2.1; +http://www.google.com/bot.html)"
66.249.71.137 - - [14/Dec/2023:06:30:44 +0700] "GET / HTTP/1.1" 302 217 "-" "Mozilla/5.0 (compatible; Googlebot/2.1; +http://www.google.com/bot.html)"
66.249.71.136 - - [14/Dec/2023:06:38:23 +0700] "GET / HTTP/1.1" 302 217 "-" "Mozilla/5.0 (compatible; Googlebot/2.1; +http://www.google.com/bot.html)"
66.249.74.74 - - [14/Dec/2023:11:39:53 +0700] "GET / HTTP/1.1" 302 217 "-" "Mozilla/5.0 (compatible; Googlebot/2.1; +http://www.google.com/bot.html)"
52.230.152.32 - - [14/Dec/2023:11:40:31 +0700] "GET /robots.txt HTTP/1.1" 302 227 "-" "Mozilla/5.0 AppleWebKit/537.36 (KHTML, like Gecko; compatible; GPTBot/1.0; +https://openai.com/gptbot)"
66.249.74.72 - - [14/Dec/2023:12:39:27 +0700] "GET / HTTP/1.1" 302 217 "-" "Mozilla/5.0 (compatible; Googlebot/2.1; +http://www.google.com/bot.html)"
103.131.71.162 - - [14/Dec/2023:16:04:10 +0700] "GET /robots.txt HTTP/1.1" 302 227 "-" "Mozilla/5.0 (compatible; coccocbot-web/1.0; +http://help.coccoc.com/searchengine)"
103.131.71.194 - - [14/Dec/2023:16:04:12 +0700] "GET / HTTP/1.1" 302 217 "-" "Mozilla/5.0 (compatible; coccocbot-web/1.0; +http://help.coccoc.com/searchengine)"
66.249.74.72 - - [14/Dec/2023:17:56:33 +0700] "GET /robots.txt HTTP/1.1" 302 227 "-" "Mozilla/5.0 (compatible; Googlebot/2.1; +http://www.google.com/bot.html)"
66.249.71.137 - - [14/Dec/2023:17:56:33 +0700] "GET / HTTP/1.1" 302 217 "-" "Mozilla/5.0 (compatible; Googlebot/2.1; +http://www.google.com/bot.html)"
66.249.71.136 - - [14/Dec/2023:18:56:00 +0700] "GET / HTTP/1.1" 302 217 "-" "Mozilla/5.0 (compatible; Googlebot/2.1; +http://www.google.com/bot.html)"
66.249.71.137 - - [14/Dec/2023:23:38:16 +0700] "GET /ads.txt HTTP/1.1" 302 224 "-" "Mozilla/5.0 (compatible; Googlebot/2.1; +http://www.google.com/bot.html)"
66.249.71.138 - - [14/Dec/2023:23:53:44 +0700] "GET / HTTP/1.1" 302 217 "-" "Mozilla/5.0 (compatible; Googlebot/2.1; +http://www.google.com/bot.html)"
66.249.71.138 - - [15/Dec/2023:00:05:31 +0700] "GET / HTTP/1.1" 302 217 "-" "Mozilla/5.0 (compatible; Googlebot/2.1; +http://www.google.com/bot.html)"
66.249.71.137 - - [15/Dec/2023:00:13:02 +0700] "GET / HTTP/1.1" 302 217 "-" "Mozilla/5.0 (compatible; Googlebot/2.1; +http://www.google.com/bot.html)"
52.230.152.133 - - [15/Dec/2023:00:30:24 +0700] "GET /robots.txt HTTP/1.1" 302 227 "-" "Mozilla/5.0 AppleWebKit/537.36 (KHTML, like Gecko; compatible; GPTBot/1.0; +https://openai.com/gptbot)"
66.249.71.136 - - [15/Dec/2023:01:12:07 +0700] "GET / HTTP/1.1" 302 217 "-" "Mozilla/5.0 (compatible; Googlebot/2.1; +http://www.google.com/bot.html)"
66.249.71.136 - - [15/Dec/2023:01:19:37 +0700] "GET / HTTP/1.1" 302 217 "-" "Mozilla/5.0 (compatible; Googlebot/2.1; +http://www.google.com/bot.html)"
52.230.152.136 - - [15/Dec/2023:02:45:02 +0700] "GET /robots.txt HTTP/1.1" 302 227 "-" "Mozilla/5.0 AppleWebKit/537.36 (KHTML, like Gecko; compatible; GPTBot/1.0; +https://openai.com/gptbot)"
183.136.225.14 - - [15/Dec/2023:02:53:33 +0700] "GET / HTTP/1.1" 302 217 "-" "Mozilla/5.0 (Windows NT 6.1) AppleWebKit/537.36 (KHTML, like Gecko) Chrome/71.0.2623.112 Safari/537.36"
103.131.71.225 - - [15/Dec/2023:03:22:50 +0700] "GET /robots.txt HTTP/1.1" 302 227 "-" "Mozilla/5.0 (compatible; coccocbot-web/1.0; +http://help.coccoc.com/searchengine)"
66.249.71.138 - - [15/Dec/2023:06:57:48 +0700] "GET /robots.txt HTTP/1.1" 302 227 "-" "Mozilla/5.0 (compatible; Googlebot/2.1; +http://www.google.com/bot.html)"
66.249.77.233 - - [15/Dec/2023:06:57:48 +0700] "GET / HTTP/1.1" 302 217 "-" "Mozilla/5.0 (compatible; Googlebot/2.1; +http://www.google.com/bot.html)"
66.249.71.136 - - [15/Dec/2023:07:57:13 +0700] "GET / HTTP/1.1" 302 217 "-" "Mozilla/5.0 (compatible; Googlebot/2.1; +http://www.google.com/bot.html)"
66.249.77.233 - - [15/Dec/2023:11:22:11 +0700] "GET / HTTP/1.1" 302 217 "-" "Mozilla/5.0 (Linux; Android 6.0.1; Nexus 5X Build/MMB29P) AppleWebKit/537.36 (KHTML, like Gecko) Chrome/120.0.6099.71 Mobile Safari/537.36 (compatible; Googlebot/2.1; +http://www.google.com/bot.html)"
142.93.213.90 - - [15/Dec/2023:12:44:01 +0700] "GET / HTTP/1.1" 302 217 "-" "Mozilla/5.0 (X11; Linux x86_64) AppleWebKit/537.36 (KHTML, like Gecko) Chrome/108.0.0.0 Safari/537.36"
66.249.77.233 - - [15/Dec/2023:13:37:34 +0700] "GET / HTTP/1.1" 302 217 "-" "Mozilla/5.0 (compatible; Googlebot/2.1; +http://www.google.com/bot.html)"
66.249.77.232 - - [15/Dec/2023:14:37:11 +0700] "GET / HTTP/1.1" 302 217 "-" "Mozilla/5.0 (compatible; Googlebot/2.1; +http://www.google.com/bot.html)"
66.249.77.224 - - [15/Dec/2023:14:44:42 +0700] "GET / HTTP/1.1" 302 217 "-" "Mozilla/5.0 (compatible; Googlebot/2.1; +http://www.google.com/bot.html)"
66.249.77.224 - - [15/Dec/2023:15:43:53 +0700] "GET / HTTP/1.1" 302 217 "-" "Mozilla/5.0 (compatible; Googlebot/2.1; +http://www.google.com/bot.html)"
66.249.77.224 - - [15/Dec/2023:15:51:26 +0700] "GET / HTTP/1.1" 302 217 "-" "Mozilla/5.0 (compatible; Googlebot/2.1; +http://www.google.com/bot.html)"
66.249.77.224 - - [15/Dec/2023:15:58:56 +0700] "GET / HTTP/1.1" 302 217 "-" "Mozilla/5.0 (compatible; Googlebot/2.1; +http://www.google.com/bot.html)"
104.222.162.208 - - [15/Dec/2023:19:30:07 +0700] "HEAD / HTTP/1.1" 302 - "-" "Mozilla/5.0 (Windows NT 6.1; WOW64; Trident/7.0; rv:11.0) like Gecko"
104.222.162.208 - - [15/Dec/2023:19:30:10 +0700] "GET / HTTP/1.1" 302 217 "-" "Mozilla/5.0 (Windows NT 6.1; WOW64; Trident/7.0; rv:11.0) like Gecko"
66.249.71.136 - - [15/Dec/2023:21:57:26 +0700] "GET /robots.txt HTTP/1.1" 302 227 "-" "Mozilla/5.0 (compatible; Googlebot/2.1; +http://www.google.com/bot.html)"
66.249.71.138 - - [15/Dec/2023:21:57:27 +0700] "GET / HTTP/1.1" 302 217 "-" "Mozilla/5.0 (compatible; Googlebot/2.1; +http://www.google.com/bot.html)"
14.172.187.13 - - [15/Dec/2023:22:40:04 +0700] "GET / HTTP/1.1" 302 217 "https://www.google.com/" "Mozilla/5.0 (iPhone; CPU iPhone OS 17_1 like Mac OS X) AppleWebKit/605.1.15 (KHTML, like Gecko) CriOS/120.0.6099.119 Mobile/15E148 Safari/604.1"
66.249.71.137 - - [15/Dec/2023:22:57:22 +0700] "GET / HTTP/1.1" 302 217 "-" "Mozilla/5.0 (compatible; Googlebot/2.1; +http://www.google.com/bot.html)"
66.249.71.138 - - [15/Dec/2023:23:05:00 +0700] "GET / HTTP/1.1" 302 217 "-" "Mozilla/5.0 (compatible; Googlebot/2.1; +http://www.google.com/bot.html)"
66.249.77.224 - - [15/Dec/2023:23:08:55 +0700] "GET /ads.txt HTTP/1.1" 302 224 "-" "Mozilla/5.0 (compatible; Googlebot/2.1; +http://www.google.com/bot.html)"
207.148.117.244 - - [16/Dec/2023:00:17:48 +0700] "GET /wp-admin/css/ HTTP/1.1" 302 230 "binance.com" "Mozilla/5.0 (Windows NT 10.0; Win64; x64) AppleWebKit/537.36 (KHTML, like Gecko) Chrome/90.0.4430.85 Safari/537.36"
66.249.71.136 - - [16/Dec/2023:04:34:36 +0700] "GET / HTTP/1.1" 302 217 "-" "Mozilla/5.0 (compatible; Googlebot/2.1; +http://www.google.com/bot.html)"
103.131.71.37 - - [16/Dec/2023:05:19:18 +0700] "GET /robots.txt HTTP/1.1" 302 227 "-" "Mozilla/5.0 (compatible; coccocbot-image/1.0; +http://help.coccoc.com/searchengine)"
66.249.71.138 - - [16/Dec/2023:05:33:44 +0700] "GET / HTTP/1.1" 302 217 "-" "Mozilla/5.0 (compatible; Googlebot/2.1; +http://www.google.com/bot.html)"
66.249.71.138 - - [16/Dec/2023:05:41:20 +0700] "GET / HTTP/1.1" 302 217 "-" "Mozilla/5.0 (compatible; Googlebot/2.1; +http://www.google.com/bot.html)"
103.131.71.231 - - [16/Dec/2023:06:19:09 +0700] "GET /robots.txt HTTP/1.1" 302 227 "-" "Mozilla/5.0 (compatible; coccocbot-web/1.0; +http://help.coccoc.com/searchengine)"
103.131.71.93 - - [16/Dec/2023:06:19:11 +0700] "GET / HTTP/1.1" 302 217 "-" "Mozilla/5.0 (compatible; coccocbot-web/1.0; +http://help.coccoc.com/searchengine)"
66.249.77.224 - - [16/Dec/2023:10:10:36 +0700] "GET /robots.txt HTTP/1.1" 302 227 "-" "Mozilla/5.0 (compatible; Googlebot/2.1; +http://www.google.com/bot.html)"
66.249.77.232 - - [16/Dec/2023:10:10:36 +0700] "GET / HTTP/1.1" 302 217 "-" "Mozilla/5.0 (compatible; Googlebot/2.1; +http://www.google.com/bot.html)"
66.249.71.138 - - [16/Dec/2023:10:20:00 +0700] "GET / HTTP/1.1" 302 217 "-" "Mozilla/5.0 (compatible; Googlebot/2.1; +http://www.google.com/bot.html)"
40.78.144.198 - - [16/Dec/2023:10:47:54 +0700] "GET /robots.txt HTTP/1.1" 302 227 "-" "Mozilla/5.0 (Windows NT 10.0; Win64; x64) AppleWebKit/537.36 (KHTML, like Gecko) Chrome/92.0.4515.107 Safari/537.36"
66.249.77.224 - - [16/Dec/2023:11:19:46 +0700] "GET / HTTP/1.1" 302 217 "-" "Mozilla/5.0 (compatible; Googlebot/2.1; +http://www.google.com/bot.html)"
66.249.77.233 - - [16/Dec/2023:12:18:00 +0700] "GET / HTTP/1.1" 302 217 "-" "Mozilla/5.0 (compatible; Googlebot/2.1; +http://www.google.com/bot.html)"
66.249.77.224 - - [16/Dec/2023:18:17:25 +0700] "GET / HTTP/1.1" 302 217 "-" "Mozilla/5.0 (compatible; Googlebot/2.1; +http://www.google.com/bot.html)"
66.249.71.136 - - [16/Dec/2023:18:24:55 +0700] "GET / HTTP/1.1" 302 217 "-" "Mozilla/5.0 (compatible; Googlebot/2.1; +http://www.google.com/bot.html)"
138.2.61.135 - - [16/Dec/2023:18:42:20 +0700] "GET /wp-content/plugins/seoplugins/mar.php HTTP/1.1" 302 254 "www.google.com" "Mozlila/5.0 (Linux; Android 7.0; SM-G892A Bulid/NRD90M; wv) AppleWebKit/537.36 (KHTML, like Gecko) Version/4.0 Chrome/60.0.3112.107 Moblie Safari/537.36"
66.249.74.73 - - [16/Dec/2023:19:23:39 +0700] "GET / HTTP/1.1" 302 217 "-" "Mozilla/5.0 (compatible; Googlebot/2.1; +http://www.google.com/bot.html)"
103.131.71.65 - - [16/Dec/2023:20:03:00 +0700] "GET /robots.txt HTTP/1.1" 302 227 "-" "Mozilla/5.0 (compatible; coccocbot-web/1.0; +http://help.coccoc.com/searchengine)"
66.249.74.74 - - [16/Dec/2023:22:39:21 +0700] "GET /robots.txt HTTP/1.1" 302 227 "-" "Mozilla/5.0 (compatible; Googlebot/2.1; +http://www.google.com/bot.html)"
66.249.74.74 - - [16/Dec/2023:22:39:22 +0700] "GET /ads.txt HTTP/1.1" 302 224 "-" "Mozilla/5.0 (compatible; Googlebot/2.1; +http://www.google.com/bot.html)"
66.249.71.137 - - [17/Dec/2023:00:51:05 +0700] "GET / HTTP/1.1" 302 217 "-" "Mozilla/5.0 (compatible; Googlebot/2.1; +http://www.google.com/bot.html)"
66.249.71.136 - - [17/Dec/2023:01:50:48 +0700] "GET / HTTP/1.1" 302 217 "-" "Mozilla/5.0 (compatible; Googlebot/2.1; +http://www.google.com/bot.html)"
66.249.74.72 - - [17/Dec/2023:01:58:24 +0700] "GET / HTTP/1.1" 302 217 "-" "Mozilla/5.0 (compatible; Googlebot/2.1; +http://www.google.com/bot.html)"
66.249.71.138 - - [17/Dec/2023:07:31:35 +0700] "GET / HTTP/1.1" 302 217 "-" "Mozilla/5.0 (compatible; Googlebot/2.1; +http://www.google.com/bot.html)"
66.249.74.73 - - [17/Dec/2023:08:07:37 +0700] "GET / HTTP/1.1" 302 217 "-" "Mozilla/5.0 (Linux; Android 6.0.1; Nexus 5X Build/MMB29P) AppleWebKit/537.36 (KHTML, like Gecko) Chrome/120.0.6099.71 Mobile Safari/537.36 (compatible; Googlebot/2.1; +http://www.google.com/bot.html)"
66.249.71.138 - - [17/Dec/2023:08:30:45 +0700] "GET / HTTP/1.1" 302 217 "-" "Mozilla/5.0 (compatible; Googlebot/2.1; +http://www.google.com/bot.html)"
66.249.71.136 - - [17/Dec/2023:09:28:59 +0700] "GET / HTTP/1.1" 302 217 "-" "Mozilla/5.0 (compatible; Googlebot/2.1; +http://www.google.com/bot.html)"
66.249.71.136 - - [17/Dec/2023:14:37:18 +0700] "GET /robots.txt HTTP/1.1" 302 227 "-" "Mozilla/5.0 (compatible; Googlebot/2.1; +http://www.google.com/bot.html)"
66.249.74.73 - - [17/Dec/2023:14:37:18 +0700] "GET / HTTP/1.1" 302 217 "-" "Mozilla/5.0 (compatible; Googlebot/2.1; +http://www.google.com/bot.html)"
66.249.71.138 - - [17/Dec/2023:15:35:31 +0700] "GET / HTTP/1.1" 302 217 "-" "Mozilla/5.0 (compatible; Googlebot/2.1; +http://www.google.com/bot.html)"
66.249.74.72 - - [17/Dec/2023:16:33:38 +0700] "GET / HTTP/1.1" 302 217 "-" "Mozilla/5.0 (compatible; Googlebot/2.1; +http://www.google.com/bot.html)"
185.166.84.142 - - [17/Dec/2023:16:41:50 +0700] "GET / HTTP/1.1" 302 217 "-" "Mozilla/5.0 (Macintosh; Intel Mac OS X 10_15_7) AppleWebKit/537.36 (KHTML, like Gecko) Chrome/96.0.4664.110 Safari/537.36"
154.127.54.49 - - [17/Dec/2023:16:41:56 +0700] "GET / HTTP/1.1" 302 217 "-" "Mozilla/5.0 (Macintosh; Intel Mac OS X 11_0_0) AppleWebKit/537.36 (KHTML, like Gecko) Chrome/87.0.4280.88 Safari/537.36"
198.50.168.185 - - [17/Dec/2023:19:06:43 +0700] "GET / HTTP/1.1" 302 217 "http://xaydung.vanlanguni.edu.vn:80" "Mozilla/5.0 (Windows; U; MSIE 9.0; Windows NT 9.0; en-US)"
198.50.168.185 - - [17/Dec/2023:19:07:08 +0700] "GET / HTTP/1.1" 302 217 "-" "Mozilla/5.0 (Windows NT 6.1; WOW64; rv:66.0) Gecko/20100101 Firefox/66.0"
198.50.168.185 - - [17/Dec/2023:19:27:22 +0700] "GET / HTTP/1.1" 302 217 "http://xaydung.vanlanguni.edu.vn:80" "Mozilla/5.0 (Windows; U; MSIE 9.0; Windows NT 9.0; en-US)"
198.50.168.185 - - [17/Dec/2023:19:27:26 +0700] "GET / HTTP/1.1" 302 217 "-" "Mozilla/5.0 (Windows NT 6.1; WOW64; rv:66.0) Gecko/20100101 Firefox/66.0"
172.247.15.236 - - [17/Dec/2023:19:47:56 +0700] "GET / HTTP/1.1" 302 217 "http://xaydung.vanlanguni.edu.vn:80" "Mozilla/5.0 (Macintosh; Intel Mac OS X 10_7_3) AppleWebKit/535.20 (KHTML, like Gecko) Chrome/19.0.1036.7 Safari/535.20"
172.247.15.236 - - [17/Dec/2023:19:48:03 +0700] "GET / HTTP/1.1" 302 217 "-" "Mozilla/5.0 (Windows NT 6.1; WOW64; rv:66.0) Gecko/20100101 Firefox/66.0"
66.249.71.138 - - [17/Dec/2023:20:13:09 +0700] "GET / HTTP/1.1" 302 217 "-" "Mozilla/5.0 (Linux; Android 6.0.1; Nexus 5X Build/MMB29P) AppleWebKit/537.36 (KHTML, like Gecko) Chrome/120.0.6099.71 Mobile Safari/537.36 (compatible; Googlebot/2.1; +http://www.google.com/bot.html)"
66.249.74.73 - - [17/Dec/2023:22:09:44 +0700] "GET /ads.txt HTTP/1.1" 302 224 "-" "Mozilla/5.0 (compatible; Googlebot/2.1; +http://www.google.com/bot.html)"
66.249.74.72 - - [17/Dec/2023:22:12:29 +0700] "GET / HTTP/1.1" 302 217 "-" "Mozilla/5.0 (compatible; Googlebot/2.1; +http://www.google.com/bot.html)"
66.249.74.72 - - [17/Dec/2023:22:35:35 +0700] "GET / HTTP/1.1" 302 217 "-" "Mozilla/5.0 (compatible; Googlebot/2.1; +http://www.google.com/bot.html)"
66.249.74.72 - - [17/Dec/2023:23:34:01 +0700] "GET / HTTP/1.1" 302 217 "-" "Mozilla/5.0 (compatible; Googlebot/2.1; +http://www.google.com/bot.html)"
66.249.71.138 - - [17/Dec/2023:23:41:36 +0700] "GET / HTTP/1.1" 302 217 "-" "Mozilla/5.0 (compatible; Googlebot/2.1; +http://www.google.com/bot.html)"
103.131.71.76 - - [17/Dec/2023:23:52:49 +0700] "GET /robots.txt HTTP/1.1" 302 227 "-" "Mozilla/5.0 (compatible; coccocbot-web/1.0; +http://help.coccoc.com/searchengine)"
103.131.71.236 - - [17/Dec/2023:23:52:51 +0700] "GET / HTTP/1.1" 302 217 "-" "Mozilla/5.0 (compatible; coccocbot-web/1.0; +http://help.coccoc.com/searchengine)"
66.249.71.136 - - [18/Dec/2023:04:40:25 +0700] "GET /robots.txt HTTP/1.1" 302 227 "-" "Mozilla/5.0 (compatible; Googlebot/2.1; +http://www.google.com/bot.html)"
66.249.71.137 - - [18/Dec/2023:04:40:26 +0700] "GET / HTTP/1.1" 302 217 "-" "Mozilla/5.0 (Linux; Android 6.0.1; Nexus 5X Build/MMB29P) AppleWebKit/537.36 (KHTML, like Gecko) Chrome/120.0.6099.71 Mobile Safari/537.36 (compatible; Googlebot/2.1; +http://www.google.com/bot.html)"
66.249.71.138 - - [18/Dec/2023:05:23:23 +0700] "GET / HTTP/1.1" 302 217 "-" "Mozilla/5.0 (compatible; Googlebot/2.1; +http://www.google.com/bot.html)"
69.176.89.102 - - [18/Dec/2023:05:25:30 +0700] "GET / HTTP/1.1" 302 217 "http://xaydung.vanlanguni.edu.vn:80" "Mozilla/5.0 (X11; Linux i686; U;) Gecko/20070322 Kazehakase/0.4.5"
69.176.89.102 - - [18/Dec/2023:05:25:37 +0700] "GET / HTTP/1.1" 302 217 "-" "Mozilla/5.0 (Windows NT 6.1; WOW64; rv:66.0) Gecko/20100101 Firefox/66.0"
66.249.71.138 - - [18/Dec/2023:06:23:08 +0700] "GET / HTTP/1.1" 302 217 "-" "Mozilla/5.0 (compatible; Googlebot/2.1; +http://www.google.com/bot.html)"
66.249.71.136 - - [18/Dec/2023:06:30:49 +0700] "GET / HTTP/1.1" 302 217 "-" "Mozilla/5.0 (compatible; Googlebot/2.1; +http://www.google.com/bot.html)"
66.249.74.73 - - [18/Dec/2023:07:29:54 +0700] "GET / HTTP/1.1" 302 217 "-" "Mozilla/5.0 (compatible; Googlebot/2.1; +http://www.google.com/bot.html)"
103.131.71.53 - - [18/Dec/2023:10:41:03 +0700] "GET /robots.txt HTTP/1.1" 302 227 "-" "Mozilla/5.0 (compatible; coccocbot-image/1.0; +http://help.coccoc.com/searchengine)"
66.249.74.74 - - [18/Dec/2023:13:28:56 +0700] "GET / HTTP/1.1" 302 217 "-" "Mozilla/5.0 (compatible; Googlebot/2.1; +http://www.google.com/bot.html)"
66.249.71.136 - - [18/Dec/2023:14:29:01 +0700] "GET / HTTP/1.1" 302 217 "-" "Mozilla/5.0 (compatible; Googlebot/2.1; +http://www.google.com/bot.html)"
66.249.71.137 - - [18/Dec/2023:14:36:35 +0700] "GET / HTTP/1.1" 302 217 "-" "Mozilla/5.0 (compatible; Googlebot/2.1; +http://www.google.com/bot.html)"
66.249.71.138 - - [18/Dec/2023:15:35:14 +0700] "GET / HTTP/1.1" 302 217 "-" "Mozilla/5.0 (compatible; Googlebot/2.1; +http://www.google.com/bot.html)"
66.249.74.73 - - [18/Dec/2023:16:35:20 +0700] "GET / HTTP/1.1" 302 217 "-" "Mozilla/5.0 (compatible; Googlebot/2.1; +http://www.google.com/bot.html)"
66.249.71.137 - - [18/Dec/2023:17:34:22 +0700] "GET /robots.txt HTTP/1.1" 302 227 "-" "Mozilla/5.0 (compatible; Googlebot/2.1; +http://www.google.com/bot.html)"
66.249.74.73 - - [18/Dec/2023:17:34:22 +0700] "GET / HTTP/1.1" 302 217 "-" "Mozilla/5.0 (compatible; Googlebot/2.1; +http://www.google.com/bot.html)"
66.249.74.72 - - [18/Dec/2023:18:33:08 +0700] "GET / HTTP/1.1" 302 217 "-" "Mozilla/5.0 (compatible; Googlebot/2.1; +http://www.google.com/bot.html)"
103.131.71.239 - - [18/Dec/2023:18:33:46 +0700] "GET /robots.txt HTTP/1.1" 302 227 "-" "Mozilla/5.0 (compatible; coccocbot-web/1.0; +http://help.coccoc.com/searchengine)"
207.180.223.89 - - [18/Dec/2023:18:38:29 +0700] "GET / HTTP/1.1" 302 217 "-" "Mozilla/5.0 (Windows NT 10.0; Win64; x64) AppleWebKit/537.36 (KHTML, like Gecko) Chrome/88.0.4240.193 Safari/537.36"
66.249.74.72 - - [18/Dec/2023:18:41:00 +0700] "GET / HTTP/1.1" 302 217 "-" "Mozilla/5.0 (compatible; Googlebot/2.1; +http://www.google.com/bot.html)"
66.249.71.138 - - [18/Dec/2023:19:34:26 +0700] "GET / HTTP/1.1" 302 217 "-" "Mozilla/5.0 (Linux; Android 6.0.1; Nexus 5X Build/MMB29P) AppleWebKit/537.36 (KHTML, like Gecko) Chrome/120.0.6099.71 Mobile Safari/537.36 (compatible; Googlebot/2.1; +http://www.google.com/bot.html)"
66.249.68.7 - - [18/Dec/2023:22:09:59 +0700] "GET /ads.txt HTTP/1.1" 302 224 "-" "Mozilla/5.0 (compatible; Googlebot/2.1; +http://www.google.com/bot.html)"
173.239.196.201 - - [18/Dec/2023:22:14:52 +0700] "GET /RadControls/Editor/ToolsFile.xml HTTP/1.1" 302 249 "-" "-"
66.249.71.137 - - [19/Dec/2023:00:36:08 +0700] "GET / HTTP/1.1" 302 217 "-" "Mozilla/5.0 (compatible; Googlebot/2.1; +http://www.google.com/bot.html)"
66.249.71.136 - - [19/Dec/2023:01:35:03 +0700] "GET / HTTP/1.1" 302 217 "-" "Mozilla/5.0 (compatible; Googlebot/2.1; +http://www.google.com/bot.html)"
66.249.71.138 - - [19/Dec/2023:02:33:13 +0700] "GET / HTTP/1.1" 302 217 "-" "Mozilla/5.0 (compatible; Googlebot/2.1; +http://www.google.com/bot.html)"
103.131.71.51 - - [19/Dec/2023:03:09:46 +0700] "GET /robots.txt HTTP/1.1" 302 227 "-" "Mozilla/5.0 (compatible; coccocbot-image/1.0; +http://help.coccoc.com/searchengine)"
14.186.182.174 - - [19/Dec/2023:04:05:48 +0700] "GET / HTTP/1.1" 302 217 "https://www.google.com/url?q=http://xaydung.vanlanguni.edu.vn/&sa=U&sqi=2&ved=2ahUKEwjO5uSo-pmDAxX43jgGHc1EAi4QFnoECBAQAQ&usg=AOvVaw1bCOegGxit0ky-SImSJv4k" "Mozilla/5.0 (iPhone; CPU iPhone OS 17_1 like Mac OS X) AppleWebKit/605.1.15 (KHTML, like Gecko) GSA/294.0.588955078 Mobile/15E148 Safari/604.1"
65.154.226.171 - - [19/Dec/2023:08:09:09 +0700] "GET / HTTP/1.1" 302 217 "-" "Mozilla/5.0 (Windows NT 10.0) AppleWebKit/537.36 (KHTML, like Gecko) Chrome/106.0.0.0 Safari/537.36"
66.249.79.36 - - [19/Dec/2023:08:32:53 +0700] "GET /robots.txt HTTP/1.1" 302 227 "-" "Mozilla/5.0 (compatible; Googlebot/2.1; +http://www.google.com/bot.html)"
66.249.71.136 - - [19/Dec/2023:08:32:53 +0700] "GET / HTTP/1.1" 302 217 "-" "Mozilla/5.0 (compatible; Googlebot/2.1; +http://www.google.com/bot.html)"
66.249.79.36 - - [19/Dec/2023:09:32:07 +0700] "GET / HTTP/1.1" 302 217 "-" "Mozilla/5.0 (compatible; Googlebot/2.1; +http://www.google.com/bot.html)"
66.249.71.136 - - [19/Dec/2023:09:35:53 +0700] "GET / HTTP/1.1" 302 217 "-" "Mozilla/5.0 (Linux; Android 6.0.1; Nexus 5X Build/MMB29P) AppleWebKit/537.36 (KHTML, like Gecko) Chrome/120.0.6099.71 Mobile Safari/537.36 (compatible; Googlebot/2.1; +http://www.google.com/bot.html)"
66.249.71.137 - - [19/Dec/2023:09:35:53 +0700] "GET / HTTP/1.1" 302 217 "-" "Mozilla/5.0 (Linux; Android 6.0.1; Nexus 5X Build/MMB29P) AppleWebKit/537.36 (KHTML, like Gecko) Chrome/120.0.6099.71 Mobile Safari/537.36 (compatible; Googlebot/2.1; +http://www.google.com/bot.html)"
66.249.71.136 - - [19/Dec/2023:10:30:42 +0700] "GET / HTTP/1.1" 302 217 "-" "Mozilla/5.0 (compatible; Googlebot/2.1; +http://www.google.com/bot.html)"
66.249.79.35 - - [19/Dec/2023:11:28:59 +0700] "GET / HTTP/1.1" 302 217 "-" "Mozilla/5.0 (compatible; Googlebot/2.1; +http://www.google.com/bot.html)"
52.230.152.50 - - [19/Dec/2023:12:01:23 +0700] "GET /robots.txt HTTP/1.1" 302 227 "-" "Mozilla/5.0 AppleWebKit/537.36 (KHTML, like Gecko; compatible; GPTBot/1.0; +https://openai.com/gptbot)"
103.131.71.146 - - [19/Dec/2023:15:17:14 +0700] "GET /robots.txt HTTP/1.1" 302 227 "-" "Mozilla/5.0 (compatible; coccocbot-web/1.0; +http://help.coccoc.com/searchengine)"
103.131.71.65 - - [19/Dec/2023:15:17:16 +0700] "GET / HTTP/1.1" 302 217 "-" "Mozilla/5.0 (compatible; coccocbot-web/1.0; +http://help.coccoc.com/searchengine)"
103.131.71.216 - - [19/Dec/2023:16:39:04 +0700] "GET /robots.txt HTTP/1.1" 302 227 "-" "Mozilla/5.0 (compatible; coccocbot-image/1.0; +http://help.coccoc.com/searchengine)"
66.249.79.34 - - [19/Dec/2023:17:45:00 +0700] "GET / HTTP/1.1" 302 217 "-" "Mozilla/5.0 (compatible; Googlebot/2.1; +http://www.google.com/bot.html)"
66.249.71.136 - - [19/Dec/2023:18:44:46 +0700] "GET / HTTP/1.1" 302 217 "-" "Mozilla/5.0 (compatible; Googlebot/2.1; +http://www.google.com/bot.html)"
66.249.79.34 - - [19/Dec/2023:21:40:10 +0700] "GET /robots.txt HTTP/1.1" 302 227 "-" "Mozilla/5.0 (compatible; Googlebot/2.1; +http://www.google.com/bot.html)"
66.249.71.138 - - [19/Dec/2023:21:40:10 +0700] "GET /ads.txt HTTP/1.1" 302 224 "-" "Mozilla/5.0 (compatible; Googlebot/2.1; +http://www.google.com/bot.html)"
66.249.71.137 - - [19/Dec/2023:22:42:34 +0700] "GET / HTTP/1.1" 302 217 "-" "Mozilla/5.0 (Linux; Android 6.0.1; Nexus 5X Build/MMB29P) AppleWebKit/537.36 (KHTML, like Gecko) Chrome/120.0.6099.71 Mobile Safari/537.36 (compatible; Googlebot/2.1; +http://www.google.com/bot.html)"
66.249.79.36 - - [19/Dec/2023:22:44:49 +0700] "GET / HTTP/1.1" 302 217 "-" "Mozilla/5.0 (compatible; Googlebot/2.1; +http://www.google.com/bot.html)"
66.249.71.137 - - [19/Dec/2023:22:44:50 +0700] "GET / HTTP/1.1" 302 217 "-" "Mozilla/5.0 (Linux; Android 6.0.1; Nexus 5X Build/MMB29P) AppleWebKit/537.36 (KHTML, like Gecko) Chrome/99.0.4844.84 Mobile Safari/537.36 (compatible; Googlebot/2.1; +http://www.google.com/bot.html)"
66.249.71.138 - - [20/Dec/2023:00:41:30 +0700] "GET / HTTP/1.1" 302 217 "-" "Mozilla/5.0 (compatible; Googlebot/2.1; +http://www.google.com/bot.html)"
66.249.79.35 - - [20/Dec/2023:01:20:01 +0700] "GET / HTTP/1.1" 302 217 "-" "Mozilla/5.0 (compatible; Googlebot/2.1; +http://www.google.com/bot.html)"
103.131.71.27 - - [20/Dec/2023:01:37:35 +0700] "GET /robots.txt HTTP/1.1" 302 227 "-" "Mozilla/5.0 (compatible; coccocbot-image/1.0; +http://help.coccoc.com/searchengine)"
66.249.71.136 - - [20/Dec/2023:02:19:43 +0700] "GET / HTTP/1.1" 302 217 "-" "Mozilla/5.0 (compatible; Googlebot/2.1; +http://www.google.com/bot.html)"
66.249.71.136 - - [20/Dec/2023:03:18:10 +0700] "GET / HTTP/1.1" 302 217 "-" "Mozilla/5.0 (compatible; Googlebot/2.1; +http://www.google.com/bot.html)"
66.249.79.36 - - [20/Dec/2023:03:25:51 +0700] "GET / HTTP/1.1" 302 217 "-" "Mozilla/5.0 (compatible; Googlebot/2.1; +http://www.google.com/bot.html)"
66.249.71.137 - - [20/Dec/2023:03:33:21 +0700] "GET / HTTP/1.1" 302 217 "-" "Mozilla/5.0 (compatible; Googlebot/2.1; +http://www.google.com/bot.html)"
66.249.71.136 - - [20/Dec/2023:10:21:56 +0700] "GET /robots.txt HTTP/1.1" 302 227 "-" "Mozilla/5.0 (compatible; Googlebot/2.1; +http://www.google.com/bot.html)"
66.249.71.138 - - [20/Dec/2023:10:21:56 +0700] "GET / HTTP/1.1" 302 217 "-" "Mozilla/5.0 (compatible; Googlebot/2.1; +http://www.google.com/bot.html)"
66.249.79.34 - - [20/Dec/2023:11:20:42 +0700] "GET / HTTP/1.1" 302 217 "-" "Mozilla/5.0 (compatible; Googlebot/2.1; +http://www.google.com/bot.html)"
66.249.71.136 - - [20/Dec/2023:11:28:13 +0700] "GET / HTTP/1.1" 302 217 "-" "Mozilla/5.0 (compatible; Googlebot/2.1; +http://www.google.com/bot.html)"
103.131.71.96 - - [20/Dec/2023:13:34:53 +0700] "GET /robots.txt HTTP/1.1" 302 227 "-" "Mozilla/5.0 (compatible; coccocbot-web/1.0; +http://help.coccoc.com/searchengine)"
13.89.72.246 - - [20/Dec/2023:14:54:32 +0700] "GET /robots.txt HTTP/1.1" 302 227 "-" "Mozilla/5.0 (Windows NT 10.0; Win64; x64) AppleWebKit/537.36 (KHTML, like Gecko) Chrome/95.0.4638.54 Safari/537.36"
66.249.71.137 - - [20/Dec/2023:18:06:50 +0700] "GET / HTTP/1.1" 302 217 "-" "Mozilla/5.0 (compatible; Googlebot/2.1; +http://www.google.com/bot.html)"
66.249.79.35 - - [20/Dec/2023:18:14:32 +0700] "GET / HTTP/1.1" 302 217 "-" "Mozilla/5.0 (compatible; Googlebot/2.1; +http://www.google.com/bot.html)"
66.249.79.36 - - [20/Dec/2023:19:14:28 +0700] "GET / HTTP/1.1" 302 217 "-" "Mozilla/5.0 (compatible; Googlebot/2.1; +http://www.google.com/bot.html)"
83.99.151.65 - - [20/Dec/2023:20:14:14 +0700] "GET / HTTP/1.1" 302 217 "-" "Mozilla/5.0 (compatible; GeedoBot; +http://www.geedo.com/bot.html)"
66.249.71.136 - - [20/Dec/2023:21:10:39 +0700] "GET /ads.txt HTTP/1.1" 302 224 "-" "Mozilla/5.0 (compatible; Googlebot/2.1; +http://www.google.com/bot.html)"
103.131.71.100 - - [20/Dec/2023:23:11:57 +0700] "GET /robots.txt HTTP/1.1" 302 227 "-" "Mozilla/5.0 (compatible; coccocbot-web/1.0; +http://help.coccoc.com/searchengine)"
103.131.71.105 - - [20/Dec/2023:23:11:59 +0700] "GET / HTTP/1.1" 302 217 "-" "Mozilla/5.0 (compatible; coccocbot-web/1.0; +http://help.coccoc.com/searchengine)"
66.249.71.138 - - [21/Dec/2023:01:11:20 +0700] "GET /robots.txt HTTP/1.1" 302 227 "-" "Mozilla/5.0 (compatible; Googlebot/2.1; +http://www.google.com/bot.html)"
66.249.74.74 - - [21/Dec/2023:01:11:20 +0700] "GET / HTTP/1.1" 302 217 "-" "Mozilla/5.0 (compatible; Googlebot/2.1; +http://www.google.com/bot.html)"
66.249.71.136 - - [21/Dec/2023:02:11:07 +0700] "GET / HTTP/1.1" 302 217 "-" "Mozilla/5.0 (compatible; Googlebot/2.1; +http://www.google.com/bot.html)"
66.249.74.72 - - [21/Dec/2023:08:27:31 +0700] "GET / HTTP/1.1" 302 217 "-" "Mozilla/5.0 (compatible; Googlebot/2.1; +http://www.google.com/bot.html)"
66.249.71.138 - - [21/Dec/2023:09:27:03 +0700] "GET / HTTP/1.1" 302 217 "-" "Mozilla/5.0 (compatible; Googlebot/2.1; +http://www.google.com/bot.html)"
66.249.74.72 - - [21/Dec/2023:09:34:35 +0700] "GET / HTTP/1.1" 302 217 "-" "Mozilla/5.0 (compatible; Googlebot/2.1; +http://www.google.com/bot.html)"
66.249.74.73 - - [21/Dec/2023:15:58:27 +0700] "GET /robots.txt HTTP/1.1" 302 227 "-" "Mozilla/5.0 (compatible; Googlebot/2.1; +http://www.google.com/bot.html)"
66.249.74.73 - - [21/Dec/2023:15:58:27 +0700] "GET / HTTP/1.1" 302 217 "-" "Mozilla/5.0 (compatible; Googlebot/2.1; +http://www.google.com/bot.html)"
66.249.74.72 - - [21/Dec/2023:16:57:38 +0700] "GET / HTTP/1.1" 302 217 "-" "Mozilla/5.0 (compatible; Googlebot/2.1; +http://www.google.com/bot.html)"
103.131.71.170 - - [21/Dec/2023:20:26:58 +0700] "GET /robots.txt HTTP/1.1" 302 227 "-" "Mozilla/5.0 (compatible; coccocbot-web/1.0; +http://help.coccoc.com/searchengine)"
66.249.68.7 - - [21/Dec/2023:21:12:23 +0700] "GET /ads.txt HTTP/1.1" 302 224 "-" "Mozilla/5.0 (compatible; Googlebot/2.1; +http://www.google.com/bot.html)"
50.18.94.33 - - [21/Dec/2023:22:23:59 +0700] "GET / HTTP/1.1" 302 217 "-" "Mozilla/5.0 (Windows NT 6.2; Win64; x64) AppleWebKit/537.36 (KHTML, like Gecko) Chrome/32.0.1667.0 Safari/537.36"
66.249.68.6 - - [21/Dec/2023:22:49:34 +0700] "GET / HTTP/1.1" 302 217 "-" "Mozilla/5.0 (compatible; Googlebot/2.1; +http://www.google.com/bot.html)"
66.249.71.137 - - [21/Dec/2023:23:49:39 +0700] "GET / HTTP/1.1" 302 217 "-" "Mozilla/5.0 (compatible; Googlebot/2.1; +http://www.google.com/bot.html)"
66.249.68.7 - - [22/Dec/2023:00:48:10 +0700] "GET / HTTP/1.1" 302 217 "-" "Mozilla/5.0 (compatible; Googlebot/2.1; +http://www.google.com/bot.html)"
91.92.240.209 - - [22/Dec/2023:04:52:05 +0700] "GET /wp-admin/css/ HTTP/1.1" 302 230 "binance.com" "Mozilla/5.0 (Windows NT 10.0; Win64; x64) AppleWebKit/537.36 (KHTML, like Gecko) Chrome/90.0.4430.85 Safari/537.36"
66.249.71.137 - - [22/Dec/2023:07:59:31 +0700] "GET /robots.txt HTTP/1.1" 302 227 "-" "Mozilla/5.0 (compatible; Googlebot/2.1; +http://www.google.com/bot.html)"
66.249.68.6 - - [22/Dec/2023:07:59:31 +0700] "GET / HTTP/1.1" 302 217 "-" "Mozilla/5.0 (compatible; Googlebot/2.1; +http://www.google.com/bot.html)"
66.249.71.137 - - [22/Dec/2023:08:58:54 +0700] "GET / HTTP/1.1" 302 217 "-" "Mozilla/5.0 (compatible; Googlebot/2.1; +http://www.google.com/bot.html)"
67.194.236.68 - - [22/Dec/2023:12:48:33 +0700] "GET / HTTP/1.1" 302 217 "https://www.google.com/" "Mozilla/5.0 (iPhone; CPU iPhone OS 16_6 like Mac OS X) AppleWebKit/605.1.15 (KHTML, like Gecko) CriOS/119.0.6045.109 Mobile/15E148 Safari/604.1"
66.249.68.5 - - [22/Dec/2023:15:10:20 +0700] "GET / HTTP/1.1" 302 217 "-" "Mozilla/5.0 (Linux; Android 6.0.1; Nexus 5X Build/MMB29P) AppleWebKit/537.36 (KHTML, like Gecko) Chrome/120.0.6099.71 Mobile Safari/537.36 (compatible; Googlebot/2.1; +http://www.google.com/bot.html)"
66.249.71.137 - - [22/Dec/2023:16:01:53 +0700] "GET / HTTP/1.1" 302 217 "-" "Mozilla/5.0 (compatible; Googlebot/2.1; +http://www.google.com/bot.html)"
103.131.71.149 - - [22/Dec/2023:16:14:55 +0700] "GET /robots.txt HTTP/1.1" 302 227 "-" "Mozilla/5.0 (compatible; coccocbot-web/1.0; +http://help.coccoc.com/searchengine)"
103.131.71.65 - - [22/Dec/2023:16:14:58 +0700] "GET / HTTP/1.1" 302 217 "-" "Mozilla/5.0 (compatible; coccocbot-web/1.0; +http://help.coccoc.com/searchengine)"
140.83.61.51 - - [22/Dec/2023:16:25:32 +0700] "GET /wp-content/plugins/core/include.php HTTP/1.1" 302 252 "-" "Mozlila/5.0 (Linux; Android 7.0; SM-G892A Bulid/NRD90M; wv) AppleWebKit/537.36 (KHTML, like Gecko) Version/4.0 Chrome/60.0.3112.107 Moblie Safari/537.36"
66.249.68.5 - - [22/Dec/2023:17:01:02 +0700] "GET / HTTP/1.1" 302 217 "-" "Mozilla/5.0 (compatible; Googlebot/2.1; +http://www.google.com/bot.html)"
66.249.66.138 - - [22/Dec/2023:21:13:59 +0700] "GET /robots.txt HTTP/1.1" 302 227 "-" "Mozilla/5.0 (compatible; Googlebot/2.1; +http://www.google.com/bot.html)"
66.249.71.137 - - [22/Dec/2023:21:14:00 +0700] "GET /ads.txt HTTP/1.1" 302 224 "-" "Mozilla/5.0 (compatible; Googlebot/2.1; +http://www.google.com/bot.html)"
103.131.71.53 - - [22/Dec/2023:22:15:15 +0700] "GET /robots.txt HTTP/1.1" 302 227 "-" "Mozilla/5.0 (compatible; coccocbot-image/1.0; +http://help.coccoc.com/searchengine)"
66.249.66.137 - - [23/Dec/2023:00:31:19 +0700] "GET / HTTP/1.1" 302 217 "-" "Mozilla/5.0 (compatible; Googlebot/2.1; +http://www.google.com/bot.html)"
66.249.71.136 - - [23/Dec/2023:01:31:16 +0700] "GET / HTTP/1.1" 302 217 "-" "Mozilla/5.0 (compatible; Googlebot/2.1; +http://www.google.com/bot.html)"
66.249.66.136 - - [23/Dec/2023:01:38:48 +0700] "GET / HTTP/1.1" 302 217 "-" "Mozilla/5.0 (compatible; Googlebot/2.1; +http://www.google.com/bot.html)"
