103.199.57.209 - - [15/Oct/2023:21:57:24 +0700] "GET / HTTP/1.1" 302 217 "https://www.google.com/" "Mozilla/5.0 (Windows NT 10.0; Win64; x64) AppleWebKit/537.36 (KHTML, like Gecko) Chrome/118.0.0.0 Safari/537.36"
54.68.186.252 - - [15/Oct/2023:22:16:33 +0700] "GET / HTTP/1.1" 302 217 "-" "Mozilla/5.0 (Windows NT 10.0; Win64; x64) AppleWebKit/537.36 (KHTML, like Gecko) Chrome/88.0.4240.193 Safari/537.36"
66.249.71.136 - - [16/Oct/2023:01:07:13 +0700] "GET / HTTP/1.1" 302 217 "-" "Mozilla/5.0 (compatible; Googlebot/2.1; +http://www.google.com/bot.html)"
66.249.71.136 - - [16/Oct/2023:02:06:05 +0700] "GET / HTTP/1.1" 302 217 "-" "Mozilla/5.0 (compatible; Googlebot/2.1; +http://www.google.com/bot.html)"
66.249.68.5 - - [16/Oct/2023:03:04:20 +0700] "GET / HTTP/1.1" 302 217 "-" "Mozilla/5.0 (compatible; Googlebot/2.1; +http://www.google.com/bot.html)"
103.131.71.68 - - [16/Oct/2023:03:56:17 +0700] "GET /robots.txt HTTP/1.1" 302 227 "-" "Mozilla/5.0 (compatible; coccocbot-web/1.0; +http://help.coccoc.com/searchengine)"
35.209.59.80 - - [16/Oct/2023:04:03:41 +0700] "HEAD / HTTP/1.1" 302 - "-" "scalaj-http/2.4.2"
35.209.59.80 - - [16/Oct/2023:04:03:41 +0700] "GET / HTTP/1.1" 302 217 "-" "Buck/2.3.2; (+https://app.hypefactors.com/media-monitoring/about.html)"
66.249.71.137 - - [16/Oct/2023:04:03:42 +0700] "GET / HTTP/1.1" 302 217 "-" "Mozilla/5.0 (compatible; Googlebot/2.1; +http://www.google.com/bot.html)"
35.209.59.80 - - [16/Oct/2023:04:03:46 +0700] "GET /sitemap.xml HTTP/1.1" 302 228 "-" "Buck/2.3.2; (+https://app.hypefactors.com/media-monitoring/about.html)"
66.249.68.7 - - [16/Oct/2023:09:26:51 +0700] "GET /robots.txt HTTP/1.1" 302 227 "-" "Mozilla/5.0 (compatible; Googlebot/2.1; +http://www.google.com/bot.html)"
66.249.71.137 - - [16/Oct/2023:09:26:51 +0700] "GET / HTTP/1.1" 302 217 "-" "Mozilla/5.0 (compatible; Googlebot/2.1; +http://www.google.com/bot.html)"
54.68.186.252 - - [16/Oct/2023:10:18:39 +0700] "GET / HTTP/1.1" 302 217 "-" "Mozilla/5.0 (Windows NT 10.0; Win64; x64) AppleWebKit/537.36 (KHTML, like Gecko) Chrome/88.0.4240.193 Safari/537.36"
66.249.68.7 - - [16/Oct/2023:10:25:46 +0700] "GET / HTTP/1.1" 302 217 "-" "Mozilla/5.0 (compatible; Googlebot/2.1; +http://www.google.com/bot.html)"
66.249.68.5 - - [16/Oct/2023:15:13:30 +0700] "GET / HTTP/1.1" 302 217 "-" "Mozilla/5.0 (compatible; Googlebot/2.1; +http://www.google.com/bot.html)"
66.249.71.136 - - [16/Oct/2023:16:12:38 +0700] "GET / HTTP/1.1" 302 217 "-" "Mozilla/5.0 (compatible; Googlebot/2.1; +http://www.google.com/bot.html)"
66.249.68.5 - - [16/Oct/2023:20:22:26 +0700] "GET /ads.txt HTTP/1.1" 302 224 "-" "Mozilla/5.0 (compatible; Googlebot/2.1; +http://www.google.com/bot.html)"
66.249.68.6 - - [16/Oct/2023:21:23:23 +0700] "GET / HTTP/1.1" 302 217 "-" "Mozilla/5.0 (compatible; Googlebot/2.1; +http://www.google.com/bot.html)"
66.249.68.7 - - [16/Oct/2023:22:22:34 +0700] "GET /robots.txt HTTP/1.1" 302 227 "-" "Mozilla/5.0 (compatible; Googlebot/2.1; +http://www.google.com/bot.html)"
66.249.71.136 - - [16/Oct/2023:22:22:34 +0700] "GET / HTTP/1.1" 302 217 "-" "Mozilla/5.0 (compatible; Googlebot/2.1; +http://www.google.com/bot.html)"
103.131.71.178 - - [17/Oct/2023:01:21:40 +0700] "GET /robots.txt HTTP/1.1" 302 227 "-" "Mozilla/5.0 (compatible; coccocbot-web/1.0; +http://help.coccoc.com/searchengine)"
103.131.71.95 - - [17/Oct/2023:01:21:42 +0700] "GET / HTTP/1.1" 302 217 "-" "Mozilla/5.0 (compatible; coccocbot-web/1.0; +http://help.coccoc.com/searchengine)"
66.249.68.6 - - [17/Oct/2023:03:44:28 +0700] "GET / HTTP/1.1" 302 217 "-" "Mozilla/5.0 (compatible; Googlebot/2.1; +http://www.google.com/bot.html)"
103.131.71.50 - - [17/Oct/2023:03:59:51 +0700] "GET /robots.txt HTTP/1.1" 302 227 "-" "Mozilla/5.0 (compatible; coccocbot-image/1.0; +http://help.coccoc.com/searchengine)"
66.249.68.7 - - [17/Oct/2023:04:01:15 +0700] "GET / HTTP/1.1" 302 217 "-" "Mozilla/5.0 (compatible; Googlebot/2.1; +http://www.google.com/bot.html)"
66.249.71.138 - - [17/Oct/2023:05:00:45 +0700] "GET / HTTP/1.1" 302 217 "-" "Mozilla/5.0 (compatible; Googlebot/2.1; +http://www.google.com/bot.html)"
66.249.68.6 - - [17/Oct/2023:05:58:54 +0700] "GET / HTTP/1.1" 302 217 "-" "Mozilla/5.0 (compatible; Googlebot/2.1; +http://www.google.com/bot.html)"
121.4.238.122 - - [17/Oct/2023:06:05:57 +0700] "HEAD / HTTP/1.1" 302 - "https://www.bing.com" "Mozilla/5.0 (Windows NT 6.1) AppleWebKit/537.36 (KHTML, like Gecko) Chrome/28.0.1468.0 Safari/537.36"
121.4.238.122 - - [17/Oct/2023:06:06:00 +0700] "GET /wp-login.php HTTP/1.1" 302 229 "http://xaydung.vanlanguni.edu.vn" "Mozilla/5.0 (Windows NT 6.1) AppleWebKit/537.36 (KHTML, like Gecko) Chrome/28.0.1468.0 Safari/537.36"
121.4.238.122 - - [17/Oct/2023:06:06:01 +0700] "GET /wordpress/wp-login.php HTTP/1.1" 302 239 "http://xaydung.vanlanguni.edu.vn" "Mozilla/5.0 (Windows NT 6.1) AppleWebKit/537.36 (KHTML, like Gecko) Chrome/28.0.1468.0 Safari/537.36"
121.4.238.122 - - [17/Oct/2023:06:06:02 +0700] "GET /blog/wp-login.php HTTP/1.1" 302 234 "http://xaydung.vanlanguni.edu.vn" "Mozilla/5.0 (Windows NT 6.1) AppleWebKit/537.36 (KHTML, like Gecko) Chrome/28.0.1468.0 Safari/537.36"
121.4.238.122 - - [17/Oct/2023:06:06:03 +0700] "GET /wp/wp-login.php HTTP/1.1" 302 232 "http://xaydung.vanlanguni.edu.vn" "Mozilla/5.0 (Windows NT 6.1) AppleWebKit/537.36 (KHTML, like Gecko) Chrome/28.0.1468.0 Safari/537.36"
66.249.71.137 - - [17/Oct/2023:06:57:40 +0700] "GET / HTTP/1.1" 302 217 "-" "Mozilla/5.0 (compatible; Googlebot/2.1; +http://www.google.com/bot.html)"
66.249.68.7 - - [17/Oct/2023:07:55:49 +0700] "GET / HTTP/1.1" 302 217 "-" "Mozilla/5.0 (compatible; Googlebot/2.1; +http://www.google.com/bot.html)"
66.249.68.5 - - [17/Oct/2023:08:53:55 +0700] "GET / HTTP/1.1" 302 217 "-" "Mozilla/5.0 (compatible; Googlebot/2.1; +http://www.google.com/bot.html)"
66.249.71.136 - - [17/Oct/2023:09:52:15 +0700] "GET / HTTP/1.1" 302 217 "-" "Mozilla/5.0 (compatible; Googlebot/2.1; +http://www.google.com/bot.html)"
35.187.75.187 - - [17/Oct/2023:10:31:33 +0700] "GET /robots.txt HTTP/1.1" 302 227 "-" "Mozilla/5.0 (compatible; VelenPublicWebCrawler/1.0; +https://velen.io)"
35.187.75.187 - - [17/Oct/2023:10:31:33 +0700] "GET /robots.txt HTTP/1.1" 302 227 "-" "Mozilla/5.0 (compatible; VelenPublicWebCrawler/1.0; +https://velen.io)"
35.187.75.187 - - [17/Oct/2023:10:31:34 +0700] "GET /vi/dai-hoc/ky-thuat-xay-dung/de-cuong-chi-tiet-ban-hanh HTTP/1.1" 302 272 "-" "Mozilla/5.0 (compatible; VelenPublicWebCrawler/1.0; +https://velen.io)"
150.109.172.242 - - [17/Oct/2023:10:42:59 +0700] "GET / HTTP/1.1" 302 217 "-" "Mozilla/5.0 (Windows NT 10.0; Win64; x64) AppleWebKit/537.36 (KHTML, like Gecko) Chrome/92.0.4515.107 Safari/537.36"
66.249.71.138 - - [17/Oct/2023:10:51:08 +0700] "GET /robots.txt HTTP/1.1" 302 227 "-" "Mozilla/5.0 (compatible; Googlebot/2.1; +http://www.google.com/bot.html)"
66.249.68.6 - - [17/Oct/2023:10:51:09 +0700] "GET / HTTP/1.1" 302 217 "-" "Mozilla/5.0 (compatible; Googlebot/2.1; +http://www.google.com/bot.html)"
66.249.68.7 - - [17/Oct/2023:11:50:36 +0700] "GET / HTTP/1.1" 302 217 "-" "Mozilla/5.0 (compatible; Googlebot/2.1; +http://www.google.com/bot.html)"
111.7.96.177 - - [17/Oct/2023:14:14:05 +0700] "GET / HTTP/1.1" 302 217 "-" "Mozilla/5.0 (Macintosh; Intel Mac OS X 10_15_7) AppleWebKit/537.36 (KHTML, like Gecko) Chrome/96.0.4664.110 Safari/537.36"
111.7.96.177 - - [17/Oct/2023:14:14:06 +0700] "GET / HTTP/1.1" 302 217 "-" "Mozilla/5.0 (Macintosh; Intel Mac OS X 11_0_0) AppleWebKit/537.36 (KHTML, like Gecko) Chrome/87.0.4280.88 Safari/537.36"
171.248.102.44 - - [17/Oct/2023:17:11:25 +0700] "GET / HTTP/1.1" 302 217 "https://www.google.com/" "Mozilla/5.0 (Windows NT 10.0; Win64; x64) AppleWebKit/537.36 (KHTML, like Gecko) Chrome/118.0.0.0 Safari/537.36"
66.249.71.137 - - [17/Oct/2023:17:21:02 +0700] "GET / HTTP/1.1" 302 217 "-" "Mozilla/5.0 (compatible; Googlebot/2.1; +http://www.google.com/bot.html)"
66.249.68.5 - - [17/Oct/2023:18:19:31 +0700] "GET / HTTP/1.1" 302 217 "-" "Mozilla/5.0 (compatible; Googlebot/2.1; +http://www.google.com/bot.html)"
150.109.185.189 - - [17/Oct/2023:19:09:05 +0700] "GET / HTTP/1.1" 302 217 "-" "Mozilla/5.0 (Windows NT 10.0; Win64; x64) AppleWebKit/537.36 (KHTML, like Gecko) Chrome/92.0.4515.107 Safari/537.36"
66.249.68.5 - - [17/Oct/2023:19:52:30 +0700] "GET /ads.txt HTTP/1.1" 302 224 "-" "Mozilla/5.0 (compatible; Googlebot/2.1; +http://www.google.com/bot.html)"
104.207.138.232 - - [17/Oct/2023:20:30:21 +0700] "GET / HTTP/1.1" 302 217 "-" "python-requests/2.22.0"
66.249.68.5 - - [17/Oct/2023:23:37:07 +0700] "GET /robots.txt HTTP/1.1" 302 227 "-" "Mozilla/5.0 (compatible; Googlebot/2.1; +http://www.google.com/bot.html)"
66.249.68.7 - - [17/Oct/2023:23:37:08 +0700] "GET / HTTP/1.1" 302 217 "-" "Mozilla/5.0 (compatible; Googlebot/2.1; +http://www.google.com/bot.html)"
103.131.71.98 - - [18/Oct/2023:00:22:33 +0700] "GET /robots.txt HTTP/1.1" 302 227 "-" "Mozilla/5.0 (compatible; coccocbot-web/1.0; +http://help.coccoc.com/searchengine)"
66.249.68.6 - - [18/Oct/2023:00:37:04 +0700] "GET / HTTP/1.1" 302 217 "-" "Mozilla/5.0 (compatible; Googlebot/2.1; +http://www.google.com/bot.html)"
66.249.71.136 - - [18/Oct/2023:01:35:12 +0700] "GET / HTTP/1.1" 302 217 "-" "Mozilla/5.0 (compatible; Googlebot/2.1; +http://www.google.com/bot.html)"
66.249.71.138 - - [18/Oct/2023:07:12:43 +0700] "GET / HTTP/1.1" 302 217 "-" "Mozilla/5.0 (compatible; Googlebot/2.1; +http://www.google.com/bot.html)"
66.249.68.6 - - [18/Oct/2023:08:11:53 +0700] "GET / HTTP/1.1" 302 217 "-" "Mozilla/5.0 (compatible; Googlebot/2.1; +http://www.google.com/bot.html)"
150.109.167.89 - - [18/Oct/2023:09:01:42 +0700] "GET / HTTP/1.1" 302 217 "-" "Mozilla/5.0 (Windows NT 10.0; Win64; x64) AppleWebKit/537.36 (KHTML, like Gecko) Chrome/92.0.4515.107 Safari/537.36"
103.121.39.54 - - [18/Oct/2023:09:52:29 +0700] "GET /.env HTTP/1.1" 302 221 "-" "Mozilla/5.0 (X11; Linux x86_64) AppleWebKit/537.36 (KHTML, like Gecko) Chrome/81.0.4044.129 Safari/537.36"
103.121.39.54 - - [18/Oct/2023:09:52:30 +0700] "POST / HTTP/1.1" 302 217 "-" "Mozilla/5.0 (X11; Linux x86_64) AppleWebKit/537.36 (KHTML, like Gecko) Chrome/81.0.4044.129 Safari/537.36"
103.121.39.54 - - [18/Oct/2023:09:52:30 +0700] "GET /sendgrid/.env HTTP/1.1" 302 230 "-" "Mozilla/5.0 (X11; Linux x86_64) AppleWebKit/537.36 (KHTML, like Gecko) Chrome/81.0.4044.129 Safari/537.36"
103.121.39.54 - - [18/Oct/2023:09:52:31 +0700] "POST / HTTP/1.1" 302 217 "-" "Mozilla/5.0 (X11; Linux x86_64) AppleWebKit/537.36 (KHTML, like Gecko) Chrome/81.0.4044.129 Safari/537.36"
66.249.71.138 - - [18/Oct/2023:14:17:23 +0700] "GET /robots.txt HTTP/1.1" 302 227 "-" "Mozilla/5.0 (compatible; Googlebot/2.1; +http://www.google.com/bot.html)"
66.249.68.7 - - [18/Oct/2023:14:17:24 +0700] "GET / HTTP/1.1" 302 217 "-" "Mozilla/5.0 (Linux; Android 6.0.1; Nexus 5X Build/MMB29P) AppleWebKit/537.36 (KHTML, like Gecko) Chrome/117.0.5938.132 Mobile Safari/537.36 (compatible; Googlebot/2.1; +http://www.google.com/bot.html)"
66.249.71.138 - - [18/Oct/2023:14:17:52 +0700] "GET / HTTP/1.1" 302 217 "-" "Mozilla/5.0 (Linux; Android 6.0.1; Nexus 5X Build/MMB29P) AppleWebKit/537.36 (KHTML, like Gecko) Chrome/99.0.4844.84 Mobile Safari/537.36 (compatible; Googlebot/2.1; +http://www.google.com/bot.html)"
66.249.68.7 - - [18/Oct/2023:14:57:31 +0700] "GET / HTTP/1.1" 302 217 "-" "Mozilla/5.0 (compatible; Googlebot/2.1; +http://www.google.com/bot.html)"
66.249.68.6 - - [18/Oct/2023:15:56:38 +0700] "GET / HTTP/1.1" 302 217 "-" "Mozilla/5.0 (compatible; Googlebot/2.1; +http://www.google.com/bot.html)"
66.249.68.5 - - [18/Oct/2023:16:55:42 +0700] "GET / HTTP/1.1" 302 217 "-" "Mozilla/5.0 (compatible; Googlebot/2.1; +http://www.google.com/bot.html)"
66.249.71.137 - - [18/Oct/2023:19:22:45 +0700] "GET /ads.txt HTTP/1.1" 302 224 "-" "Mozilla/5.0 (compatible; Googlebot/2.1; +http://www.google.com/bot.html)"
66.249.71.136 - - [18/Oct/2023:23:52:05 +0700] "GET / HTTP/1.1" 302 217 "-" "Mozilla/5.0 (compatible; Googlebot/2.1; +http://www.google.com/bot.html)"
66.249.71.137 - - [19/Oct/2023:00:50:16 +0700] "GET / HTTP/1.1" 302 217 "-" "Mozilla/5.0 (compatible; Googlebot/2.1; +http://www.google.com/bot.html)"
66.249.68.5 - - [19/Oct/2023:01:48:22 +0700] "GET / HTTP/1.1" 302 217 "-" "Mozilla/5.0 (compatible; Googlebot/2.1; +http://www.google.com/bot.html)"
198.235.24.102 - - [19/Oct/2023:04:11:54 +0700] "GET / HTTP/1.1" 302 217 "-" "Expanse, a Palo Alto Networks company, searches across the global IPv4 space multiple times per day to identify customers' presences on the Internet. If you would like to be excluded from our scans, please send IP addresses/domains to: scaninfo@paloaltonetworks.com"
66.249.68.5 - - [19/Oct/2023:04:15:46 +0700] "GET /robots.txt HTTP/1.1" 302 227 "-" "Mozilla/5.0 (compatible; Googlebot/2.1; +http://www.google.com/bot.html)"
66.249.68.6 - - [19/Oct/2023:04:15:46 +0700] "GET / HTTP/1.1" 302 217 "-" "Mozilla/5.0 (compatible; Googlebot/2.1; +http://www.google.com/bot.html)"
66.249.68.5 - - [19/Oct/2023:04:15:57 +0700] "GET / HTTP/1.1" 302 217 "-" "Mozilla/5.0 (compatible; Googlebot/2.1; +http://www.google.com/bot.html)"
66.249.71.138 - - [19/Oct/2023:04:20:02 +0700] "GET / HTTP/1.1" 302 217 "-" "Mozilla/5.0 (Linux; Android 6.0.1; Nexus 5X Build/MMB29P) AppleWebKit/537.36 (KHTML, like Gecko) Chrome/117.0.5938.132 Mobile Safari/537.36 (compatible; Googlebot/2.1; +http://www.google.com/bot.html)"
66.249.71.138 - - [19/Oct/2023:07:20:01 +0700] "GET / HTTP/1.1" 302 217 "-" "Mozilla/5.0 (compatible; Googlebot/2.1; +http://www.google.com/bot.html)"
66.249.68.7 - - [19/Oct/2023:10:43:59 +0700] "GET / HTTP/1.1" 302 217 "-" "Mozilla/5.0 (compatible; Googlebot/2.1; +http://www.google.com/bot.html)"
66.249.68.7 - - [19/Oct/2023:11:43:00 +0700] "GET / HTTP/1.1" 302 217 "-" "Mozilla/5.0 (compatible; Googlebot/2.1; +http://www.google.com/bot.html)"
66.249.71.137 - - [19/Oct/2023:12:41:04 +0700] "GET / HTTP/1.1" 302 217 "-" "Mozilla/5.0 (compatible; Googlebot/2.1; +http://www.google.com/bot.html)"
66.249.68.7 - - [19/Oct/2023:13:39:16 +0700] "GET / HTTP/1.1" 302 217 "-" "Mozilla/5.0 (compatible; Googlebot/2.1; +http://www.google.com/bot.html)"
66.249.71.136 - - [19/Oct/2023:13:46:43 +0700] "GET / HTTP/1.1" 302 217 "-" "Mozilla/5.0 (compatible; Googlebot/2.1; +http://www.google.com/bot.html)"
103.95.14.103 - - [19/Oct/2023:14:24:08 +0700] "GET /vi/component/content/article/2-pages/1-typography%3FItemid%3D680&sa=U&ved=2ahUKEwjSgKT6zIGCAxWDqZUCHdrSB5IQFnoECDoQAg&usg=AOvVaw1Ya9GgK_A_smFoTvWnQsX5/ HTTP/1.1" 302 390 "-" "Mozilla/4.0 (compatible; MSIE 6.0; Windows NT 5.1; SV1)"
103.95.14.103 - - [19/Oct/2023:14:24:09 +0700] "GET /vi/component/content/article/2-pages/1-typography%3FItemid%3D680&sa=U&ved=2ahUKEwjSgKT6zIGCAxWDqZUCHdrSB5IQFnoECDoQAg&usg=AOvVaw1Ya9GgK_A_smFoTvWnQsX5//wp-admin/admin-ajax.php?action=add_custom_font HTTP/1.1" 302 436 "-" "Mozilla/5.0 (Windows; U; Windows NT 6.0; en-US; rv:1.8.0.1) Gecko/20060111 Firefox/1.5.0.1"
103.95.14.103 - - [19/Oct/2023:14:24:14 +0700] "GET /vi/component/content/article/2-pages/1-typography%3FItemid%3D680&sa=U&ved=2ahUKEwjSgKT6zIGCAxWDqZUCHdrSB5IQFnoECDoQAg&usg=AOvVaw1Ya9GgK_A_smFoTvWnQsX5/wp-admin/admin-ajax.php?action=revslider_show_image&img=../wp-config.php HTTP/1.1" 302 466 "-" "Mozilla/4.0 (compatible; MSIE 6.0; Windows NT 5.1; SV1)"
103.95.14.103 - - [19/Oct/2023:14:24:27 +0700] "GET / HTTP/1.1" 302 217 "-" "Mozilla/4.0 (compatible; MSIE 6.0; Windows NT 5.1; SV1)"
103.95.14.103 - - [19/Oct/2023:14:24:27 +0700] "GET //wp-admin/admin-ajax.php?action=add_custom_font HTTP/1.1" 302 263 "-" "Mozilla/4.0 (compatible; MSIE 6.0; Windows NT 5.1; SV1; .NET CLR 1.0.3705; .NET CLR 1.1.4322; Media Center PC 4.0; .NET CLR 2.0.50727)"
103.95.14.103 - - [19/Oct/2023:14:24:31 +0700] "GET /wp-admin/admin-ajax.php?action=revslider_show_image&img=../wp-config.php HTTP/1.1" 302 293 "-" "Mozilla/2.0 (compatible; MSIE 3.01; Windows 98)"
103.95.14.103 - - [19/Oct/2023:14:24:35 +0700] "GET /vi/component/content/article/2-pages/ HTTP/1.1" 302 254 "-" "Mozilla/2.0 (compatible; MSIE 3.01; Windows 98)"
103.95.14.103 - - [19/Oct/2023:14:24:36 +0700] "GET /vi/component/content/article/2-pages//wp-admin/admin-ajax.php?action=add_custom_font HTTP/1.1" 302 300 "-" "Microsoft Pocket Internet Explorer/0.6"
103.95.14.103 - - [19/Oct/2023:14:24:40 +0700] "GET /vi/component/content/article/2-pages/wp-admin/admin-ajax.php?action=revslider_show_image&img=../wp-config.php HTTP/1.1" 302 330 "-" "Mozilla/5.0 (compatible; Konqueror/3.1; Linux 2.4.22-10mdk; X11; i686; fr, fr_FR)"
66.249.68.7 - - [19/Oct/2023:14:45:31 +0700] "GET / HTTP/1.1" 302 217 "-" "Mozilla/5.0 (compatible; Googlebot/2.1; +http://www.google.com/bot.html)"
103.95.14.103 - - [19/Oct/2023:14:59:46 +0700] "GET /vi/component/content/article/2-pages/1-typography%3FItemid%3D680&sa=U&ved=2ahUKEwjAyK_7zIGCAxXgq5UCHeS6DMM4ARAWegQIOhAC&usg=AOvVaw1PExyFX0u7yn1L0wa-ii05/ HTTP/1.1" 302 392 "-" "Advanced Browser (http://www.avantbrowser.com)"
103.95.14.103 - - [19/Oct/2023:14:59:50 +0700] "GET /vi/component/content/article/2-pages/1-typography%3FItemid%3D680&sa=U&ved=2ahUKEwjAyK_7zIGCAxXgq5UCHeS6DMM4ARAWegQIOhAC&usg=AOvVaw1PExyFX0u7yn1L0wa-ii05//wp-admin/admin-ajax.php?action=add_custom_font HTTP/1.1" 302 438 "-" "Mozilla/4.0 (compatible; MSIE 7.0b; Windows NT 6.0)"
103.95.14.103 - - [19/Oct/2023:14:59:57 +0700] "GET /vi/component/content/article/2-pages/1-typography%3FItemid%3D680&sa=U&ved=2ahUKEwjAyK_7zIGCAxXgq5UCHeS6DMM4ARAWegQIOhAC&usg=AOvVaw1PExyFX0u7yn1L0wa-ii05/wp-admin/admin-ajax.php?action=revslider_show_image&img=../wp-config.php HTTP/1.1" 302 468 "-" "Mozilla/4.0 (compatible; MSIE 6.0; America Online Browser 1.1; rev1.1; Windows NT 5.1;)"
103.95.14.103 - - [19/Oct/2023:15:21:17 +0700] "GET /vi/component/content/article/2-pages/1-typography%3FItemid%3D680&sa=U&ved=2ahUKEwivtaz8zIGCAxUZlZUCHf_wDPk4AhAWegQIPRAC&usg=AOvVaw0m7UQdC18ry6QZ-kzHiefc/ HTTP/1.1" 302 392 "-" "Mozilla/5.0 (Windows; U; Windows NT 5.1; en-US; rv:1.7.12) Gecko/20050915 Firefox/1.0.7"
103.95.14.103 - - [19/Oct/2023:15:21:25 +0700] "GET /vi/component/content/article/2-pages/1-typography%3FItemid%3D680&sa=U&ved=2ahUKEwivtaz8zIGCAxUZlZUCHf_wDPk4AhAWegQIPRAC&usg=AOvVaw0m7UQdC18ry6QZ-kzHiefc//wp-admin/admin-ajax.php?action=add_custom_font HTTP/1.1" 302 438 "-" "Mozilla/5.0 (Macintosh; U; PPC Mac OS X Mach-O; en-US; rv:1.8b4) Gecko/20050908 Firefox/1.4"
103.95.14.103 - - [19/Oct/2023:15:21:37 +0700] "GET /vi/component/content/article/2-pages/1-typography%3FItemid%3D680&sa=U&ved=2ahUKEwivtaz8zIGCAxUZlZUCHf_wDPk4AhAWegQIPRAC&usg=AOvVaw0m7UQdC18ry6QZ-kzHiefc/wp-admin/admin-ajax.php?action=revslider_show_image&img=../wp-config.php HTTP/1.1" 302 468 "-" "Mozilla/5.0 (Windows; U; Windows NT 5.1; nl-NL; rv:1.7.5) Gecko/20041202 Firefox/1.0"
103.95.14.103 - - [19/Oct/2023:15:40:21 +0700] "GET /vi/component/content/article/2-pages/1-typography%3FItemid%3D680&sa=U&ved=2ahUKEwiU-4H9zIGCAxX0kZUCHRXwCHU4AxAWegQIPhAC&usg=AOvVaw1aTSqIhA-VrTPhq2ZOuyB0/ HTTP/1.1" 302 392 "-" "Mozilla/1.22 (compatible; MSIE 1.5; Windows NT)"
103.95.14.103 - - [19/Oct/2023:15:40:29 +0700] "GET /vi/component/content/article/2-pages/1-typography%3FItemid%3D680&sa=U&ved=2ahUKEwiU-4H9zIGCAxX0kZUCHRXwCHU4AxAWegQIPhAC&usg=AOvVaw1aTSqIhA-VrTPhq2ZOuyB0//wp-admin/admin-ajax.php?action=add_custom_font HTTP/1.1" 302 438 "-" "Mozilla/5.0 (compatible; Konqueror/3.1-rc3; i686 Linux; 20020515)"
103.95.14.103 - - [19/Oct/2023:15:40:37 +0700] "GET /vi/component/content/article/2-pages/1-typography%3FItemid%3D680&sa=U&ved=2ahUKEwiU-4H9zIGCAxX0kZUCHRXwCHU4AxAWegQIPhAC&usg=AOvVaw1aTSqIhA-VrTPhq2ZOuyB0/wp-admin/admin-ajax.php?action=revslider_show_image&img=../wp-config.php HTTP/1.1" 302 468 "-" "Mozilla/5.0 (BeOS; U; BeOS BePC; en-US; rv:1.9a1) Gecko/20051002 Firefox/1.6a1"
66.249.68.6 - - [19/Oct/2023:15:43:56 +0700] "GET / HTTP/1.1" 302 217 "-" "Mozilla/5.0 (compatible; Googlebot/2.1; +http://www.google.com/bot.html)"
103.95.14.103 - - [19/Oct/2023:15:58:28 +0700] "GET /vi/component/content/article/2-pages/1-typography%3FItemid%3D680&sa=U&ved=2ahUKEwjlhIT-zIGCAxVtppUCHXMkDwg4BBAWegQIPxAC&usg=AOvVaw1saqV-0fR2lfV42yxASDcJ/ HTTP/1.1" 302 392 "-" "Mozilla/4.0 (compatible; MSIE 6.0; Windows NT 5.1; Avant Browser [avantbrowser.com]; iOpus-I-M; QXW03416; .NET CLR 1.1.4322)"
103.95.14.103 - - [19/Oct/2023:15:58:30 +0700] "GET /vi/component/content/article/2-pages/1-typography%3FItemid%3D680&sa=U&ved=2ahUKEwjlhIT-zIGCAxVtppUCHXMkDwg4BBAWegQIPxAC&usg=AOvVaw1saqV-0fR2lfV42yxASDcJ//wp-admin/admin-ajax.php?action=add_custom_font HTTP/1.1" 302 438 "-" "Mozilla/5.0 (Windows; U; Windows NT 5.1; en-US; rv:1.8) Gecko/20060321 Firefox/2.0a1"
103.95.14.103 - - [19/Oct/2023:15:58:33 +0700] "GET /vi/component/content/article/2-pages/1-typography%3FItemid%3D680&sa=U&ved=2ahUKEwjlhIT-zIGCAxVtppUCHXMkDwg4BBAWegQIPxAC&usg=AOvVaw1saqV-0fR2lfV42yxASDcJ/wp-admin/admin-ajax.php?action=revslider_show_image&img=../wp-config.php HTTP/1.1" 302 468 "-" "Mozilla/4.0 (compatible; MSIE 7.0b; Win32)"
103.95.14.103 - - [19/Oct/2023:16:17:34 +0700] "GET /vi/component/content/article/2-pages/1-typography%3FItemid%3D680&sa=U&ved=2ahUKEwjhr9D-zIGCAxWVqJUCHWz3CXI4BRAWegQILBAC&usg=AOvVaw0b4TbInYDZVpCbQnOJbLPG/ HTTP/1.1" 302 392 "-" "Mozilla/5.0 (X11; U; Linux i686; cs-CZ; rv:1.7.12) Gecko/20050929"
103.95.14.103 - - [19/Oct/2023:16:17:34 +0700] "GET /vi/component/content/article/2-pages/1-typography%3FItemid%3D680&sa=U&ved=2ahUKEwjhr9D-zIGCAxWVqJUCHWz3CXI4BRAWegQILBAC&usg=AOvVaw0b4TbInYDZVpCbQnOJbLPG//wp-admin/admin-ajax.php?action=add_custom_font HTTP/1.1" 302 438 "-" "Mozilla/5.0 (Windows; U; Windows NT 5.1; nl-NL; rv:1.7.5) Gecko/20041202 Firefox/1.0"
103.95.14.103 - - [19/Oct/2023:16:17:37 +0700] "GET /vi/component/content/article/2-pages/1-typography%3FItemid%3D680&sa=U&ved=2ahUKEwjhr9D-zIGCAxWVqJUCHWz3CXI4BRAWegQILBAC&usg=AOvVaw0b4TbInYDZVpCbQnOJbLPG/wp-admin/admin-ajax.php?action=revslider_show_image&img=../wp-config.php HTTP/1.1" 302 468 "-" "Mozilla/4.61 [en] (OS/2; U)"
103.95.14.103 - - [19/Oct/2023:16:28:54 +0700] "GET /vi/component/content/article/2-pages/1-typography%3FItemid%3D680&sa=U&ved=2ahUKEwipldn_zIGCAxXkjJUCHck_DAU4BhAWegQIQRAC&usg=AOvVaw2FuxiEOOOxQ-OgVKtWDRLE/ HTTP/1.1" 302 392 "-" "Mozilla/4.0 (compatible; MSIE 6.0; America Online Browser 1.1; rev1.1; Windows NT 5.1;)"
103.95.14.103 - - [19/Oct/2023:16:28:55 +0700] "GET /vi/component/content/article/2-pages/1-typography%3FItemid%3D680&sa=U&ved=2ahUKEwipldn_zIGCAxXkjJUCHck_DAU4BhAWegQIQRAC&usg=AOvVaw2FuxiEOOOxQ-OgVKtWDRLE//wp-admin/admin-ajax.php?action=add_custom_font HTTP/1.1" 302 438 "-" "Mozilla/4.0 (compatible; MSIE 6.0; Windows NT 5.1; Avant Browser [avantbrowser.com]; iOpus-I-M; QXW03416; .NET CLR 1.1.4322)"
103.95.14.103 - - [19/Oct/2023:16:28:59 +0700] "GET /vi/component/content/article/2-pages/1-typography%3FItemid%3D680&sa=U&ved=2ahUKEwipldn_zIGCAxXkjJUCHck_DAU4BhAWegQIQRAC&usg=AOvVaw2FuxiEOOOxQ-OgVKtWDRLE/wp-admin/admin-ajax.php?action=revslider_show_image&img=../wp-config.php HTTP/1.1" 302 468 "-" "Mozilla/5.0 (Macintosh; U; PPC Mac OS X Mach-O; en-US; rv:1.7.12) Gecko/20050915 Firefox/1.0.7"
66.249.71.138 - - [19/Oct/2023:16:42:11 +0700] "GET /robots.txt HTTP/1.1" 302 227 "-" "Mozilla/5.0 (compatible; Googlebot/2.1; +http://www.google.com/bot.html)"
66.249.71.136 - - [19/Oct/2023:16:42:12 +0700] "GET / HTTP/1.1" 302 217 "-" "Mozilla/5.0 (compatible; Googlebot/2.1; +http://www.google.com/bot.html)"
66.249.68.6 - - [19/Oct/2023:16:42:48 +0700] "GET /vi/ban-chu-nhiem-khoa HTTP/1.1" 302 238 "-" "Mozilla/5.0 (Linux; Android 6.0.1; Nexus 5X Build/MMB29P) AppleWebKit/537.36 (KHTML, like Gecko) Chrome/118.0.5993.70 Mobile Safari/537.36 (compatible; Googlebot/2.1; +http://www.google.com/bot.html)"
66.249.68.6 - - [19/Oct/2023:16:42:56 +0700] "GET /vi/doi-ngu-giang-vien HTTP/1.1" 302 238 "-" "Mozilla/5.0 (Linux; Android 6.0.1; Nexus 5X Build/MMB29P) AppleWebKit/537.36 (KHTML, like Gecko) Chrome/118.0.5993.70 Mobile Safari/537.36 (compatible; Googlebot/2.1; +http://www.google.com/bot.html)"
66.249.71.137 - - [19/Oct/2023:16:42:57 +0700] "GET /vi/moi-truong-hoc-tap HTTP/1.1" 302 238 "-" "Mozilla/5.0 (Linux; Android 6.0.1; Nexus 5X Build/MMB29P) AppleWebKit/537.36 (KHTML, like Gecko) Chrome/118.0.5993.70 Mobile Safari/537.36 (compatible; Googlebot/2.1; +http://www.google.com/bot.html)"
66.249.68.6 - - [19/Oct/2023:16:42:57 +0700] "GET /vi/doi-ngu-giang-vien HTTP/1.1" 302 238 "-" "Mozilla/5.0 (Linux; Android 6.0.1; Nexus 5X Build/MMB29P) AppleWebKit/537.36 (KHTML, like Gecko) Chrome/118.0.5993.70 Mobile Safari/537.36 (compatible; Googlebot/2.1; +http://www.google.com/bot.html)"
66.249.68.5 - - [19/Oct/2023:16:43:07 +0700] "GET /vi/gioi-thieu-khoa-xay-dung HTTP/1.1" 302 244 "-" "Mozilla/5.0 (Linux; Android 6.0.1; Nexus 5X Build/MMB29P) AppleWebKit/537.36 (KHTML, like Gecko) Chrome/118.0.5993.70 Mobile Safari/537.36 (compatible; Googlebot/2.1; +http://www.google.com/bot.html)"
66.249.71.136 - - [19/Oct/2023:16:43:07 +0700] "GET /vi/gioi-thieu-khoa-xay-dung HTTP/1.1" 302 244 "-" "Mozilla/5.0 (Linux; Android 6.0.1; Nexus 5X Build/MMB29P) AppleWebKit/537.36 (KHTML, like Gecko) Chrome/118.0.5993.70 Mobile Safari/537.36 (compatible; Googlebot/2.1; +http://www.google.com/bot.html)"
66.249.71.136 - - [19/Oct/2023:16:43:15 +0700] "GET /vi/cac-bo-mon-truc-thuoc-khoa/bo-mon-thi-cong HTTP/1.1" 302 262 "-" "Mozilla/5.0 (Linux; Android 6.0.1; Nexus 5X Build/MMB29P) AppleWebKit/537.36 (KHTML, like Gecko) Chrome/118.0.5993.70 Mobile Safari/537.36 (compatible; Googlebot/2.1; +http://www.google.com/bot.html)"
66.249.71.136 - - [19/Oct/2023:16:43:15 +0700] "GET /vi/cac-bo-mon-truc-thuoc-khoa/bo-mon-thi-cong HTTP/1.1" 302 262 "-" "Mozilla/5.0 (Linux; Android 6.0.1; Nexus 5X Build/MMB29P) AppleWebKit/537.36 (KHTML, like Gecko) Chrome/118.0.5993.70 Mobile Safari/537.36 (compatible; Googlebot/2.1; +http://www.google.com/bot.html)"
66.249.68.5 - - [19/Oct/2023:16:43:16 +0700] "GET /vi/cac-bo-mon-truc-thuoc-khoa/bo-mon-cong-trinh HTTP/1.1" 302 264 "-" "Mozilla/5.0 (Linux; Android 6.0.1; Nexus 5X Build/MMB29P) AppleWebKit/537.36 (KHTML, like Gecko) Chrome/118.0.5993.70 Mobile Safari/537.36 (compatible; Googlebot/2.1; +http://www.google.com/bot.html)"
66.249.71.136 - - [19/Oct/2023:16:43:21 +0700] "GET /vi/dai-hoc/ky-thuat-xay-dung/chuong-trinh-dao-tao HTTP/1.1" 302 266 "-" "Mozilla/5.0 (Linux; Android 6.0.1; Nexus 5X Build/MMB29P) AppleWebKit/537.36 (KHTML, like Gecko) Chrome/118.0.5993.70 Mobile Safari/537.36 (compatible; Googlebot/2.1; +http://www.google.com/bot.html)"
66.249.71.136 - - [19/Oct/2023:16:43:22 +0700] "GET /vi/dai-hoc/ky-thuat-xay-dung/de-cuong-chi-tiet-ban-hanh HTTP/1.1" 302 272 "-" "Mozilla/5.0 (Linux; Android 6.0.1; Nexus 5X Build/MMB29P) AppleWebKit/537.36 (KHTML, like Gecko) Chrome/118.0.5993.70 Mobile Safari/537.36 (compatible; Googlebot/2.1; +http://www.google.com/bot.html)"
66.249.68.5 - - [19/Oct/2023:16:43:32 +0700] "GET /vi/dai-hoc/ky-thuat-xay-dung/de-cuong-chi-tiet-theo-hoc-ky HTTP/1.1" 302 275 "-" "Mozilla/5.0 (Linux; Android 6.0.1; Nexus 5X Build/MMB29P) AppleWebKit/537.36 (KHTML, like Gecko) Chrome/118.0.5993.70 Mobile Safari/537.36 (compatible; Googlebot/2.1; +http://www.google.com/bot.html)"
66.249.68.5 - - [19/Oct/2023:16:43:33 +0700] "GET /vi/dai-hoc/ky-thuat-xay-dung-cong-trinh-giao-thong/chuong-trinh-dao-tao HTTP/1.1" 302 288 "-" "Mozilla/5.0 (Linux; Android 6.0.1; Nexus 5X Build/MMB29P) AppleWebKit/537.36 (KHTML, like Gecko) Chrome/118.0.5993.70 Mobile Safari/537.36 (compatible; Googlebot/2.1; +http://www.google.com/bot.html)"
103.95.14.103 - - [19/Oct/2023:16:44:53 +0700] "GET /vi/component/content/article/2-pages/1-typography%3FItemid%3D680&sa=U&ved=2ahUKEwjqudiAzYGCAxXNmZUCHZv0DZU4BxAWegQIQhAC&usg=AOvVaw1eoXZvEMb2OkTSZQ8iKuC1/ HTTP/1.1" 302 392 "-" "Mozilla/5.0 (Windows; U; Windows NT 5.1; en-US; rv:1.8) Gecko/20051219 SeaMonkey/1.0b"
103.95.14.103 - - [19/Oct/2023:16:44:53 +0700] "GET /vi/component/content/article/2-pages/1-typography%3FItemid%3D680&sa=U&ved=2ahUKEwjqudiAzYGCAxXNmZUCHZv0DZU4BxAWegQIQhAC&usg=AOvVaw1eoXZvEMb2OkTSZQ8iKuC1//wp-admin/admin-ajax.php?action=add_custom_font HTTP/1.1" 302 438 "-" "Mozilla/5.0 (Windows; U; Windows NT 5.1; en-US; rv:1.8) Gecko/20060321 Firefox/2.0a1"
103.95.14.103 - - [19/Oct/2023:16:44:56 +0700] "GET /vi/component/content/article/2-pages/1-typography%3FItemid%3D680&sa=U&ved=2ahUKEwjqudiAzYGCAxXNmZUCHZv0DZU4BxAWegQIQhAC&usg=AOvVaw1eoXZvEMb2OkTSZQ8iKuC1/wp-admin/admin-ajax.php?action=revslider_show_image&img=../wp-config.php HTTP/1.1" 302 468 "-" "Mozilla/5.0 (Windows; U; Windows NT 5.1; nl-NL; rv:1.7.5) Gecko/20041202 Firefox/1.0"
66.249.71.137 - - [19/Oct/2023:16:49:37 +0700] "GET /vi/ban-chu-nhiem-khoa HTTP/1.1" 302 238 "-" "Mozilla/5.0 (Linux; Android 6.0.1; Nexus 5X Build/MMB29P) AppleWebKit/537.36 (KHTML, like Gecko) Chrome/118.0.5993.70 Mobile Safari/537.36 (compatible; Googlebot/2.1; +http://www.google.com/bot.html)"
66.249.71.137 - - [19/Oct/2023:16:49:38 +0700] "GET /vi/ban-chu-nhiem-khoa HTTP/1.1" 302 238 "-" "Mozilla/5.0 (Linux; Android 6.0.1; Nexus 5X Build/MMB29P) AppleWebKit/537.36 (KHTML, like Gecko) Chrome/118.0.5993.70 Mobile Safari/537.36 (compatible; Googlebot/2.1; +http://www.google.com/bot.html)"
103.95.14.103 - - [19/Oct/2023:17:00:23 +0700] "GET /vi/component/content/article/2-pages/1-typography%3FItemid%3D680&sa=U&ved=2ahUKEwj5zZyBzYGCAxU1rJUCHY4LC9w4CBAWegQIQhAC&usg=AOvVaw1mQtjpOSkR__QjOVgaGZyP/ HTTP/1.1" 302 392 "-" "Mozilla/4.0 (compatible; MSIE 5.17; Mac_PowerPC)"
103.95.14.103 - - [19/Oct/2023:17:00:23 +0700] "GET /vi/component/content/article/2-pages/1-typography%3FItemid%3D680&sa=U&ved=2ahUKEwj5zZyBzYGCAxU1rJUCHY4LC9w4CBAWegQIQhAC&usg=AOvVaw1mQtjpOSkR__QjOVgaGZyP//wp-admin/admin-ajax.php?action=add_custom_font HTTP/1.1" 302 438 "-" "Mozilla/4.0 (compatible; MSIE 5.17; Mac_PowerPC)"
103.95.14.103 - - [19/Oct/2023:17:00:26 +0700] "GET /vi/component/content/article/2-pages/1-typography%3FItemid%3D680&sa=U&ved=2ahUKEwj5zZyBzYGCAxU1rJUCHY4LC9w4CBAWegQIQhAC&usg=AOvVaw1mQtjpOSkR__QjOVgaGZyP/wp-admin/admin-ajax.php?action=revslider_show_image&img=../wp-config.php HTTP/1.1" 302 468 "-" "Mozilla/5.0 (Windows; U; Windows NT 5.1; it; rv:1.8.1b1) Gecko/20060710 Firefox/2.0b1"
103.95.14.103 - - [19/Oct/2023:17:17:06 +0700] "GET /vi/component/content/article/2-pages/1-typography%3FItemid%3D680&sa=U&ved=2ahUKEwi_gv-BzYGCAxVbq5UCHaMtAyQ4CRAWegQIRRAC&usg=AOvVaw37S6N7cj_P1RXwFvUnzgDT/ HTTP/1.1" 302 392 "-" "Mozilla/5.0 (Windows; U; Windows NT 5.1; it; rv:1.8.1b2) Gecko/20060710 Firefox/2.0b2"
103.95.14.103 - - [19/Oct/2023:17:17:07 +0700] "GET /vi/component/content/article/2-pages/1-typography%3FItemid%3D680&sa=U&ved=2ahUKEwi_gv-BzYGCAxVbq5UCHaMtAyQ4CRAWegQIRRAC&usg=AOvVaw37S6N7cj_P1RXwFvUnzgDT//wp-admin/admin-ajax.php?action=add_custom_font HTTP/1.1" 302 438 "-" "Mozilla/5.0 (Windows; U; Windows NT 5.1; en-US; rv:1.8) Gecko/20051219 SeaMonkey/1.0b"
103.95.14.103 - - [19/Oct/2023:17:17:09 +0700] "GET /vi/component/content/article/2-pages/1-typography%3FItemid%3D680&sa=U&ved=2ahUKEwi_gv-BzYGCAxVbq5UCHaMtAyQ4CRAWegQIRRAC&usg=AOvVaw37S6N7cj_P1RXwFvUnzgDT/wp-admin/admin-ajax.php?action=revslider_show_image&img=../wp-config.php HTTP/1.1" 302 468 "-" "Mozilla/3.0 (OS/2; U)"
66.249.71.136 - - [19/Oct/2023:18:52:50 +0700] "GET /ads.txt HTTP/1.1" 302 224 "-" "Mozilla/5.0 (compatible; Googlebot/2.1; +http://www.google.com/bot.html)"
103.131.71.176 - - [19/Oct/2023:19:14:34 +0700] "GET /robots.txt HTTP/1.1" 302 227 "-" "Mozilla/5.0 (compatible; coccocbot-web/1.0; +http://help.coccoc.com/searchengine)"
137.74.148.90 - - [19/Oct/2023:20:04:37 +0700] "GET /.env HTTP/1.1" 302 221 "-" "Mozilla/5.0 (X11; Linux x86_64) AppleWebKit/537.36 (KHTML, like Gecko) Chrome/81.0.4044.129 Safari/537.36"
137.74.148.90 - - [19/Oct/2023:20:04:38 +0700] "POST / HTTP/1.1" 302 217 "-" "Mozilla/5.0 (X11; Linux x86_64) AppleWebKit/537.36 (KHTML, like Gecko) Chrome/81.0.4044.129 Safari/537.36"
207.46.13.229 - - [19/Oct/2023:20:32:57 +0700] "GET /robots.txt HTTP/1.1" 302 227 "-" "Mozilla/5.0 AppleWebKit/537.36 (KHTML, like Gecko; compatible; bingbot/2.0; +http://www.bing.com/bingbot.htm) Chrome/103.0.5060.134 Safari/537.36"
52.167.144.191 - - [19/Oct/2023:20:33:23 +0700] "GET / HTTP/1.1" 302 217 "-" "Mozilla/5.0 AppleWebKit/537.36 (KHTML, like Gecko; compatible; bingbot/2.0; +http://www.bing.com/bingbot.htm) Chrome/103.0.5060.134 Safari/537.36"
66.249.68.5 - - [19/Oct/2023:23:39:45 +0700] "GET / HTTP/1.1" 302 217 "-" "Mozilla/5.0 (compatible; Googlebot/2.1; +http://www.google.com/bot.html)"
66.249.71.136 - - [20/Oct/2023:00:38:17 +0700] "GET / HTTP/1.1" 302 217 "-" "Mozilla/5.0 (compatible; Googlebot/2.1; +http://www.google.com/bot.html)"
66.249.71.138 - - [20/Oct/2023:02:09:05 +0700] "GET / HTTP/1.1" 302 217 "-" "Mozilla/5.0 (compatible; Googlebot/2.1; +http://www.google.com/bot.html)"
103.131.71.201 - - [20/Oct/2023:06:00:49 +0700] "GET /robots.txt HTTP/1.1" 302 227 "-" "Mozilla/5.0 (compatible; coccocbot-image/1.0; +http://help.coccoc.com/searchengine)"
66.249.71.137 - - [20/Oct/2023:08:26:48 +0700] "GET /robots.txt HTTP/1.1" 302 227 "-" "Mozilla/5.0 (compatible; Googlebot/2.1; +http://www.google.com/bot.html)"
66.249.71.136 - - [20/Oct/2023:08:26:48 +0700] "GET / HTTP/1.1" 302 217 "-" "Mozilla/5.0 (compatible; Googlebot/2.1; +http://www.google.com/bot.html)"
66.249.71.136 - - [20/Oct/2023:09:25:03 +0700] "GET / HTTP/1.1" 302 217 "-" "Mozilla/5.0 (compatible; Googlebot/2.1; +http://www.google.com/bot.html)"
66.249.71.138 - - [20/Oct/2023:10:23:14 +0700] "GET / HTTP/1.1" 302 217 "-" "Mozilla/5.0 (compatible; Googlebot/2.1; +http://www.google.com/bot.html)"
66.249.68.5 - - [20/Oct/2023:11:21:23 +0700] "GET / HTTP/1.1" 302 217 "-" "Mozilla/5.0 (compatible; Googlebot/2.1; +http://www.google.com/bot.html)"
66.249.68.5 - - [20/Oct/2023:12:19:30 +0700] "GET / HTTP/1.1" 302 217 "-" "Mozilla/5.0 (compatible; Googlebot/2.1; +http://www.google.com/bot.html)"
103.131.71.62 - - [20/Oct/2023:12:39:31 +0700] "GET /robots.txt HTTP/1.1" 302 227 "-" "Mozilla/5.0 (compatible; coccocbot-web/1.0; +http://help.coccoc.com/searchengine)"
103.131.71.81 - - [20/Oct/2023:12:40:09 +0700] "GET / HTTP/1.1" 302 217 "-" "Mozilla/5.0 (compatible; coccocbot-web/1.0; +http://help.coccoc.com/searchengine)"
165.227.108.180 - - [20/Oct/2023:17:16:12 +0700] "GET / HTTP/1.1" 302 217 "-" "Mozilla/5.0 (X11; Linux x86_64) AppleWebKit/537.36 (KHTML, like Gecko) Chrome/108.0.0.0 Safari/537.36"
66.249.68.5 - - [20/Oct/2023:18:22:58 +0700] "GET /ads.txt HTTP/1.1" 302 224 "-" "Mozilla/5.0 (compatible; Googlebot/2.1; +http://www.google.com/bot.html)"
79.124.8.3 - - [20/Oct/2023:18:34:31 +0700] "GET /inputs.php HTTP/1.1" 302 227 "-" "Mozilla/5.0 (Windows NT 10.0; Win64; x64) AppleWebKit/537.36 (KHTML, like Gecko) Chrome/90.0.4430.85 Safari/537.36"
79.124.8.3 - - [20/Oct/2023:18:34:31 +0700] "GET /inputs.php HTTP/1.1" 302 227 "-" "Mozilla/5.0 (Windows NT 10.0; Win64; x64) AppleWebKit/537.36 (KHTML, like Gecko) Chrome/90.0.4430.85 Safari/537.36"
104.46.39.139 - - [20/Oct/2023:19:01:11 +0700] "GET /wp-head.php HTTP/1.1" 302 228 "-" "Mozilla/5.0 (Windows NT 10.0; Win64; x64) AppleWebKit/537.36 (KHTML, like Gecko) Chrome/85.0.4183.102 Safari/537.36"
66.249.71.136 - - [20/Oct/2023:19:23:40 +0700] "GET / HTTP/1.1" 302 217 "-" "Mozilla/5.0 (compatible; Googlebot/2.1; +http://www.google.com/bot.html)"
66.249.68.5 - - [20/Oct/2023:20:22:58 +0700] "GET / HTTP/1.1" 302 217 "-" "Mozilla/5.0 (compatible; Googlebot/2.1; +http://www.google.com/bot.html)"
66.249.71.138 - - [21/Oct/2023:03:43:31 +0700] "GET /robots.txt HTTP/1.1" 302 227 "-" "Mozilla/5.0 (compatible; Googlebot/2.1; +http://www.google.com/bot.html)"
66.249.68.7 - - [21/Oct/2023:03:43:31 +0700] "GET / HTTP/1.1" 302 217 "-" "Mozilla/5.0 (compatible; Googlebot/2.1; +http://www.google.com/bot.html)"
66.249.71.137 - - [21/Oct/2023:04:41:46 +0700] "GET / HTTP/1.1" 302 217 "-" "Mozilla/5.0 (compatible; Googlebot/2.1; +http://www.google.com/bot.html)"
66.249.71.136 - - [21/Oct/2023:12:11:07 +0700] "GET / HTTP/1.1" 302 217 "-" "Mozilla/5.0 (compatible; Googlebot/2.1; +http://www.google.com/bot.html)"
66.249.71.136 - - [21/Oct/2023:13:09:27 +0700] "GET / HTTP/1.1" 302 217 "-" "Mozilla/5.0 (compatible; Googlebot/2.1; +http://www.google.com/bot.html)"
66.249.71.138 - - [21/Oct/2023:14:07:48 +0700] "GET / HTTP/1.1" 302 217 "-" "Mozilla/5.0 (compatible; Googlebot/2.1; +http://www.google.com/bot.html)"
66.249.71.136 - - [21/Oct/2023:15:06:59 +0700] "GET / HTTP/1.1" 302 217 "-" "Mozilla/5.0 (compatible; Googlebot/2.1; +http://www.google.com/bot.html)"
66.249.68.7 - - [21/Oct/2023:16:05:13 +0700] "GET /robots.txt HTTP/1.1" 302 227 "-" "Mozilla/5.0 (compatible; Googlebot/2.1; +http://www.google.com/bot.html)"
66.249.71.138 - - [21/Oct/2023:16:05:13 +0700] "GET / HTTP/1.1" 302 217 "-" "Mozilla/5.0 (compatible; Googlebot/2.1; +http://www.google.com/bot.html)"
66.249.71.138 - - [21/Oct/2023:17:03:40 +0700] "GET / HTTP/1.1" 302 217 "-" "Mozilla/5.0 (compatible; Googlebot/2.1; +http://www.google.com/bot.html)"
66.249.68.5 - - [21/Oct/2023:17:53:03 +0700] "GET /ads.txt HTTP/1.1" 302 224 "-" "Mozilla/5.0 (compatible; Googlebot/2.1; +http://www.google.com/bot.html)"
66.249.71.136 - - [21/Oct/2023:18:01:57 +0700] "GET / HTTP/1.1" 302 217 "-" "Mozilla/5.0 (compatible; Googlebot/2.1; +http://www.google.com/bot.html)"
104.250.237.82 - - [21/Oct/2023:19:46:42 +0700] "GET / HTTP/1.1" 302 217 "-" "-"
104.250.237.82 - - [21/Oct/2023:19:46:45 +0700] "GET /wordpress HTTP/1.1" 302 226 "-" "-"
104.250.237.82 - - [21/Oct/2023:19:46:45 +0700] "GET /wp HTTP/1.1" 302 219 "-" "-"
104.250.237.82 - - [21/Oct/2023:19:46:45 +0700] "GET /wp-admin/setup-config.php HTTP/1.1" 302 242 "-" "-"
104.250.237.82 - - [21/Oct/2023:19:46:45 +0700] "GET /wp-admin/install.php HTTP/1.1" 302 237 "-" "-"
104.250.237.82 - - [21/Oct/2023:19:46:46 +0700] "GET /blog HTTP/1.1" 302 221 "-" "-"
104.250.237.82 - - [21/Oct/2023:19:46:46 +0700] "GET /new HTTP/1.1" 302 220 "-" "-"
104.250.237.82 - - [21/Oct/2023:19:46:46 +0700] "GET /old HTTP/1.1" 302 220 "-" "-"
104.250.237.82 - - [21/Oct/2023:19:46:46 +0700] "GET /newsite HTTP/1.1" 302 224 "-" "-"
104.250.237.82 - - [21/Oct/2023:19:46:46 +0700] "GET /test HTTP/1.1" 302 221 "-" "-"
104.250.237.82 - - [21/Oct/2023:19:46:47 +0700] "GET /core HTTP/1.1" 302 221 "-" "-"
104.250.237.82 - - [21/Oct/2023:19:46:47 +0700] "GET /testing HTTP/1.1" 302 224 "-" "-"
104.250.237.82 - - [21/Oct/2023:19:46:47 +0700] "GET /home HTTP/1.1" 302 221 "-" "-"
146.70.168.77 - - [21/Oct/2023:22:38:34 +0700] "GET / HTTP/1.1" 302 217 "-" "Mozilla/5.0 (Windows NT 6.3; Win64; x64; Trident/7.0; Touch; MALNJS; rv:11.0) like Gecko"
66.249.71.137 - - [22/Oct/2023:01:38:52 +0700] "GET / HTTP/1.1" 302 217 "-" "Mozilla/5.0 (compatible; Googlebot/2.1; +http://www.google.com/bot.html)"
66.249.71.137 - - [22/Oct/2023:02:37:29 +0700] "GET / HTTP/1.1" 302 217 "-" "Mozilla/5.0 (compatible; Googlebot/2.1; +http://www.google.com/bot.html)"
66.249.68.6 - - [22/Oct/2023:09:07:56 +0700] "GET /robots.txt HTTP/1.1" 302 227 "-" "Mozilla/5.0 (compatible; Googlebot/2.1; +http://www.google.com/bot.html)"
66.249.71.136 - - [22/Oct/2023:09:07:57 +0700] "GET / HTTP/1.1" 302 217 "-" "Mozilla/5.0 (Linux; Android 6.0.1; Nexus 5X Build/MMB29P) AppleWebKit/537.36 (KHTML, like Gecko) Chrome/118.0.5993.88 Mobile Safari/537.36 (compatible; Googlebot/2.1; +http://www.google.com/bot.html)"
66.249.68.7 - - [22/Oct/2023:10:27:45 +0700] "GET / HTTP/1.1" 302 217 "-" "Mozilla/5.0 (compatible; Googlebot/2.1; +http://www.google.com/bot.html)"
66.249.71.138 - - [22/Oct/2023:10:37:56 +0700] "GET / HTTP/1.1" 302 217 "-" "Mozilla/5.0 (compatible; Googlebot/2.1; +http://www.google.com/bot.html)"
66.249.68.6 - - [22/Oct/2023:11:25:54 +0700] "GET / HTTP/1.1" 302 217 "-" "Mozilla/5.0 (compatible; Googlebot/2.1; +http://www.google.com/bot.html)"
103.131.71.158 - - [22/Oct/2023:11:42:31 +0700] "GET /robots.txt HTTP/1.1" 302 227 "-" "Mozilla/5.0 (compatible; coccocbot-web/1.0; +http://help.coccoc.com/searchengine)"
103.131.71.90 - - [22/Oct/2023:11:42:33 +0700] "GET / HTTP/1.1" 302 217 "-" "Mozilla/5.0 (compatible; coccocbot-web/1.0; +http://help.coccoc.com/searchengine)"
66.249.68.6 - - [22/Oct/2023:17:23:12 +0700] "GET /ads.txt HTTP/1.1" 302 224 "-" "Mozilla/5.0 (compatible; Googlebot/2.1; +http://www.google.com/bot.html)"
66.249.68.7 - - [22/Oct/2023:18:38:04 +0700] "GET / HTTP/1.1" 302 217 "-" "Mozilla/5.0 (compatible; Googlebot/2.1; +http://www.google.com/bot.html)"
66.249.71.137 - - [22/Oct/2023:19:36:57 +0700] "GET / HTTP/1.1" 302 217 "-" "Mozilla/5.0 (compatible; Googlebot/2.1; +http://www.google.com/bot.html)"
51.116.236.34 - - [22/Oct/2023:21:53:22 +0700] "GET /administrator/index.php/wp-login.php HTTP/1.1" 302 253 "http://xaydung.vanlanguni.edu.vn/administrator/index.php" "Mozilla/5.0 (Windows NT 6.1; Win64; x64; rv:94.0) Gecko/20100101 Firefox/94.0"
51.116.236.34 - - [22/Oct/2023:21:53:22 +0700] "GET /administrator/wp-login.php HTTP/1.1" 302 243 "http://xaydung.vanlanguni.edu.vn/administrator" "Mozilla/5.0 (Windows NT 10.0; WOW64; rv:77.0) Gecko/20100101 Firefox/77.0"
51.116.236.34 - - [22/Oct/2023:21:53:23 +0700] "GET /wp-login.php HTTP/1.1" 302 229 "http://xaydung.vanlanguni.edu.vn" "Mozilla/5.0 (Windows NT 10.0; Win64; x64; rv:94.0) Gecko/20100101 Firefox/94.0"
51.116.236.34 - - [22/Oct/2023:21:53:27 +0700] "GET /administrator/index.php/wp-login.php HTTP/1.1" 302 253 "http://xaydung.vanlanguni.edu.vn/administrator/index.php" "Mozilla/5.0 (Windows NT 10.0; rv:78.0) Gecko/20100101 Firefox/78.0"
51.116.236.34 - - [22/Oct/2023:21:53:28 +0700] "GET /administrator/wp-login.php HTTP/1.1" 302 243 "http://xaydung.vanlanguni.edu.vn/administrator" "Mozilla/5.0 (Windows NT 10.0; rv:78.0) Gecko/20100101 Firefox/78.0"
51.116.236.34 - - [22/Oct/2023:21:53:28 +0700] "GET /wp-login.php HTTP/1.1" 302 229 "http://xaydung.vanlanguni.edu.vn" "Mozilla/5.0 (Windows NT 10.0; WOW64; rv:77.0) Gecko/20100101 Firefox/77.0"
103.131.71.93 - - [23/Oct/2023:01:35:59 +0700] "GET /robots.txt HTTP/1.1" 302 227 "-" "Mozilla/5.0 (compatible; coccocbot-web/1.0; +http://help.coccoc.com/searchengine)"
66.249.71.137 - - [23/Oct/2023:02:53:03 +0700] "GET /robots.txt HTTP/1.1" 302 227 "-" "Mozilla/5.0 (compatible; Googlebot/2.1; +http://www.google.com/bot.html)"
66.249.68.7 - - [23/Oct/2023:02:53:03 +0700] "GET / HTTP/1.1" 302 217 "-" "Mozilla/5.0 (compatible; Googlebot/2.1; +http://www.google.com/bot.html)"
66.249.68.6 - - [23/Oct/2023:03:52:54 +0700] "GET / HTTP/1.1" 302 217 "-" "Mozilla/5.0 (compatible; Googlebot/2.1; +http://www.google.com/bot.html)"
51.79.191.39 - - [23/Oct/2023:06:26:59 +0700] "GET /api/index.php/v1/config/application?public=true HTTP/1.1" 302 264 "-" "Mozila/5.0"
51.79.191.39 - - [23/Oct/2023:06:26:59 +0700] "GET /api/index.php/v1/config/application?public=true HTTP/1.1" 302 264 "-" "Mozila/5.0"
66.249.68.5 - - [23/Oct/2023:11:54:04 +0700] "GET / HTTP/1.1" 302 217 "-" "Mozilla/5.0 (compatible; Googlebot/2.1; +http://www.google.com/bot.html)"
66.249.68.6 - - [23/Oct/2023:12:52:15 +0700] "GET / HTTP/1.1" 302 217 "-" "Mozilla/5.0 (compatible; Googlebot/2.1; +http://www.google.com/bot.html)"
103.131.71.21 - - [23/Oct/2023:16:07:38 +0700] "GET /robots.txt HTTP/1.1" 302 227 "-" "Mozilla/5.0 (compatible; coccocbot-image/1.0; +http://help.coccoc.com/searchengine)"
66.249.71.137 - - [23/Oct/2023:16:53:22 +0700] "GET /robots.txt HTTP/1.1" 302 227 "-" "Mozilla/5.0 (compatible; Googlebot/2.1; +http://www.google.com/bot.html)"
66.249.71.137 - - [23/Oct/2023:16:53:28 +0700] "GET /ads.txt HTTP/1.1" 302 224 "-" "Mozilla/5.0 (compatible; Googlebot/2.1; +http://www.google.com/bot.html)"
66.249.71.136 - - [23/Oct/2023:20:53:59 +0700] "GET / HTTP/1.1" 302 217 "-" "Mozilla/5.0 (compatible; Googlebot/2.1; +http://www.google.com/bot.html)"
66.249.71.138 - - [23/Oct/2023:21:53:38 +0700] "GET / HTTP/1.1" 302 217 "-" "Mozilla/5.0 (compatible; Googlebot/2.1; +http://www.google.com/bot.html)"
103.131.71.182 - - [24/Oct/2023:03:01:30 +0700] "GET /robots.txt HTTP/1.1" 302 227 "-" "Mozilla/5.0 (compatible; coccocbot-web/1.0; +http://help.coccoc.com/searchengine)"
103.131.71.85 - - [24/Oct/2023:03:01:31 +0700] "GET / HTTP/1.1" 302 217 "-" "Mozilla/5.0 (compatible; coccocbot-web/1.0; +http://help.coccoc.com/searchengine)"
66.249.71.137 - - [24/Oct/2023:05:15:43 +0700] "GET /robots.txt HTTP/1.1" 302 227 "-" "Mozilla/5.0 (compatible; Googlebot/2.1; +http://www.google.com/bot.html)"
66.249.71.138 - - [24/Oct/2023:05:15:43 +0700] "GET / HTTP/1.1" 302 217 "-" "Mozilla/5.0 (compatible; Googlebot/2.1; +http://www.google.com/bot.html)"
205.210.31.183 - - [24/Oct/2023:05:25:36 +0700] "GET / HTTP/1.1" 302 217 "-" "-"
66.249.68.7 - - [24/Oct/2023:06:14:22 +0700] "GET / HTTP/1.1" 302 217 "-" "Mozilla/5.0 (compatible; Googlebot/2.1; +http://www.google.com/bot.html)"
104.208.25.234 - - [24/Oct/2023:08:06:30 +0700] "GET /robots.txt HTTP/1.1" 302 227 "-" "Mozilla/5.0 (Windows NT 10.0; Win64; x64) AppleWebKit/537.36 (KHTML, like Gecko) Chrome/92.0.4515.131 Safari/537.36"
103.131.71.22 - - [24/Oct/2023:09:16:34 +0700] "GET /robots.txt HTTP/1.1" 302 227 "-" "Mozilla/5.0 (compatible; coccocbot-image/1.0; +http://help.coccoc.com/searchengine)"
205.210.31.86 - - [24/Oct/2023:09:58:07 +0700] "GET / HTTP/1.1" 302 217 "-" "Expanse, a Palo Alto Networks company, searches across the global IPv4 space multiple times per day to identify customers' presences on the Internet. If you would like to be excluded from our scans, please send IP addresses/domains to: scaninfo@paloaltonetworks.com"
66.249.71.137 - - [24/Oct/2023:11:26:55 +0700] "GET / HTTP/1.1" 302 217 "-" "Mozilla/5.0 (compatible; Googlebot/2.1; +http://www.google.com/bot.html)"
103.131.71.186 - - [24/Oct/2023:12:17:09 +0700] "GET /robots.txt HTTP/1.1" 302 227 "-" "Mozilla/5.0 (compatible; coccocbot-web/1.0; +http://help.coccoc.com/searchengine)"
66.249.68.6 - - [24/Oct/2023:12:26:53 +0700] "GET / HTTP/1.1" 302 217 "-" "Mozilla/5.0 (compatible; Googlebot/2.1; +http://www.google.com/bot.html)"
66.249.68.7 - - [24/Oct/2023:16:23:46 +0700] "GET /ads.txt HTTP/1.1" 302 224 "-" "Mozilla/5.0 (compatible; Googlebot/2.1; +http://www.google.com/bot.html)"
66.249.71.136 - - [24/Oct/2023:18:14:59 +0700] "GET /robots.txt HTTP/1.1" 302 227 "-" "Mozilla/5.0 (compatible; Googlebot/2.1; +http://www.google.com/bot.html)"
66.249.68.6 - - [24/Oct/2023:18:14:59 +0700] "GET / HTTP/1.1" 302 217 "-" "Mozilla/5.0 (compatible; Googlebot/2.1; +http://www.google.com/bot.html)"
66.249.68.6 - - [24/Oct/2023:19:14:32 +0700] "GET / HTTP/1.1" 302 217 "-" "Mozilla/5.0 (compatible; Googlebot/2.1; +http://www.google.com/bot.html)"
66.249.71.138 - - [24/Oct/2023:22:18:25 +0700] "GET / HTTP/1.1" 302 217 "-" "Mozilla/5.0 (compatible; Googlebot/2.1; +http://www.google.com/bot.html)"
66.249.71.138 - - [25/Oct/2023:02:42:17 +0700] "GET / HTTP/1.1" 302 217 "-" "Mozilla/5.0 (compatible; Googlebot/2.1; +http://www.google.com/bot.html)"
66.249.71.137 - - [25/Oct/2023:03:40:34 +0700] "GET / HTTP/1.1" 302 217 "-" "Mozilla/5.0 (compatible; Googlebot/2.1; +http://www.google.com/bot.html)"
66.249.71.138 - - [25/Oct/2023:09:03:32 +0700] "GET /robots.txt HTTP/1.1" 302 227 "-" "Mozilla/5.0 (compatible; Googlebot/2.1; +http://www.google.com/bot.html)"
66.249.68.5 - - [25/Oct/2023:09:03:32 +0700] "GET / HTTP/1.1" 302 217 "-" "Mozilla/5.0 (compatible; Googlebot/2.1; +http://www.google.com/bot.html)"
66.249.68.6 - - [25/Oct/2023:10:02:20 +0700] "GET / HTTP/1.1" 302 217 "-" "Mozilla/5.0 (compatible; Googlebot/2.1; +http://www.google.com/bot.html)"
66.249.68.5 - - [25/Oct/2023:11:19:13 +0700] "GET / HTTP/1.1" 302 217 "-" "Mozilla/5.0 (Linux; Android 6.0.1; Nexus 5X Build/MMB29P) AppleWebKit/537.36 (KHTML, like Gecko) Chrome/118.0.5993.88 Mobile Safari/537.36 (compatible; Googlebot/2.1; +http://www.google.com/bot.html)"
66.249.68.5 - - [25/Oct/2023:14:15:41 +0700] "GET / HTTP/1.1" 302 217 "-" "Mozilla/5.0 (Linux; Android 6.0.1; Nexus 5X Build/MMB29P) AppleWebKit/537.36 (KHTML, like Gecko) Chrome/118.0.5993.88 Mobile Safari/537.36 (compatible; Googlebot/2.1; +http://www.google.com/bot.html)"
66.249.71.136 - - [25/Oct/2023:14:15:42 +0700] "GET / HTTP/1.1" 302 217 "-" "Mozilla/5.0 (Linux; Android 6.0.1; Nexus 5X Build/MMB29P) AppleWebKit/537.36 (KHTML, like Gecko) Chrome/118.0.5993.88 Mobile Safari/537.36 (compatible; Googlebot/2.1; +http://www.google.com/bot.html)"
66.249.68.6 - - [25/Oct/2023:14:59:53 +0700] "GET / HTTP/1.1" 302 217 "-" "Mozilla/5.0 (compatible; Googlebot/2.1; +http://www.google.com/bot.html)"
66.249.71.137 - - [25/Oct/2023:15:59:10 +0700] "GET / HTTP/1.1" 302 217 "-" "Mozilla/5.0 (compatible; Googlebot/2.1; +http://www.google.com/bot.html)"
103.131.71.186 - - [25/Oct/2023:16:12:41 +0700] "GET /robots.txt HTTP/1.1" 302 227 "-" "Mozilla/5.0 (compatible; coccocbot-web/1.0; +http://help.coccoc.com/searchengine)"
103.131.71.129 - - [25/Oct/2023:16:12:43 +0700] "GET / HTTP/1.1" 302 217 "-" "Mozilla/5.0 (compatible; coccocbot-web/1.0; +http://help.coccoc.com/searchengine)"
66.249.68.5 - - [25/Oct/2023:16:24:04 +0700] "GET /ads.txt HTTP/1.1" 302 224 "-" "Mozilla/5.0 (compatible; Googlebot/2.1; +http://www.google.com/bot.html)"
66.249.68.7 - - [25/Oct/2023:16:57:34 +0700] "GET / HTTP/1.1" 302 217 "-" "Mozilla/5.0 (compatible; Googlebot/2.1; +http://www.google.com/bot.html)"
138.2.41.172 - - [25/Oct/2023:17:25:27 +0700] "GET /.env HTTP/1.1" 302 221 "-" "Mozilla/5.0 (Macintosh; Intel Mac OS X 10.15; rv:77.0) Gecko/20100101 Firefox/77.0"
66.249.71.137 - - [25/Oct/2023:17:55:52 +0700] "GET / HTTP/1.1" 302 217 "-" "Mozilla/5.0 (compatible; Googlebot/2.1; +http://www.google.com/bot.html)"
88.243.193.123 - - [25/Oct/2023:18:38:15 +0700] "GET / HTTP/1.1" 302 217 "-" "Mozilla/5.0 (Windows NT 10.0; Win64; x64) AppleWebKit/537.36 (KHTML, like Gecko) Chrome/63.0.3239.132 Safari/537.36"
103.131.71.41 - - [25/Oct/2023:19:08:43 +0700] "GET /robots.txt HTTP/1.1" 302 227 "-" "Mozilla/5.0 (compatible; coccocbot-image/1.0; +http://help.coccoc.com/searchengine)"
