66.249.71.138 - - [01/Oct/2023:21:31:03 +0700] "GET / HTTP/1.1" 302 217 "-" "Mozilla/5.0 (compatible; Googlebot/2.1; +http://www.google.com/bot.html)"
103.131.71.37 - - [02/Oct/2023:01:36:11 +0700] "GET /robots.txt HTTP/1.1" 302 227 "-" "Mozilla/5.0 (compatible; coccocbot-image/1.0; +http://help.coccoc.com/searchengine)"
103.131.71.78 - - [02/Oct/2023:01:52:15 +0700] "GET /robots.txt HTTP/1.1" 302 227 "-" "Mozilla/5.0 (compatible; coccocbot-web/1.0; +http://help.coccoc.com/searchengine)"
66.249.71.136 - - [02/Oct/2023:02:14:44 +0700] "GET / HTTP/1.1" 302 217 "-" "Mozilla/5.0 (Linux; Android 6.0.1; Nexus 5X Build/MMB29P) AppleWebKit/537.36 (KHTML, like Gecko) Chrome/117.0.5938.92 Mobile Safari/537.36 (compatible; Googlebot/2.1; +http://www.google.com/bot.html)"
66.249.68.5 - - [02/Oct/2023:02:14:53 +0700] "GET / HTTP/1.1" 302 217 "-" "Mozilla/5.0 (compatible; Googlebot/2.1; +http://www.google.com/bot.html)"
34.248.101.202 - - [02/Oct/2023:02:23:18 +0700] "GET / HTTP/1.0" 302 217 "-" "Mozilla/5.0 (compatible; NetcraftSurveyAgent/1.0; +info@netcraft.com)"
66.249.68.5 - - [02/Oct/2023:02:33:44 +0700] "GET /ads.txt HTTP/1.1" 302 224 "-" "Mozilla/5.0 (compatible; Googlebot/2.1; +http://www.google.com/bot.html)"
111.7.100.31 - - [02/Oct/2023:06:30:30 +0700] "GET / HTTP/1.1" 302 217 "-" "Mozilla/5.0 (Macintosh; Intel Mac OS X 10_15_7) AppleWebKit/537.36 (KHTML, like Gecko) Chrome/96.0.4664.110 Safari/537.36"
66.249.71.138 - - [02/Oct/2023:08:32:02 +0700] "GET /robots.txt HTTP/1.1" 302 227 "-" "Mozilla/5.0 (compatible; Googlebot/2.1; +http://www.google.com/bot.html)"
66.249.71.137 - - [02/Oct/2023:08:32:02 +0700] "GET / HTTP/1.1" 302 217 "-" "Mozilla/5.0 (compatible; Googlebot/2.1; +http://www.google.com/bot.html)"
146.235.215.200 - - [02/Oct/2023:13:00:31 +0700] "GET / HTTP/1.1" 302 217 "-" "Mozilla/5.0 (Windows NT 10.0; Win64; x64) AppleWebKit/537.36 (KHTML, like Gecko) Chrome/88.0.4240.193 Safari/537.36"
10.9.10.188 - - [02/Oct/2023:16:04:57 +0700] "GET / HTTP/1.1" 302 217 "https://www.google.com.vn/" "Mozilla/5.0 (Windows NT 10.0; Win64; x64) AppleWebKit/537.36 (KHTML, like Gecko) Chrome/116.0.0.0 Safari/537.36 Edg/116.0.1938.76"
103.131.71.232 - - [02/Oct/2023:17:56:23 +0700] "GET /robots.txt HTTP/1.1" 302 227 "-" "Mozilla/5.0 (compatible; coccocbot-web/1.0; +http://help.coccoc.com/searchengine)"
103.131.71.60 - - [02/Oct/2023:17:56:25 +0700] "GET / HTTP/1.1" 302 217 "-" "Mozilla/5.0 (compatible; coccocbot-web/1.0; +http://help.coccoc.com/searchengine)"
66.249.68.5 - - [02/Oct/2023:20:32:02 +0700] "GET / HTTP/1.1" 302 217 "-" "Mozilla/5.0 (compatible; Googlebot/2.1; +http://www.google.com/bot.html)"
66.249.68.6 - - [03/Oct/2023:02:03:52 +0700] "GET /robots.txt HTTP/1.1" 302 227 "-" "Mozilla/5.0 (compatible; Googlebot/2.1; +http://www.google.com/bot.html)"
66.249.68.7 - - [03/Oct/2023:02:03:52 +0700] "GET /ads.txt HTTP/1.1" 302 224 "-" "Mozilla/5.0 (compatible; Googlebot/2.1; +http://www.google.com/bot.html)"
35.175.191.46 - - [03/Oct/2023:02:38:20 +0700] "GET /robots.txt HTTP/1.1" 302 227 "-" "CCBot/2.0 (https://commoncrawl.org/faq/)"
35.175.191.46 - - [03/Oct/2023:02:38:20 +0700] "GET / HTTP/1.1" 302 217 "-" "CCBot/2.0 (https://commoncrawl.org/faq/)"
40.77.167.219 - - [03/Oct/2023:02:45:25 +0700] "GET /robots.txt HTTP/1.1" 302 227 "-" "Mozilla/5.0 AppleWebKit/537.36 (KHTML, like Gecko; compatible; bingbot/2.0; +http://www.bing.com/bingbot.htm) Chrome/103.0.5060.134 Safari/537.36"
52.167.144.231 - - [03/Oct/2023:03:49:17 +0700] "GET / HTTP/1.1" 302 217 "-" "Mozilla/5.0 AppleWebKit/537.36 (KHTML, like Gecko; compatible; bingbot/2.0; +http://www.bing.com/bingbot.htm) Chrome/103.0.5060.134 Safari/537.36"
66.249.71.136 - - [03/Oct/2023:04:46:56 +0700] "GET / HTTP/1.1" 302 217 "-" "Mozilla/5.0 (compatible; Googlebot/2.1; +http://www.google.com/bot.html)"
103.131.71.228 - - [03/Oct/2023:05:00:34 +0700] "GET /robots.txt HTTP/1.1" 302 227 "-" "Mozilla/5.0 (compatible; coccocbot-web/1.0; +http://help.coccoc.com/searchengine)"
103.131.71.204 - - [03/Oct/2023:10:19:54 +0700] "GET /robots.txt HTTP/1.1" 302 227 "-" "Mozilla/5.0 (compatible; coccocbot-image/1.0; +http://help.coccoc.com/searchengine)"
66.220.149.11 - - [03/Oct/2023:14:17:58 +0700] "GET /vi/ HTTP/1.1" 302 220 "-" "facebookexternalhit/1.1 (+http://www.facebook.com/externalhit_uatext.php)"
173.252.79.116 - - [03/Oct/2023:14:17:59 +0700] "GET /vi/ HTTP/1.1" 302 220 "-" "facebookexternalhit/1.1 (+http://www.facebook.com/externalhit_uatext.php)"
66.249.68.6 - - [03/Oct/2023:16:46:53 +0700] "GET /robots.txt HTTP/1.1" 302 227 "-" "Mozilla/5.0 (compatible; Googlebot/2.1; +http://www.google.com/bot.html)"
66.249.71.138 - - [03/Oct/2023:16:46:53 +0700] "GET / HTTP/1.1" 302 217 "-" "Mozilla/5.0 (compatible; Googlebot/2.1; +http://www.google.com/bot.html)"
103.131.71.42 - - [03/Oct/2023:20:37:51 +0700] "GET /robots.txt HTTP/1.1" 302 227 "-" "Mozilla/5.0 (compatible; coccocbot-image/1.0; +http://help.coccoc.com/searchengine)"
103.131.71.192 - - [03/Oct/2023:20:39:59 +0700] "GET /robots.txt HTTP/1.1" 302 227 "-" "Mozilla/5.0 (compatible; coccocbot-web/1.0; +http://help.coccoc.com/searchengine)"
103.131.71.137 - - [03/Oct/2023:20:40:01 +0700] "GET / HTTP/1.1" 302 217 "-" "Mozilla/5.0 (compatible; coccocbot-web/1.0; +http://help.coccoc.com/searchengine)"
14.175.235.2 - - [03/Oct/2023:21:03:59 +0700] "GET / HTTP/1.1" 302 217 "https://www.google.com/" "Mozilla/5.0 (Windows NT 10.0; Win64; x64) AppleWebKit/537.36 (KHTML, like Gecko) Chrome/117.0.0.0 Safari/537.36"
103.131.71.19 - - [04/Oct/2023:00:26:25 +0700] "GET /robots.txt HTTP/1.1" 302 227 "-" "Mozilla/5.0 (compatible; coccocbot-image/1.0; +http://help.coccoc.com/searchengine)"
66.249.68.7 - - [04/Oct/2023:01:33:57 +0700] "GET /ads.txt HTTP/1.1" 302 224 "-" "Mozilla/5.0 (compatible; Googlebot/2.1; +http://www.google.com/bot.html)"
66.249.68.6 - - [04/Oct/2023:04:46:52 +0700] "GET / HTTP/1.1" 302 217 "-" "Mozilla/5.0 (compatible; Googlebot/2.1; +http://www.google.com/bot.html)"
66.249.68.7 - - [04/Oct/2023:05:45:00 +0700] "GET /robots.txt HTTP/1.1" 302 227 "-" "Mozilla/5.0 (compatible; Googlebot/2.1; +http://www.google.com/bot.html)"
66.249.68.5 - - [04/Oct/2023:05:45:01 +0700] "GET / HTTP/1.1" 302 217 "-" "Mozilla/5.0 (compatible; Googlebot/2.1; +http://www.google.com/bot.html)"
66.249.71.138 - - [04/Oct/2023:10:37:09 +0700] "GET / HTTP/1.1" 302 217 "-" "Mozilla/5.0 (compatible; Googlebot/2.1; +http://www.google.com/bot.html)"
40.77.167.219 - - [04/Oct/2023:11:34:53 +0700] "GET /robots.txt HTTP/1.1" 302 227 "-" "Mozilla/5.0 AppleWebKit/537.36 (KHTML, like Gecko; compatible; bingbot/2.0; +http://www.bing.com/bingbot.htm) Chrome/103.0.5060.134 Safari/537.36"
66.249.68.5 - - [04/Oct/2023:11:35:19 +0700] "GET / HTTP/1.1" 302 217 "-" "Mozilla/5.0 (compatible; Googlebot/2.1; +http://www.google.com/bot.html)"
20.125.113.151 - - [04/Oct/2023:13:23:58 +0700] "GET /wp-content/plugins/WordPressCore/include.php HTTP/1.1" 302 261 "-" "Mozilla/5.0 (Windows; U; Windows NT 6.1; en-US; rv:1.9.1.5) Gecko/20091102 Firefox/3.5.5 (.NET CLR 3.5.30729)"
157.55.39.11 - - [04/Oct/2023:15:04:53 +0700] "GET / HTTP/1.1" 302 217 "-" "Mozilla/5.0 AppleWebKit/537.36 (KHTML, like Gecko; compatible; bingbot/2.0; +http://www.bing.com/bingbot.htm) Chrome/103.0.5060.134 Safari/537.36"
129.153.208.113 - - [04/Oct/2023:15:54:56 +0700] "GET / HTTP/1.1" 302 217 "-" "Mozilla/5.0 (Windows NT 10.0; Win64; x64) AppleWebKit/537.36 (KHTML, like Gecko) Chrome/88.0.4240.193 Safari/537.36"
66.249.68.5 - - [04/Oct/2023:16:11:26 +0700] "GET / HTTP/1.1" 302 217 "-" "Mozilla/5.0 (compatible; Googlebot/2.1; +http://www.google.com/bot.html)"
66.249.68.5 - - [04/Oct/2023:17:10:07 +0700] "GET / HTTP/1.1" 302 217 "-" "Mozilla/5.0 (compatible; Googlebot/2.1; +http://www.google.com/bot.html)"
66.249.68.5 - - [04/Oct/2023:18:09:10 +0700] "GET /robots.txt HTTP/1.1" 302 227 "-" "Mozilla/5.0 (compatible; Googlebot/2.1; +http://www.google.com/bot.html)"
66.249.71.136 - - [04/Oct/2023:18:09:10 +0700] "GET / HTTP/1.1" 302 217 "-" "Mozilla/5.0 (compatible; Googlebot/2.1; +http://www.google.com/bot.html)"
103.131.71.197 - - [04/Oct/2023:18:16:28 +0700] "GET /robots.txt HTTP/1.1" 302 227 "-" "Mozilla/5.0 (compatible; coccocbot-web/1.0; +http://help.coccoc.com/searchengine)"
66.249.68.7 - - [04/Oct/2023:19:07:21 +0700] "GET / HTTP/1.1" 302 217 "-" "Mozilla/5.0 (compatible; Googlebot/2.1; +http://www.google.com/bot.html)"
66.249.71.138 - - [04/Oct/2023:20:07:03 +0700] "GET / HTTP/1.1" 302 217 "-" "Mozilla/5.0 (compatible; Googlebot/2.1; +http://www.google.com/bot.html)"
66.249.68.6 - - [04/Oct/2023:21:05:19 +0700] "GET / HTTP/1.1" 302 217 "-" "Mozilla/5.0 (compatible; Googlebot/2.1; +http://www.google.com/bot.html)"
42.118.71.73 - - [04/Oct/2023:22:58:56 +0700] "GET / HTTP/1.1" 302 217 "https://www.google.com/" "Mozilla/5.0 (Windows NT 10.0; Win64; x64; rv:109.0) Gecko/20100101 Firefox/118.0"
66.249.68.6 - - [05/Oct/2023:01:20:39 +0700] "GET /ads.txt HTTP/1.1" 302 224 "-" "Mozilla/5.0 (compatible; Googlebot/2.1; +http://www.google.com/bot.html)"
66.249.71.137 - - [05/Oct/2023:01:48:10 +0700] "GET / HTTP/1.1" 302 217 "-" "Mozilla/5.0 (compatible; Googlebot/2.1; +http://www.google.com/bot.html)"
103.131.71.40 - - [05/Oct/2023:02:04:07 +0700] "GET /robots.txt HTTP/1.1" 302 227 "-" "Mozilla/5.0 (compatible; coccocbot-image/1.0; +http://help.coccoc.com/searchengine)"
66.249.68.6 - - [05/Oct/2023:02:49:03 +0700] "GET / HTTP/1.1" 302 217 "-" "Mozilla/5.0 (compatible; Googlebot/2.1; +http://www.google.com/bot.html)"
66.249.68.7 - - [05/Oct/2023:07:10:55 +0700] "GET /robots.txt HTTP/1.1" 302 227 "-" "Mozilla/5.0 (compatible; Googlebot/2.1; +http://www.google.com/bot.html)"
66.249.71.136 - - [05/Oct/2023:07:11:02 +0700] "GET / HTTP/1.1" 302 217 "-" "Mozilla/5.0 (Linux; Android 6.0.1; Nexus 5X Build/MMB29P) AppleWebKit/537.36 (KHTML, like Gecko) Chrome/117.0.5938.132 Mobile Safari/537.36 (compatible; Googlebot/2.1; +http://www.google.com/bot.html)"
66.249.68.7 - - [05/Oct/2023:07:42:18 +0700] "GET / HTTP/1.1" 302 217 "-" "Mozilla/5.0 (compatible; Googlebot/2.1; +http://www.google.com/bot.html)"
66.249.68.5 - - [05/Oct/2023:08:41:16 +0700] "GET / HTTP/1.1" 302 217 "-" "Mozilla/5.0 (compatible; Googlebot/2.1; +http://www.google.com/bot.html)"
66.249.68.7 - - [05/Oct/2023:09:39:24 +0700] "GET / HTTP/1.1" 302 217 "-" "Mozilla/5.0 (compatible; Googlebot/2.1; +http://www.google.com/bot.html)"
66.249.68.6 - - [05/Oct/2023:10:37:38 +0700] "GET / HTTP/1.1" 302 217 "-" "Mozilla/5.0 (compatible; Googlebot/2.1; +http://www.google.com/bot.html)"
66.249.71.136 - - [05/Oct/2023:11:36:35 +0700] "GET / HTTP/1.1" 302 217 "-" "Mozilla/5.0 (compatible; Googlebot/2.1; +http://www.google.com/bot.html)"
66.249.68.5 - - [05/Oct/2023:12:34:47 +0700] "GET / HTTP/1.1" 302 217 "-" "Mozilla/5.0 (compatible; Googlebot/2.1; +http://www.google.com/bot.html)"
103.131.71.103 - - [05/Oct/2023:13:12:23 +0700] "GET /robots.txt HTTP/1.1" 302 227 "-" "Mozilla/5.0 (compatible; coccocbot-web/1.0; +http://help.coccoc.com/searchengine)"
103.131.71.146 - - [05/Oct/2023:13:12:25 +0700] "GET / HTTP/1.1" 302 217 "-" "Mozilla/5.0 (compatible; coccocbot-web/1.0; +http://help.coccoc.com/searchengine)"
66.249.68.6 - - [05/Oct/2023:17:54:44 +0700] "GET / HTTP/1.1" 302 217 "-" "Mozilla/5.0 (compatible; Googlebot/2.1; +http://www.google.com/bot.html)"
66.249.68.5 - - [05/Oct/2023:18:54:04 +0700] "GET / HTTP/1.1" 302 217 "-" "Mozilla/5.0 (compatible; Googlebot/2.1; +http://www.google.com/bot.html)"
66.249.68.7 - - [05/Oct/2023:19:52:22 +0700] "GET /robots.txt HTTP/1.1" 302 227 "-" "Mozilla/5.0 (compatible; Googlebot/2.1; +http://www.google.com/bot.html)"
66.249.68.5 - - [05/Oct/2023:19:52:23 +0700] "GET / HTTP/1.1" 302 217 "-" "Mozilla/5.0 (compatible; Googlebot/2.1; +http://www.google.com/bot.html)"
66.249.68.5 - - [05/Oct/2023:20:50:29 +0700] "GET / HTTP/1.1" 302 217 "-" "Mozilla/5.0 (compatible; Googlebot/2.1; +http://www.google.com/bot.html)"
66.249.71.136 - - [06/Oct/2023:01:20:42 +0700] "GET /ads.txt HTTP/1.1" 302 224 "-" "Mozilla/5.0 (compatible; Googlebot/2.1; +http://www.google.com/bot.html)"
66.249.68.6 - - [06/Oct/2023:02:24:00 +0700] "GET / HTTP/1.1" 302 217 "-" "Mozilla/5.0 (compatible; Googlebot/2.1; +http://www.google.com/bot.html)"
66.249.68.7 - - [06/Oct/2023:03:23:23 +0700] "GET / HTTP/1.1" 302 217 "-" "Mozilla/5.0 (compatible; Googlebot/2.1; +http://www.google.com/bot.html)"
66.249.68.6 - - [06/Oct/2023:04:21:29 +0700] "GET / HTTP/1.1" 302 217 "-" "Mozilla/5.0 (compatible; Googlebot/2.1; +http://www.google.com/bot.html)"
66.249.71.136 - - [06/Oct/2023:04:51:04 +0700] "GET / HTTP/1.1" 302 217 "-" "Mozilla/5.0 (Linux; Android 6.0.1; Nexus 5X Build/MMB29P) AppleWebKit/537.36 (KHTML, like Gecko) Chrome/117.0.5938.132 Mobile Safari/537.36 (compatible; Googlebot/2.1; +http://www.google.com/bot.html)"
66.249.71.137 - - [06/Oct/2023:05:19:32 +0700] "GET / HTTP/1.1" 302 217 "-" "Mozilla/5.0 (compatible; Googlebot/2.1; +http://www.google.com/bot.html)"
66.249.68.6 - - [06/Oct/2023:06:17:38 +0700] "GET / HTTP/1.1" 302 217 "-" "Mozilla/5.0 (compatible; Googlebot/2.1; +http://www.google.com/bot.html)"
150.109.164.95 - - [06/Oct/2023:08:01:38 +0700] "GET / HTTP/1.1" 302 217 "-" "Mozilla/5.0 (Windows NT 10.0; Win64; x64) AppleWebKit/537.36 (KHTML, like Gecko) Chrome/75.0.3770.142 Safari/537.36"
168.61.173.96 - - [06/Oct/2023:08:34:40 +0700] "GET /robots.txt HTTP/1.1" 302 227 "-" "Mozilla/5.0 (Windows NT 10.0; Win64; x64) AppleWebKit/537.36 (KHTML, like Gecko) Chrome/90.0.4430.85 Safari/537.36"
103.131.71.53 - - [06/Oct/2023:10:33:55 +0700] "GET /robots.txt HTTP/1.1" 302 227 "-" "Mozilla/5.0 (compatible; coccocbot-image/1.0; +http://help.coccoc.com/searchengine)"
66.249.71.137 - - [06/Oct/2023:11:49:13 +0700] "GET /robots.txt HTTP/1.1" 302 227 "-" "Mozilla/5.0 (compatible; Googlebot/2.1; +http://www.google.com/bot.html)"
66.249.71.137 - - [06/Oct/2023:11:49:13 +0700] "GET / HTTP/1.1" 302 217 "-" "Mozilla/5.0 (compatible; Googlebot/2.1; +http://www.google.com/bot.html)"
66.249.71.136 - - [06/Oct/2023:12:47:27 +0700] "GET / HTTP/1.1" 302 217 "-" "Mozilla/5.0 (compatible; Googlebot/2.1; +http://www.google.com/bot.html)"
146.235.238.30 - - [06/Oct/2023:13:13:46 +0700] "GET / HTTP/1.1" 302 217 "-" "Mozilla/5.0 (Windows NT 10.0; Win64; x64) AppleWebKit/537.36 (KHTML, like Gecko) Chrome/88.0.4240.193 Safari/537.36"
129.153.208.113 - - [06/Oct/2023:14:14:50 +0700] "GET /.well-known/pki-validation/xmrlpc.php?p= HTTP/1.1" 302 257 "-" "Mozlila/5.0 (Linux; Android 7.0; SM-G892A Bulid/NRD90M; wv) AppleWebKit/537.36 (KHTML, like Gecko) Version/4.0 Chrome/60.0.3112.107 Moblie Safari/537.36"
129.153.208.113 - - [06/Oct/2023:14:19:38 +0700] "GET /.env HTTP/1.1" 302 221 "-" "Mozilla/5.0 (X11; Linux x86_64) AppleWebKit/537.36 (KHTML, like Gecko) Chrome/81.0.4044.129 Safari/537.36"
129.153.208.113 - - [06/Oct/2023:14:19:38 +0700] "POST / HTTP/1.1" 302 217 "-" "Mozilla/5.0 (X11; Linux x86_64) AppleWebKit/537.36 (KHTML, like Gecko) Chrome/81.0.4044.129 Safari/537.36"
129.153.208.113 - - [06/Oct/2023:14:19:39 +0700] "GET /sendgrid/.env HTTP/1.1" 302 230 "-" "Mozilla/5.0 (X11; Linux x86_64) AppleWebKit/537.36 (KHTML, like Gecko) Chrome/81.0.4044.129 Safari/537.36"
129.153.208.113 - - [06/Oct/2023:14:19:39 +0700] "POST / HTTP/1.1" 302 217 "-" "Mozilla/5.0 (X11; Linux x86_64) AppleWebKit/537.36 (KHTML, like Gecko) Chrome/81.0.4044.129 Safari/537.36"
129.153.208.113 - - [06/Oct/2023:14:19:39 +0700] "GET /.env HTTP/1.1" 302 221 "-" "Mozlila/5.0 (Linux; Android 7.0; SM-G892A Bulid/NRD90M; wv) AppleWebKit/537.36 (KHTML, like Gecko) Version/4.0 Chrome/60.0.3112.107 Moblie Safari/537.36"
150.230.33.237 - - [06/Oct/2023:15:54:49 +0700] "GET /wp-content/plugins/ioptimization/IOptimize.php?rchk HTTP/1.1" 302 268 "www.google.com" "Mozlila/5.0 (Linux; Android 7.0; SM-G892A Bulid/NRD90M; wv) AppleWebKit/537.36 (KHTML, like Gecko) Version/4.0 Chrome/60.0.3112.107 Moblie Safari/537.36"
66.249.65.11 - - [06/Oct/2023:18:05:37 +0700] "GET / HTTP/1.1" 302 217 "-" "Mozilla/5.0 (compatible; Googlebot/2.1; +http://www.google.com/bot.html)"
103.131.71.21 - - [06/Oct/2023:19:00:09 +0700] "GET /robots.txt HTTP/1.1" 302 227 "-" "Mozilla/5.0 (compatible; coccocbot-image/1.0; +http://help.coccoc.com/searchengine)"
66.249.65.10 - - [06/Oct/2023:19:03:56 +0700] "GET / HTTP/1.1" 302 217 "-" "Mozilla/5.0 (compatible; Googlebot/2.1; +http://www.google.com/bot.html)"
157.230.114.189 - - [06/Oct/2023:21:51:35 +0700] "GET / HTTP/1.1" 302 217 "-" "Mozilla/5.0 (X11; Linux x86_64) AppleWebKit/537.36 (KHTML, like Gecko) Chrome/108.0.0.0 Safari/537.36"
66.249.65.9 - - [06/Oct/2023:23:50:20 +0700] "GET /robots.txt HTTP/1.1" 302 227 "-" "Mozilla/5.0 (compatible; Googlebot/2.1; +http://www.google.com/bot.html)"
66.249.65.11 - - [06/Oct/2023:23:50:20 +0700] "GET / HTTP/1.1" 302 217 "-" "Mozilla/5.0 (compatible; Googlebot/2.1; +http://www.google.com/bot.html)"
66.249.65.11 - - [07/Oct/2023:00:49:34 +0700] "GET / HTTP/1.1" 302 217 "-" "Mozilla/5.0 (compatible; Googlebot/2.1; +http://www.google.com/bot.html)"
66.249.65.9 - - [07/Oct/2023:00:50:50 +0700] "GET /ads.txt HTTP/1.1" 302 224 "-" "Mozilla/5.0 (compatible; Googlebot/2.1; +http://www.google.com/bot.html)"
14.232.189.25 - - [07/Oct/2023:01:25:00 +0700] "GET / HTTP/1.1" 302 217 "https://www.google.com/" "Mozilla/5.0 (Windows NT 10.0; Win64; x64) AppleWebKit/537.36 (KHTML, like Gecko) Chrome/117.0.0.0 Safari/537.36"
66.249.65.10 - - [07/Oct/2023:04:55:32 +0700] "GET / HTTP/1.1" 302 217 "-" "Mozilla/5.0 (Linux; Android 6.0.1; Nexus 5X Build/MMB29P) AppleWebKit/537.36 (KHTML, like Gecko) Chrome/117.0.5938.132 Mobile Safari/537.36 (compatible; Googlebot/2.1; +http://www.google.com/bot.html)"
66.249.65.9 - - [07/Oct/2023:05:25:24 +0700] "GET / HTTP/1.1" 302 217 "-" "Mozilla/5.0 (compatible; Googlebot/2.1; +http://www.google.com/bot.html)"
66.249.65.11 - - [07/Oct/2023:06:24:27 +0700] "GET / HTTP/1.1" 302 217 "-" "Mozilla/5.0 (compatible; Googlebot/2.1; +http://www.google.com/bot.html)"
66.249.65.9 - - [07/Oct/2023:07:24:30 +0700] "GET / HTTP/1.1" 302 217 "-" "Mozilla/5.0 (compatible; Googlebot/2.1; +http://www.google.com/bot.html)"
66.249.65.9 - - [07/Oct/2023:11:35:23 +0700] "GET / HTTP/1.1" 302 217 "-" "Mozilla/5.0 (compatible; Googlebot/2.1; +http://www.google.com/bot.html)"
66.249.65.10 - - [07/Oct/2023:12:34:36 +0700] "GET /robots.txt HTTP/1.1" 302 227 "-" "Mozilla/5.0 (compatible; Googlebot/2.1; +http://www.google.com/bot.html)"
66.249.65.11 - - [07/Oct/2023:12:34:37 +0700] "GET / HTTP/1.1" 302 217 "-" "Mozilla/5.0 (compatible; Googlebot/2.1; +http://www.google.com/bot.html)"
66.249.71.170 - - [07/Oct/2023:17:18:07 +0700] "GET / HTTP/1.1" 302 217 "-" "Mozilla/5.0 (Linux; Android 6.0.1; Nexus 5X Build/MMB29P) AppleWebKit/537.36 (KHTML, like Gecko) Chrome/117.0.5938.132 Mobile Safari/537.36 (compatible; Googlebot/2.1; +http://www.google.com/bot.html)"
66.249.71.136 - - [07/Oct/2023:17:43:27 +0700] "GET / HTTP/1.1" 302 217 "-" "Mozilla/5.0 (compatible; Googlebot/2.1; +http://www.google.com/bot.html)"
66.249.68.6 - - [07/Oct/2023:18:43:35 +0700] "GET / HTTP/1.1" 302 217 "-" "Mozilla/5.0 (compatible; Googlebot/2.1; +http://www.google.com/bot.html)"
40.77.167.219 - - [07/Oct/2023:18:47:20 +0700] "GET /robots.txt HTTP/1.1" 302 227 "-" "Mozilla/5.0 AppleWebKit/537.36 (KHTML, like Gecko; compatible; bingbot/2.0; +http://www.bing.com/bingbot.htm) Chrome/103.0.5060.134 Safari/537.36"
40.77.167.73 - - [07/Oct/2023:18:47:26 +0700] "GET / HTTP/1.1" 302 217 "-" "Mozilla/5.0 AppleWebKit/537.36 (KHTML, like Gecko; compatible; bingbot/2.0; +http://www.bing.com/bingbot.htm) Chrome/103.0.5060.134 Safari/537.36"
66.249.71.136 - - [07/Oct/2023:23:27:34 +0700] "GET / HTTP/1.1" 302 217 "-" "Mozilla/5.0 (compatible; Googlebot/2.1; +http://www.google.com/bot.html)"
66.249.71.136 - - [08/Oct/2023:00:20:53 +0700] "GET /ads.txt HTTP/1.1" 302 224 "-" "Mozilla/5.0 (compatible; Googlebot/2.1; +http://www.google.com/bot.html)"
66.249.71.136 - - [08/Oct/2023:00:26:41 +0700] "GET / HTTP/1.1" 302 217 "-" "Mozilla/5.0 (compatible; Googlebot/2.1; +http://www.google.com/bot.html)"
103.131.71.70 - - [08/Oct/2023:01:00:21 +0700] "GET /robots.txt HTTP/1.1" 302 227 "-" "Mozilla/5.0 (compatible; coccocbot-web/1.0; +http://help.coccoc.com/searchengine)"
66.249.68.5 - - [08/Oct/2023:05:02:55 +0700] "GET /robots.txt HTTP/1.1" 302 227 "-" "Mozilla/5.0 (compatible; Googlebot/2.1; +http://www.google.com/bot.html)"
66.249.68.5 - - [08/Oct/2023:05:02:55 +0700] "GET / HTTP/1.1" 302 217 "-" "Mozilla/5.0 (compatible; Googlebot/2.1; +http://www.google.com/bot.html)"
66.249.68.7 - - [08/Oct/2023:06:02:15 +0700] "GET / HTTP/1.1" 302 217 "-" "Mozilla/5.0 (compatible; Googlebot/2.1; +http://www.google.com/bot.html)"
66.249.68.6 - - [08/Oct/2023:11:11:01 +0700] "GET / HTTP/1.1" 302 217 "-" "Mozilla/5.0 (compatible; Googlebot/2.1; +http://www.google.com/bot.html)"
66.249.71.138 - - [08/Oct/2023:12:10:07 +0700] "GET / HTTP/1.1" 302 217 "-" "Mozilla/5.0 (compatible; Googlebot/2.1; +http://www.google.com/bot.html)"
66.249.71.138 - - [08/Oct/2023:14:12:43 +0700] "GET / HTTP/1.1" 302 217 "-" "Mozilla/5.0 (Linux; Android 6.0.1; Nexus 5X Build/MMB29P) AppleWebKit/537.36 (KHTML, like Gecko) Chrome/117.0.5938.132 Mobile Safari/537.36 (compatible; Googlebot/2.1; +http://www.google.com/bot.html)"
66.249.71.136 - - [08/Oct/2023:16:54:05 +0700] "GET / HTTP/1.1" 302 217 "-" "Mozilla/5.0 (compatible; Googlebot/2.1; +http://www.google.com/bot.html)"
66.249.71.138 - - [08/Oct/2023:17:09:11 +0700] "GET /robots.txt HTTP/1.1" 302 227 "-" "Mozilla/5.0 (compatible; Googlebot/2.1; +http://www.google.com/bot.html)"
66.249.71.138 - - [08/Oct/2023:17:09:11 +0700] "GET / HTTP/1.1" 302 217 "-" "Mozilla/5.0 (compatible; Googlebot/2.1; +http://www.google.com/bot.html)"
140.238.147.93 - - [08/Oct/2023:17:47:32 +0700] "GET / HTTP/1.1" 302 217 "-" "Mozilla/5.0 (Windows NT 10.0; Win64; x64) AppleWebKit/537.36 (KHTML, like Gecko) Chrome/88.0.4240.193 Safari/537.36"
66.249.68.6 - - [08/Oct/2023:17:52:18 +0700] "GET / HTTP/1.1" 302 217 "-" "Mozilla/5.0 (compatible; Googlebot/2.1; +http://www.google.com/bot.html)"
66.249.68.7 - - [08/Oct/2023:22:49:18 +0700] "GET / HTTP/1.1" 302 217 "-" "Mozilla/5.0 (compatible; Googlebot/2.1; +http://www.google.com/bot.html)"
66.249.68.6 - - [08/Oct/2023:23:49:20 +0700] "GET / HTTP/1.1" 302 217 "-" "Mozilla/5.0 (compatible; Googlebot/2.1; +http://www.google.com/bot.html)"
66.249.71.137 - - [08/Oct/2023:23:50:59 +0700] "GET /ads.txt HTTP/1.1" 302 224 "-" "Mozilla/5.0 (compatible; Googlebot/2.1; +http://www.google.com/bot.html)"
113.173.248.59 - - [09/Oct/2023:00:50:32 +0700] "GET / HTTP/1.1" 302 217 "https://www.google.com/" "Mozilla/5.0 (Windows NT 10.0; Win64; x64) AppleWebKit/537.36 (KHTML, like Gecko) Chrome/117.0.0.0 Safari/537.36"
66.249.71.136 - - [09/Oct/2023:04:58:54 +0700] "GET / HTTP/1.1" 302 217 "-" "Mozilla/5.0 (compatible; Googlebot/2.1; +http://www.google.com/bot.html)"
103.131.71.103 - - [09/Oct/2023:05:29:15 +0700] "GET /robots.txt HTTP/1.1" 302 227 "-" "Mozilla/5.0 (compatible; coccocbot-web/1.0; +http://help.coccoc.com/searchengine)"
103.131.71.102 - - [09/Oct/2023:05:29:17 +0700] "GET / HTTP/1.1" 302 217 "-" "Mozilla/5.0 (compatible; coccocbot-web/1.0; +http://help.coccoc.com/searchengine)"
66.249.71.137 - - [09/Oct/2023:05:57:14 +0700] "GET /robots.txt HTTP/1.1" 302 227 "-" "Mozilla/5.0 (compatible; Googlebot/2.1; +http://www.google.com/bot.html)"
66.249.71.138 - - [09/Oct/2023:05:57:14 +0700] "GET / HTTP/1.1" 302 217 "-" "Mozilla/5.0 (compatible; Googlebot/2.1; +http://www.google.com/bot.html)"
103.131.71.21 - - [09/Oct/2023:09:42:18 +0700] "GET /robots.txt HTTP/1.1" 302 227 "-" "Mozilla/5.0 (compatible; coccocbot-image/1.0; +http://help.coccoc.com/searchengine)"
66.249.68.6 - - [09/Oct/2023:10:40:05 +0700] "GET / HTTP/1.1" 302 217 "-" "Mozilla/5.0 (compatible; Googlebot/2.1; +http://www.google.com/bot.html)"
66.249.71.138 - - [09/Oct/2023:11:39:37 +0700] "GET / HTTP/1.1" 302 217 "-" "Mozilla/5.0 (compatible; Googlebot/2.1; +http://www.google.com/bot.html)"
66.249.68.5 - - [09/Oct/2023:12:40:14 +0700] "GET / HTTP/1.1" 302 217 "-" "Mozilla/5.0 (compatible; Googlebot/2.1; +http://www.google.com/bot.html)"
27.124.53.66 - - [09/Oct/2023:15:29:52 +0700] "GET / HTTP/1.1" 302 217 "https://www.google.com/" "Mozilla/5.0 (Windows NT 6.1; WOW64; rv:54.0) Gecko/20100101 Firefox/68.0"
27.124.53.66 - - [09/Oct/2023:15:30:25 +0700] "GET /components/com_sppagebuilder/assets/js/sppagebuilder.js?5029e51e66aaf58bae66a64ddc4a848b HTTP/1.1" 302 305 "https://www.google.com/" "Mozilla/5.0 (Windows NT 6.1; WOW64; rv:54.0) Gecko/20100101 Firefox/68.0"
27.124.53.66 - - [09/Oct/2023:15:30:25 +0700] "GET /plugins/system/spcookieconsent/assets/js/script.js HTTP/1.1" 302 267 "https://www.google.com/" "Mozilla/5.0 (Windows NT 6.1; WOW64; rv:54.0) Gecko/20100101 Firefox/68.0"
27.124.53.66 - - [09/Oct/2023:15:30:26 +0700] "GET /modules/mod_ap_smart_layerslider/assets/js/jquery.sliderPro.packed.js HTTP/1.1" 302 286 "https://www.google.com/" "Mozilla/5.0 (Windows NT 6.1; WOW64; rv:54.0) Gecko/20100101 Firefox/68.0"
27.124.53.66 - - [09/Oct/2023:15:30:27 +0700] "GET /media/jui/js/jquery-noconflict.js?ea6d93f2e1af77751c9890f39684a4d1 HTTP/1.1" 302 283 "https://www.google.com/" "Mozilla/5.0 (Windows NT 6.1; WOW64; rv:54.0) Gecko/20100101 Firefox/68.0"
27.124.53.66 - - [09/Oct/2023:15:30:28 +0700] "GET /templates/flex/js/main.js HTTP/1.1" 302 242 "https://www.google.com/" "Mozilla/5.0 (Windows NT 6.1; WOW64; rv:54.0) Gecko/20100101 Firefox/68.0"
103.116.72.135 - - [09/Oct/2023:16:15:31 +0700] "GET / HTTP/1.1" 302 217 "-" "Mozilla/5.0 (Windows NT 10.0; WOW64) AppleWebKit/537.36 (KHTML, like Gecko) Chrome/78.0.3904.108 Safari/537.36"
103.116.72.135 - - [09/Oct/2023:16:20:51 +0700] "GET / HTTP/1.1" 302 217 "-" "Mozilla/5.0 (Windows NT 10.0; WOW64) AppleWebKit/537.36 (KHTML, like Gecko) Chrome/78.0.3904.108 Safari/537.36"
103.131.71.19 - - [09/Oct/2023:17:19:17 +0700] "GET /robots.txt HTTP/1.1" 302 227 "-" "Mozilla/5.0 (compatible; coccocbot-image/1.0; +http://help.coccoc.com/searchengine)"
66.249.68.5 - - [09/Oct/2023:17:35:51 +0700] "GET / HTTP/1.1" 302 217 "-" "Mozilla/5.0 (compatible; Googlebot/2.1; +http://www.google.com/bot.html)"
66.249.71.136 - - [09/Oct/2023:18:34:01 +0700] "GET /robots.txt HTTP/1.1" 302 227 "-" "Mozilla/5.0 (compatible; Googlebot/2.1; +http://www.google.com/bot.html)"
66.249.71.138 - - [09/Oct/2023:18:34:01 +0700] "GET / HTTP/1.1" 302 217 "-" "Mozilla/5.0 (compatible; Googlebot/2.1; +http://www.google.com/bot.html)"
66.249.68.6 - - [09/Oct/2023:19:11:40 +0700] "GET / HTTP/1.1" 302 217 "-" "Mozilla/5.0 (Linux; Android 6.0.1; Nexus 5X Build/MMB29P) AppleWebKit/537.36 (KHTML, like Gecko) Chrome/117.0.5938.132 Mobile Safari/537.36 (compatible; Googlebot/2.1; +http://www.google.com/bot.html)"
146.235.197.193 - - [09/Oct/2023:19:16:18 +0700] "GET /wso112233.php HTTP/1.1" 302 230 "www.google.com" "Mozlila/5.0 (Linux; Android 7.0; SM-G892A Bulid/NRD90M; wv) AppleWebKit/537.36 (KHTML, like Gecko) Version/4.0 Chrome/60.0.3112.107 Moblie Safari/537.36"
66.249.68.5 - - [09/Oct/2023:23:21:29 +0700] "GET /ads.txt HTTP/1.1" 302 224 "-" "Mozilla/5.0 (compatible; Googlebot/2.1; +http://www.google.com/bot.html)"
66.249.71.136 - - [09/Oct/2023:23:26:04 +0700] "GET / HTTP/1.1" 302 217 "-" "Mozilla/5.0 (compatible; Googlebot/2.1; +http://www.google.com/bot.html)"
103.131.71.178 - - [10/Oct/2023:00:20:56 +0700] "GET /robots.txt HTTP/1.1" 302 227 "-" "Mozilla/5.0 (compatible; coccocbot-web/1.0; +http://help.coccoc.com/searchengine)"
66.249.68.6 - - [10/Oct/2023:00:24:20 +0700] "GET / HTTP/1.1" 302 217 "-" "Mozilla/5.0 (compatible; Googlebot/2.1; +http://www.google.com/bot.html)"
40.77.167.219 - - [10/Oct/2023:01:19:50 +0700] "GET /robots.txt HTTP/1.1" 302 227 "-" "Mozilla/5.0 AppleWebKit/537.36 (KHTML, like Gecko; compatible; bingbot/2.0; +http://www.bing.com/bingbot.htm) Chrome/103.0.5060.134 Safari/537.36"
52.167.144.231 - - [10/Oct/2023:01:19:58 +0700] "GET / HTTP/1.1" 302 217 "-" "Mozilla/5.0 AppleWebKit/537.36 (KHTML, like Gecko; compatible; bingbot/2.0; +http://www.bing.com/bingbot.htm) Chrome/103.0.5060.134 Safari/537.36"
103.131.71.214 - - [10/Oct/2023:03:15:01 +0700] "GET /robots.txt HTTP/1.1" 302 227 "-" "Mozilla/5.0 (compatible; coccocbot-image/1.0; +http://help.coccoc.com/searchengine)"
103.131.71.209 - - [10/Oct/2023:03:15:03 +0700] "GET /favicon.ico HTTP/1.1" 302 228 "-" "Mozilla/5.0 (compatible; coccocbot-image/1.0; +http://help.coccoc.com/searchengine)"
66.249.71.138 - - [10/Oct/2023:06:08:27 +0700] "GET / HTTP/1.1" 302 217 "-" "Mozilla/5.0 (compatible; Googlebot/2.1; +http://www.google.com/bot.html)"
66.249.68.7 - - [10/Oct/2023:07:07:38 +0700] "GET /robots.txt HTTP/1.1" 302 227 "-" "Mozilla/5.0 (compatible; Googlebot/2.1; +http://www.google.com/bot.html)"
66.249.71.136 - - [10/Oct/2023:07:07:38 +0700] "GET / HTTP/1.1" 302 217 "-" "Mozilla/5.0 (compatible; Googlebot/2.1; +http://www.google.com/bot.html)"
66.249.71.138 - - [10/Oct/2023:08:05:47 +0700] "GET / HTTP/1.1" 302 217 "-" "Mozilla/5.0 (compatible; Googlebot/2.1; +http://www.google.com/bot.html)"
66.249.71.137 - - [10/Oct/2023:09:03:56 +0700] "GET / HTTP/1.1" 302 217 "-" "Mozilla/5.0 (compatible; Googlebot/2.1; +http://www.google.com/bot.html)"
103.131.71.43 - - [10/Oct/2023:12:11:25 +0700] "GET /robots.txt HTTP/1.1" 302 227 "-" "Mozilla/5.0 (compatible; coccocbot-image/1.0; +http://help.coccoc.com/searchengine)"
113.185.73.88 - - [10/Oct/2023:14:20:39 +0700] "GET / HTTP/1.1" 302 217 "https://www.google.com/" "Mozilla/5.0 (iPhone; CPU iPhone OS 15_4_1 like Mac OS X) AppleWebKit/605.1.15 (KHTML, like Gecko) Version/15.4 Mobile/15E148 Safari/604.1"
66.249.68.7 - - [10/Oct/2023:14:21:53 +0700] "GET / HTTP/1.1" 302 217 "-" "Mozilla/5.0 (compatible; Googlebot/2.1; +http://www.google.com/bot.html)"
66.249.71.137 - - [10/Oct/2023:15:21:13 +0700] "GET / HTTP/1.1" 302 217 "-" "Mozilla/5.0 (compatible; Googlebot/2.1; +http://www.google.com/bot.html)"
66.249.71.137 - - [10/Oct/2023:16:20:11 +0700] "GET / HTTP/1.1" 302 217 "-" "Mozilla/5.0 (compatible; Googlebot/2.1; +http://www.google.com/bot.html)"
66.249.64.169 - - [10/Oct/2023:17:18:43 +0700] "GET / HTTP/1.1" 302 217 "-" "Mozilla/5.0 (compatible; Googlebot/2.1; +http://www.google.com/bot.html)"
40.77.167.219 - - [10/Oct/2023:17:49:45 +0700] "GET /robots.txt HTTP/1.1" 302 227 "-" "Mozilla/5.0 AppleWebKit/537.36 (KHTML, like Gecko; compatible; bingbot/2.0; +http://www.bing.com/bingbot.htm) Chrome/103.0.5060.134 Safari/537.36"
52.167.144.181 - - [10/Oct/2023:17:49:51 +0700] "GET / HTTP/1.1" 302 217 "-" "Mozilla/5.0 AppleWebKit/537.36 (KHTML, like Gecko; compatible; bingbot/2.0; +http://www.bing.com/bingbot.htm) Chrome/103.0.5060.134 Safari/537.36"
66.249.64.169 - - [10/Oct/2023:22:51:47 +0700] "GET /robots.txt HTTP/1.1" 302 227 "-" "Mozilla/5.0 (compatible; Googlebot/2.1; +http://www.google.com/bot.html)"
66.249.64.168 - - [10/Oct/2023:22:51:49 +0700] "GET /ads.txt HTTP/1.1" 302 224 "-" "Mozilla/5.0 (compatible; Googlebot/2.1; +http://www.google.com/bot.html)"
66.249.64.168 - - [10/Oct/2023:22:53:16 +0700] "GET / HTTP/1.1" 302 217 "-" "Mozilla/5.0 (compatible; Googlebot/2.1; +http://www.google.com/bot.html)"
66.249.64.170 - - [10/Oct/2023:23:51:33 +0700] "GET / HTTP/1.1" 302 217 "-" "Mozilla/5.0 (compatible; Googlebot/2.1; +http://www.google.com/bot.html)"
171.227.37.46 - - [10/Oct/2023:23:59:01 +0700] "GET / HTTP/1.1" 302 217 "https://www.google.com/" "Mozilla/5.0 (Windows NT 10.0; Win64; x64) AppleWebKit/537.36 (KHTML, like Gecko) Chrome/117.0.0.0 Safari/537.36"
66.249.64.168 - - [11/Oct/2023:00:49:46 +0700] "GET / HTTP/1.1" 302 217 "-" "Mozilla/5.0 (compatible; Googlebot/2.1; +http://www.google.com/bot.html)"
66.249.64.169 - - [11/Oct/2023:01:47:57 +0700] "GET / HTTP/1.1" 302 217 "-" "Mozilla/5.0 (compatible; Googlebot/2.1; +http://www.google.com/bot.html)"
66.249.64.168 - - [11/Oct/2023:07:43:17 +0700] "GET / HTTP/1.1" 302 217 "-" "Mozilla/5.0 (compatible; Googlebot/2.1; +http://www.google.com/bot.html)"
66.249.64.168 - - [11/Oct/2023:08:43:22 +0700] "GET / HTTP/1.1" 302 217 "-" "Mozilla/5.0 (compatible; Googlebot/2.1; +http://www.google.com/bot.html)"
66.249.64.169 - - [11/Oct/2023:09:41:39 +0700] "GET / HTTP/1.1" 302 217 "-" "Mozilla/5.0 (compatible; Googlebot/2.1; +http://www.google.com/bot.html)"
66.249.64.170 - - [11/Oct/2023:10:40:09 +0700] "GET / HTTP/1.1" 302 217 "-" "Mozilla/5.0 (compatible; Googlebot/2.1; +http://www.google.com/bot.html)"
103.131.71.194 - - [11/Oct/2023:13:07:18 +0700] "GET /robots.txt HTTP/1.1" 302 227 "-" "Mozilla/5.0 (compatible; coccocbot-web/1.0; +http://help.coccoc.com/searchengine)"
66.249.64.170 - - [11/Oct/2023:16:00:19 +0700] "GET /robots.txt HTTP/1.1" 302 227 "-" "Mozilla/5.0 (compatible; Googlebot/2.1; +http://www.google.com/bot.html)"
66.249.64.168 - - [11/Oct/2023:16:00:19 +0700] "GET / HTTP/1.1" 302 217 "-" "Mozilla/5.0 (compatible; Googlebot/2.1; +http://www.google.com/bot.html)"
155.248.210.215 - - [11/Oct/2023:16:17:11 +0700] "GET / HTTP/1.1" 302 217 "-" "Mozilla/5.0 (Windows NT 10.0; Win64; x64) AppleWebKit/537.36 (KHTML, like Gecko) Chrome/88.0.4240.193 Safari/537.36"
66.249.64.169 - - [11/Oct/2023:16:59:23 +0700] "GET / HTTP/1.1" 302 217 "-" "Mozilla/5.0 (compatible; Googlebot/2.1; +http://www.google.com/bot.html)"
193.142.146.226 - - [11/Oct/2023:20:58:26 +0700] "GET /wp-content/plugins/core-plugin/include.php HTTP/1.1" 302 259 "www.google.com" "Mozlila/5.0 (Linux; Android 7.0; SM-G892A Bulid/NRD90M; wv) AppleWebKit/537.36 (KHTML, like Gecko) Version/4.0 Chrome/60.0.3112.107 Moblie Safari/537.36"
66.249.71.136 - - [11/Oct/2023:22:21:52 +0700] "GET /ads.txt HTTP/1.1" 302 224 "-" "Mozilla/5.0 (compatible; Googlebot/2.1; +http://www.google.com/bot.html)"
66.249.71.137 - - [11/Oct/2023:22:49:20 +0700] "GET / HTTP/1.1" 302 217 "-" "Mozilla/5.0 (compatible; Googlebot/2.1; +http://www.google.com/bot.html)"
66.249.68.6 - - [11/Oct/2023:23:38:28 +0700] "GET / HTTP/1.1" 302 217 "-" "Mozilla/5.0 (Linux; Android 6.0.1; Nexus 5X Build/MMB29P) AppleWebKit/537.36 (KHTML, like Gecko) Chrome/117.0.5938.132 Mobile Safari/537.36 (compatible; Googlebot/2.1; +http://www.google.com/bot.html)"
66.249.68.7 - - [11/Oct/2023:23:47:53 +0700] "GET / HTTP/1.1" 302 217 "-" "Mozilla/5.0 (compatible; Googlebot/2.1; +http://www.google.com/bot.html)"
43.254.59.190 - - [12/Oct/2023:00:58:18 +0700] "GET /api/index.php/v1/config/application?public=true HTTP/1.1" 302 264 "-" "Mozilla/5.0 (Windows NT 10.0; Win64; x64) AppleWebKit/537.36 (KHTML, like Gecko) Chrome/58.0.3029.110 Safari/537.3"
66.249.71.137 - - [12/Oct/2023:02:55:35 +0700] "GET / HTTP/1.1" 302 217 "-" "Mozilla/5.0 (Linux; Android 6.0.1; Nexus 5X Build/MMB29P) AppleWebKit/537.36 (KHTML, like Gecko) Chrome/117.0.5938.132 Mobile Safari/537.36 (compatible; Googlebot/2.1; +http://www.google.com/bot.html)"
66.249.71.137 - - [12/Oct/2023:02:55:36 +0700] "GET / HTTP/1.1" 302 217 "-" "Mozilla/5.0 (Linux; Android 6.0.1; Nexus 5X Build/MMB29P) AppleWebKit/537.36 (KHTML, like Gecko) Chrome/117.0.5938.132 Mobile Safari/537.36 (compatible; Googlebot/2.1; +http://www.google.com/bot.html)"
103.131.71.18 - - [12/Oct/2023:04:39:29 +0700] "GET /robots.txt HTTP/1.1" 302 227 "-" "Mozilla/5.0 (compatible; coccocbot-image/1.0; +http://help.coccoc.com/searchengine)"
66.249.68.7 - - [12/Oct/2023:05:56:12 +0700] "GET /robots.txt HTTP/1.1" 302 227 "-" "Mozilla/5.0 (compatible; Googlebot/2.1; +http://www.google.com/bot.html)"
66.249.71.137 - - [12/Oct/2023:05:56:13 +0700] "GET / HTTP/1.1" 302 217 "-" "Mozilla/5.0 (compatible; Googlebot/2.1; +http://www.google.com/bot.html)"
66.249.71.137 - - [12/Oct/2023:06:55:20 +0700] "GET / HTTP/1.1" 302 217 "-" "Mozilla/5.0 (compatible; Googlebot/2.1; +http://www.google.com/bot.html)"
66.249.71.138 - - [12/Oct/2023:07:55:24 +0700] "GET / HTTP/1.1" 302 217 "-" "Mozilla/5.0 (compatible; Googlebot/2.1; +http://www.google.com/bot.html)"
66.249.71.137 - - [12/Oct/2023:08:55:45 +0700] "GET / HTTP/1.1" 302 217 "-" "Mozilla/5.0 (compatible; Googlebot/2.1; +http://www.google.com/bot.html)"
159.223.61.189 - - [12/Oct/2023:10:17:05 +0700] "GET / HTTP/1.1" 302 217 "-" "Mozilla/5.0 (Windows NT 10.0; Win64; x64) AppleWebKit/537.36 (KHTML, like Gecko) Chrome/78.0.3904.108 Safari/537.36"
66.249.68.6 - - [12/Oct/2023:14:05:51 +0700] "GET / HTTP/1.1" 302 217 "-" "Mozilla/5.0 (compatible; Googlebot/2.1; +http://www.google.com/bot.html)"
66.249.71.138 - - [12/Oct/2023:15:04:56 +0700] "GET / HTTP/1.1" 302 217 "-" "Mozilla/5.0 (compatible; Googlebot/2.1; +http://www.google.com/bot.html)"
103.131.71.79 - - [12/Oct/2023:15:45:02 +0700] "GET /robots.txt HTTP/1.1" 302 227 "-" "Mozilla/5.0 (compatible; coccocbot-web/1.0; +http://help.coccoc.com/searchengine)"
103.131.71.188 - - [12/Oct/2023:15:45:04 +0700] "GET / HTTP/1.1" 302 217 "-" "Mozilla/5.0 (compatible; coccocbot-web/1.0; +http://help.coccoc.com/searchengine)"
66.249.71.137 - - [12/Oct/2023:16:03:54 +0700] "GET / HTTP/1.1" 302 217 "-" "Mozilla/5.0 (compatible; Googlebot/2.1; +http://www.google.com/bot.html)"
104.224.66.193 - - [12/Oct/2023:21:03:01 +0700] "HEAD / HTTP/1.1" 302 - "-" "Mozilla/5.0 (Windows NT 6.1; WOW64; Trident/7.0; rv:11.0) like Gecko"
104.224.66.193 - - [12/Oct/2023:21:03:02 +0700] "GET / HTTP/1.1" 302 217 "-" "Mozilla/5.0 (Windows NT 6.1; WOW64; Trident/7.0; rv:11.0) like Gecko"
66.249.71.138 - - [12/Oct/2023:21:40:11 +0700] "GET /robots.txt HTTP/1.1" 302 227 "-" "Mozilla/5.0 (compatible; Googlebot/2.1; +http://www.google.com/bot.html)"
66.249.71.137 - - [12/Oct/2023:21:40:11 +0700] "GET / HTTP/1.1" 302 217 "-" "Mozilla/5.0 (compatible; Googlebot/2.1; +http://www.google.com/bot.html)"
66.249.71.136 - - [12/Oct/2023:21:51:59 +0700] "GET /ads.txt HTTP/1.1" 302 224 "-" "Mozilla/5.0 (compatible; Googlebot/2.1; +http://www.google.com/bot.html)"
66.249.71.138 - - [12/Oct/2023:22:38:38 +0700] "GET / HTTP/1.1" 302 217 "-" "Mozilla/5.0 (compatible; Googlebot/2.1; +http://www.google.com/bot.html)"
66.249.68.6 - - [13/Oct/2023:04:23:49 +0700] "GET / HTTP/1.1" 302 217 "-" "Mozilla/5.0 (compatible; Googlebot/2.1; +http://www.google.com/bot.html)"
66.249.68.5 - - [13/Oct/2023:04:36:46 +0700] "GET / HTTP/1.1" 302 217 "-" "Mozilla/5.0 (compatible; Googlebot/2.1; +http://www.google.com/bot.html)"
66.249.71.136 - - [13/Oct/2023:05:36:56 +0700] "GET / HTTP/1.1" 302 217 "-" "Mozilla/5.0 (compatible; Googlebot/2.1; +http://www.google.com/bot.html)"
66.249.68.5 - - [13/Oct/2023:06:35:20 +0700] "GET / HTTP/1.1" 302 217 "-" "Mozilla/5.0 (compatible; Googlebot/2.1; +http://www.google.com/bot.html)"
66.249.71.136 - - [13/Oct/2023:07:33:32 +0700] "GET / HTTP/1.1" 302 217 "-" "Mozilla/5.0 (compatible; Googlebot/2.1; +http://www.google.com/bot.html)"
66.249.71.138 - - [13/Oct/2023:08:31:47 +0700] "GET / HTTP/1.1" 302 217 "-" "Mozilla/5.0 (compatible; Googlebot/2.1; +http://www.google.com/bot.html)"
103.131.71.132 - - [13/Oct/2023:10:38:12 +0700] "GET /robots.txt HTTP/1.1" 302 227 "-" "Mozilla/5.0 (compatible; coccocbot-web/1.0; +http://help.coccoc.com/searchengine)"
66.249.68.5 - - [13/Oct/2023:14:28:48 +0700] "GET /robots.txt HTTP/1.1" 302 227 "-" "Mozilla/5.0 (compatible; Googlebot/2.1; +http://www.google.com/bot.html)"
66.249.68.7 - - [13/Oct/2023:14:28:48 +0700] "GET / HTTP/1.1" 302 217 "-" "Mozilla/5.0 (compatible; Googlebot/2.1; +http://www.google.com/bot.html)"
103.131.71.28 - - [13/Oct/2023:14:29:46 +0700] "GET /robots.txt HTTP/1.1" 302 227 "-" "Mozilla/5.0 (compatible; coccocbot-image/1.0; +http://help.coccoc.com/searchengine)"
66.249.68.6 - - [13/Oct/2023:14:52:43 +0700] "GET / HTTP/1.1" 302 217 "-" "Mozilla/5.0 (Linux; Android 6.0.1; Nexus 5X Build/MMB29P) AppleWebKit/537.36 (KHTML, like Gecko) Chrome/117.0.5938.132 Mobile Safari/537.36 (compatible; Googlebot/2.1; +http://www.google.com/bot.html)"
103.199.57.72 - - [13/Oct/2023:15:04:40 +0700] "GET / HTTP/1.1" 302 217 "https://www.google.com/" "Mozilla/5.0 (Linux; Android 13; CPH2333) AppleWebKit/537.36 (KHTML, like Gecko) Chrome/115.0.5790.167 Mobile Safari/537.36 OPR/77.4.4095.74896"
66.249.68.6 - - [13/Oct/2023:15:22:49 +0700] "GET / HTTP/1.1" 302 217 "-" "Mozilla/5.0 (Linux; Android 6.0.1; Nexus 5X Build/MMB29P) AppleWebKit/537.36 (KHTML, like Gecko) Chrome/117.0.5938.132 Mobile Safari/537.36 (compatible; Googlebot/2.1; +http://www.google.com/bot.html)"
66.249.68.7 - - [13/Oct/2023:15:26:54 +0700] "GET / HTTP/1.1" 302 217 "-" "Mozilla/5.0 (compatible; Googlebot/2.1; +http://www.google.com/bot.html)"
103.154.125.98 - - [13/Oct/2023:16:46:14 +0700] "GET /api/index.php/v1/config/application?public=true HTTP/1.1" 302 264 "-" "Mozila/5.0"
57.128.160.24 - - [13/Oct/2023:18:15:34 +0700] "GET /wso112233.php HTTP/1.1" 302 230 "www.google.com" "Mozlila/5.0 (Linux; Android 7.0; SM-G892A Bulid/NRD90M; wv) AppleWebKit/537.36 (KHTML, like Gecko) Version/4.0 Chrome/60.0.3112.107 Moblie Safari/537.36"
103.154.125.98 - - [13/Oct/2023:18:37:05 +0700] "GET / HTTP/1.1" 302 217 "-" "Mozila/5.0"
103.154.125.98 - - [13/Oct/2023:18:37:08 +0700] "GET /api/index.php/v1/config/application?public=true HTTP/1.1" 302 264 "-" "Mozila/5.0"
66.249.71.136 - - [13/Oct/2023:20:57:48 +0700] "GET / HTTP/1.1" 302 217 "-" "Mozilla/5.0 (compatible; Googlebot/2.1; +http://www.google.com/bot.html)"
104.207.138.232 - - [13/Oct/2023:20:58:43 +0700] "GET / HTTP/1.1" 302 217 "-" "python-requests/2.22.0"
66.249.71.137 - - [13/Oct/2023:21:22:08 +0700] "GET /ads.txt HTTP/1.1" 302 224 "-" "Mozilla/5.0 (compatible; Googlebot/2.1; +http://www.google.com/bot.html)"
66.249.68.6 - - [13/Oct/2023:21:55:58 +0700] "GET / HTTP/1.1" 302 217 "-" "Mozilla/5.0 (compatible; Googlebot/2.1; +http://www.google.com/bot.html)"
66.249.68.7 - - [14/Oct/2023:03:39:13 +0700] "GET /robots.txt HTTP/1.1" 302 227 "-" "Mozilla/5.0 (compatible; Googlebot/2.1; +http://www.google.com/bot.html)"
66.249.71.137 - - [14/Oct/2023:03:39:13 +0700] "GET / HTTP/1.1" 302 217 "-" "Mozilla/5.0 (compatible; Googlebot/2.1; +http://www.google.com/bot.html)"
66.249.68.6 - - [14/Oct/2023:03:51:33 +0700] "GET / HTTP/1.1" 302 217 "-" "Mozilla/5.0 (compatible; Googlebot/2.1; +http://www.google.com/bot.html)"
66.249.68.7 - - [14/Oct/2023:04:49:56 +0700] "GET / HTTP/1.1" 302 217 "-" "Mozilla/5.0 (compatible; Googlebot/2.1; +http://www.google.com/bot.html)"
103.131.71.73 - - [14/Oct/2023:05:33:36 +0700] "GET /robots.txt HTTP/1.1" 302 227 "-" "Mozilla/5.0 (compatible; coccocbot-web/1.0; +http://help.coccoc.com/searchengine)"
103.131.71.237 - - [14/Oct/2023:05:33:38 +0700] "GET / HTTP/1.1" 302 217 "-" "Mozilla/5.0 (compatible; coccocbot-web/1.0; +http://help.coccoc.com/searchengine)"
218.50.86.56 - - [14/Oct/2023:08:31:48 +0700] "GET / HTTP/1.1" 302 217 "https://www.google.com/" "Mozilla/5.0 (Windows NT 10.0; Win64; x64) AppleWebKit/537.36 (KHTML, like Gecko) Chrome/116.0.0.0 Whale/3.22.205.26 Safari/537.36"
40.77.167.181 - - [14/Oct/2023:09:08:04 +0700] "GET /robots.txt HTTP/1.1" 302 227 "-" "Mozilla/5.0 AppleWebKit/537.36 (KHTML, like Gecko; compatible; bingbot/2.0; +http://www.bing.com/bingbot.htm) Chrome/103.0.5060.134 Safari/537.36"
52.167.144.145 - - [14/Oct/2023:09:08:14 +0700] "GET / HTTP/1.1" 302 217 "-" "Mozilla/5.0 AppleWebKit/537.36 (KHTML, like Gecko; compatible; bingbot/2.0; +http://www.bing.com/bingbot.htm) Chrome/103.0.5060.134 Safari/537.36"
205.210.31.97 - - [14/Oct/2023:09:44:48 +0700] "GET / HTTP/1.1" 302 217 "-" "Expanse, a Palo Alto Networks company, searches across the global IPv4 space multiple times per day to identify customers' presences on the Internet. If you would like to be excluded from our scans, please send IP addresses/domains to: scaninfo@paloaltonetworks.com"
66.249.71.138 - - [14/Oct/2023:10:42:35 +0700] "GET / HTTP/1.1" 302 217 "-" "Mozilla/5.0 (compatible; Googlebot/2.1; +http://www.google.com/bot.html)"
66.249.71.137 - - [14/Oct/2023:11:42:09 +0700] "GET / HTTP/1.1" 302 217 "-" "Mozilla/5.0 (compatible; Googlebot/2.1; +http://www.google.com/bot.html)"
103.131.71.58 - - [14/Oct/2023:12:10:19 +0700] "GET /robots.txt HTTP/1.1" 302 227 "-" "Mozilla/5.0 (compatible; coccocbot-web/1.0; +http://help.coccoc.com/searchengine)"
38.128.156.245 - - [14/Oct/2023:15:30:37 +0700] "HEAD / HTTP/1.1" 302 - "-" "Mozilla/5.0 (compatible; MSIE 9.0; Windows NT 6.0; Trident/5.0)"
38.128.156.245 - - [14/Oct/2023:15:30:39 +0700] "GET / HTTP/1.1" 302 217 "-" "Mozilla/5.0 (compatible; MSIE 9.0; Windows NT 6.0; Trident/5.0)"
66.249.71.136 - - [14/Oct/2023:16:50:28 +0700] "GET /robots.txt HTTP/1.1" 302 227 "-" "Mozilla/5.0 (compatible; Googlebot/2.1; +http://www.google.com/bot.html)"
66.249.68.7 - - [14/Oct/2023:16:50:29 +0700] "GET / HTTP/1.1" 302 217 "-" "Mozilla/5.0 (compatible; Googlebot/2.1; +http://www.google.com/bot.html)"
66.249.68.6 - - [14/Oct/2023:17:49:34 +0700] "GET / HTTP/1.1" 302 217 "-" "Mozilla/5.0 (compatible; Googlebot/2.1; +http://www.google.com/bot.html)"
89.234.157.254 - - [14/Oct/2023:19:30:36 +0700] "GET /wp-login.php HTTP/1.1" 302 229 "-" "Mozilla/5.0 (Windows NT 5.1) AppleWebKit/537.36 (KHTML, like Gecko) Chrome/34.0.1847.116 Safari/537.36 Mozilla/5.0 (iPad; U; CPU OS 3_2 like Mac OS X; en-us) AppleWebKit/531.21.10 (KHTML, like Gecko) Version/4.0.4 Mobile/7B334b Safari/531.21.10"
66.249.71.136 - - [14/Oct/2023:20:52:16 +0700] "GET /ads.txt HTTP/1.1" 302 224 "-" "Mozilla/5.0 (compatible; Googlebot/2.1; +http://www.google.com/bot.html)"
66.249.71.137 - - [14/Oct/2023:23:39:36 +0700] "GET / HTTP/1.1" 302 217 "-" "Mozilla/5.0 (compatible; Googlebot/2.1; +http://www.google.com/bot.html)"
66.249.68.5 - - [15/Oct/2023:00:37:46 +0700] "GET / HTTP/1.1" 302 217 "-" "Mozilla/5.0 (compatible; Googlebot/2.1; +http://www.google.com/bot.html)"
66.249.68.7 - - [15/Oct/2023:01:35:57 +0700] "GET / HTTP/1.1" 302 217 "-" "Mozilla/5.0 (compatible; Googlebot/2.1; +http://www.google.com/bot.html)"
66.249.71.136 - - [15/Oct/2023:02:34:23 +0700] "GET / HTTP/1.1" 302 217 "-" "Mozilla/5.0 (compatible; Googlebot/2.1; +http://www.google.com/bot.html)"
66.249.68.5 - - [15/Oct/2023:03:17:29 +0700] "GET / HTTP/1.1" 302 217 "-" "Mozilla/5.0 (Linux; Android 6.0.1; Nexus 5X Build/MMB29P) AppleWebKit/537.36 (KHTML, like Gecko) Chrome/117.0.5938.132 Mobile Safari/537.36 (compatible; Googlebot/2.1; +http://www.google.com/bot.html)"
66.249.68.6 - - [15/Oct/2023:03:17:30 +0700] "GET / HTTP/1.1" 302 217 "-" "Mozilla/5.0 (Linux; Android 6.0.1; Nexus 5X Build/MMB29P) AppleWebKit/537.36 (KHTML, like Gecko) Chrome/117.0.5938.132 Mobile Safari/537.36 (compatible; Googlebot/2.1; +http://www.google.com/bot.html)"
66.249.68.7 - - [15/Oct/2023:03:32:29 +0700] "GET / HTTP/1.1" 302 217 "-" "Mozilla/5.0 (compatible; Googlebot/2.1; +http://www.google.com/bot.html)"
66.249.71.136 - - [15/Oct/2023:04:02:15 +0700] "GET / HTTP/1.1" 302 217 "-" "Mozilla/5.0 (Linux; Android 6.0.1; Nexus 5X Build/MMB29P) AppleWebKit/537.36 (KHTML, like Gecko) Chrome/117.0.5938.132 Mobile Safari/537.36 (compatible; Googlebot/2.1; +http://www.google.com/bot.html)"
66.249.68.6 - - [15/Oct/2023:04:02:16 +0700] "GET / HTTP/1.1" 302 217 "-" "Mozilla/5.0 (Linux; Android 6.0.1; Nexus 5X Build/MMB29P) AppleWebKit/537.36 (KHTML, like Gecko) Chrome/117.0.5938.132 Mobile Safari/537.36 (compatible; Googlebot/2.1; +http://www.google.com/bot.html)"
66.249.71.136 - - [15/Oct/2023:04:24:38 +0700] "GET / HTTP/1.1" 302 217 "-" "Mozilla/5.0 (compatible; Googlebot/2.1; +http://www.google.com/bot.html)"
66.249.71.137 - - [15/Oct/2023:04:24:39 +0700] "GET / HTTP/1.1" 302 217 "-" "Mozilla/5.0 (compatible; Googlebot/2.1; +http://www.google.com/bot.html)"
66.249.71.136 - - [15/Oct/2023:04:30:38 +0700] "GET / HTTP/1.1" 302 217 "-" "Mozilla/5.0 (compatible; Googlebot/2.1; +http://www.google.com/bot.html)"
66.249.71.137 - - [15/Oct/2023:05:29:11 +0700] "GET /robots.txt HTTP/1.1" 302 227 "-" "Mozilla/5.0 (compatible; Googlebot/2.1; +http://www.google.com/bot.html)"
66.249.68.6 - - [15/Oct/2023:05:29:11 +0700] "GET / HTTP/1.1" 302 217 "-" "Mozilla/5.0 (compatible; Googlebot/2.1; +http://www.google.com/bot.html)"
66.249.71.137 - - [15/Oct/2023:06:27:20 +0700] "GET / HTTP/1.1" 302 217 "-" "Mozilla/5.0 (compatible; Googlebot/2.1; +http://www.google.com/bot.html)"
35.208.174.206 - - [15/Oct/2023:07:59:41 +0700] "HEAD / HTTP/1.1" 302 - "-" "scalaj-http/2.4.2"
35.208.174.206 - - [15/Oct/2023:07:59:41 +0700] "GET / HTTP/1.1" 302 217 "-" "Buck/2.3.2; (+https://app.hypefactors.com/media-monitoring/about.html)"
35.208.174.206 - - [15/Oct/2023:07:59:47 +0700] "GET /sitemap.xml HTTP/1.1" 302 228 "-" "Buck/2.3.2; (+https://app.hypefactors.com/media-monitoring/about.html)"
103.131.71.54 - - [15/Oct/2023:09:04:35 +0700] "GET /robots.txt HTTP/1.1" 302 227 "-" "Mozilla/5.0 (compatible; coccocbot-web/1.0; +http://help.coccoc.com/searchengine)"
103.131.71.192 - - [15/Oct/2023:09:04:37 +0700] "GET / HTTP/1.1" 302 217 "-" "Mozilla/5.0 (compatible; coccocbot-web/1.0; +http://help.coccoc.com/searchengine)"
66.249.71.136 - - [15/Oct/2023:12:03:10 +0700] "GET / HTTP/1.1" 302 217 "-" "Mozilla/5.0 (compatible; Googlebot/2.1; +http://www.google.com/bot.html)"
66.249.68.7 - - [15/Oct/2023:13:02:33 +0700] "GET / HTTP/1.1" 302 217 "-" "Mozilla/5.0 (compatible; Googlebot/2.1; +http://www.google.com/bot.html)"
66.249.71.136 - - [15/Oct/2023:14:00:49 +0700] "GET / HTTP/1.1" 302 217 "-" "Mozilla/5.0 (compatible; Googlebot/2.1; +http://www.google.com/bot.html)"
198.235.24.177 - - [15/Oct/2023:16:02:44 +0700] "GET / HTTP/1.1" 302 217 "-" "-"
66.249.68.6 - - [15/Oct/2023:19:18:20 +0700] "GET /robots.txt HTTP/1.1" 302 227 "-" "Mozilla/5.0 (compatible; Googlebot/2.1; +http://www.google.com/bot.html)"
66.249.68.6 - - [15/Oct/2023:19:18:21 +0700] "GET / HTTP/1.1" 302 217 "-" "Mozilla/5.0 (compatible; Googlebot/2.1; +http://www.google.com/bot.html)"
66.249.71.202 - - [15/Oct/2023:20:17:18 +0700] "GET / HTTP/1.1" 302 217 "-" "Mozilla/5.0 (compatible; Googlebot/2.1; +http://www.google.com/bot.html)"
66.249.71.137 - - [15/Oct/2023:20:52:21 +0700] "GET /ads.txt HTTP/1.1" 302 224 "-" "Mozilla/5.0 (compatible; Googlebot/2.1; +http://www.google.com/bot.html)"
